000
CDUS43 KGRR 070518
CLILAN


CLIMATE REPORT
NATIONAL WEATHER SERVICE GRAND RAPIDS, MI
118 AM EDT THU SEP 7 2017


...................................

...THE LANSING MI CLIMATE SUMMARY FOR SEPTEMBER 6 2017...

CLIMATE NORMAL PERIOD 1981 TO 2010
CLIMATE RECORD PERIOD 1864 TO 2017


WEATHER ITEM   OBSERVED TIME   RECORD YEAR NORMAL DEPARTURE LAST
                VALUE   (LST)  VALUE       VALUE  FROM      YEAR
                                                  NORMAL
..................................................................
TEMPERATURE (F)
 YESTERDAY
  MAXIMUM         67    215 PM  97    1881  76     -9       90
  MINIMUM         43    618 AM  34    1962  55    -12       73
  AVERAGE         55                        66    -11       82

PRECIPITATION (IN)
  YESTERDAY        T             1.53 1969   0.10  -0.10     0.00
  MONTH TO DATE    0.13                      0.67  -0.54     0.00
  SINCE SEP 1      0.13                      0.67  -0.54     0.00
  SINCE JAN 1     25.43                     21.76   3.67    23.48

SNOWFALL (IN)
  YESTERDAY        0.0           0.0    MM   0.0    0.0      0.0
  MONTH TO DATE    0.0                       0.0    0.0      0.0
  SINCE SEP 1      0.0                       0.0    0.0      0.0
  SINCE JUL 1      0.0                       0.0    0.0      0.0
  SNOW DEPTH       0

DEGREE DAYS
 HEATING
  YESTERDAY       10                         2      8        0
  MONTH TO DATE   28                        12     16        4
  SINCE SEP 1     28                        12     16        4
  SINCE JUL 1     57                        47     10        7

 COOLING
  YESTERDAY        0                         3     -3       17
  MONTH TO DATE    8                        21    -13       25
  SINCE SEP 1      8                        21    -13       25
  SINCE JAN 1    642                       578     64      791
..................................................................


WIND (MPH)
  RESULTANT WIND SPEED   3   RESULTANT WIND DIRECTION  NW (300)
  HIGHEST WIND SPEED    17   HIGHEST WIND DIRECTION     W (260)
  HIGHEST GUST SPEED    20   HIGHEST GUST DIRECTION     W (260)
  AVERAGE WIND SPEED     4.6


SKY COVER
  AVERAGE SKY COVER 0.3


WEATHER CONDITIONS
 THE FOLLOWING WEATHER WAS RECORDED YESTERDAY.
  LIGHT RAIN
  FOG


RELATIVE HUMIDITY (PERCENT)
 HIGHEST    93           300 AM
 LOWEST     43           100 PM
 AVERAGE    68

..........................................................


THE LANSING MI CLIMATE NORMALS FOR TODAY
                         NORMAL    RECORD    YEAR
 MAXIMUM TEMPERATURE (F)   76        94      1960
                                             1899
                                             1874
 MINIMUM TEMPERATURE (F)   55        35      1873


SUNRISE AND SUNSET
SEPTEMBER  7 2017.....SUNRISE   710 AM EDT   SUNSET   802 PM EDT
SEPTEMBER  8 2017.....SUNRISE   711 AM EDT   SUNSET   800 PM EDT


-  INDICATES NEGATIVE NUMBERS.
R  INDICATES RECORD WAS SET OR TIED.
MM INDICATES DATA IS MISSING.
T  INDICATES TRACE AMOUNT.




$$
