000
CDUS43 KGRR 190523
CLILAN


CLIMATE REPORT
NATIONAL WEATHER SERVICE GRAND RAPIDS, MI
1217 AM EST THU FEB 19 2015


...................................

...THE LANSING MI CLIMATE SUMMARY FOR FEBRUARY 18 2015...

CLIMATE NORMAL PERIOD 1981 TO 2010
CLIMATE RECORD PERIOD 1864 TO 2015


WEATHER ITEM   OBSERVED TIME   RECORD YEAR NORMAL DEPARTURE LAST
                VALUE   (LST)  VALUE       VALUE  FROM      YEAR
                                                  NORMAL
..................................................................
TEMPERATURE (F)
 YESTERDAY
  MAXIMUM         13    318 PM  56    2011  34    -21       42
  MINIMUM         -2   1139 PM -26    1875  19    -21       16
  AVERAGE          6                        26    -20       29

PRECIPITATION (IN)
  YESTERDAY        T             0.84 1926   0.05  -0.05     0.08
  MONTH TO DATE    0.81                      0.87  -0.06     1.06
  SINCE DEC 1      3.72                      4.39  -0.67     5.10
  SINCE JAN 1      2.16                      2.52  -0.36     3.22

SNOWFALL (IN)
  YESTERDAY        0.1           8.5  1926   0.4   -0.3      0.8
  MONTH TO DATE   13.4                       7.7    5.7     16.3
  SINCE DEC 1     26.1                      34.5   -8.4     55.6
  SINCE JUL 1     32.3                      38.3   -6.0     56.3
  SNOW DEPTH       9

DEGREE DAYS
 HEATING
  YESTERDAY       59                        39     20       36
  MONTH TO DATE  916                       723    193      907
  SINCE DEC 1   3323                      3149    174     3653
  SINCE JUL 1   4919                      4563    356     5099

 COOLING
  YESTERDAY        0                         0      0        0
  MONTH TO DATE    0                         0      0        0
  SINCE DEC 1      0                         0      0        0
  SINCE JAN 1      0                         0      0        0
..................................................................


WIND (MPH)
  RESULTANT WIND SPEED   7   RESULTANT WIND DIRECTION   W (270)
  HIGHEST WIND SPEED    21   HIGHEST WIND DIRECTION    NW (300)
  HIGHEST GUST SPEED    26   HIGHEST GUST DIRECTION     W (290)
  AVERAGE WIND SPEED    10.0


SKY COVER
  AVERAGE SKY COVER 0.6


WEATHER CONDITIONS
 THE FOLLOWING WEATHER WAS RECORDED YESTERDAY.
  HEAVY SNOW
  SNOW
  LIGHT SNOW
  FOG
  HAZE
  BLOWING SNOW


RELATIVE HUMIDITY (PERCENT)
 HIGHEST    88           600 AM
 LOWEST     53           300 PM
 AVERAGE    71

..........................................................


THE LANSING MI CLIMATE NORMALS FOR TODAY
                         NORMAL    RECORD    YEAR
 MAXIMUM TEMPERATURE (F)   34        60      1994
 MINIMUM TEMPERATURE (F)   19       -21      1978


SUNRISE AND SUNSET
FEBRUARY 19 2015......SUNRISE   730 AM EST   SUNSET   615 PM EST
FEBRUARY 20 2015......SUNRISE   729 AM EST   SUNSET   616 PM EST


-  INDICATES NEGATIVE NUMBERS.
R  INDICATES RECORD WAS SET OR TIED.
MM INDICATES DATA IS MISSING.
T  INDICATES TRACE AMOUNT.




$$

CAS
