436
CDUS43 KGRR 170516
CLILAN


CLIMATE REPORT
NATIONAL WEATHER SERVICE GRAND RAPIDS, MI
116 AM EDT SAT SEP 17 2016


...................................

...THE LANSING MI CLIMATE SUMMARY FOR SEPTEMBER 16 2016...

CLIMATE NORMAL PERIOD 1981 TO 2010
CLIMATE RECORD PERIOD 1864 TO 2016


WEATHER ITEM   OBSERVED TIME   RECORD YEAR NORMAL DEPARTURE LAST
                VALUE   (LST)  VALUE       VALUE  FROM      YEAR
                                                  NORMAL
..................................................................
TEMPERATURE (F)
 YESTERDAY
  MAXIMUM         79    320 PM  92    1939  73      6       81
  MINIMUM         53   1235 AM  24    1868  51      2       57
  AVERAGE         66                        62      4       69

PRECIPITATION (IN)
  YESTERDAY        0.00          2.28 2010   0.13  -0.13     0.00
  MONTH TO DATE    0.79                      1.82  -1.03     0.57
  SINCE SEP 1      0.79                      1.82  -1.03     0.57
  SINCE JAN 1     24.27                     22.91   1.36    26.90

SNOWFALL (IN)
  YESTERDAY        0.0           0.0    MM   0.0    0.0      0.0
  MONTH TO DATE    0.0                       0.0    0.0      0.0
  SINCE SEP 1      0.0                       0.0    0.0      0.0
  SINCE JUL 1      0.0                       0.0    0.0      0.0
  SNOW DEPTH       0

DEGREE DAYS
 HEATING
  YESTERDAY        0                         5     -5        0
  MONTH TO DATE   10                        50    -40       28
  SINCE SEP 1     10                        50    -40       28
  SINCE JUL 1     13                        85    -72       59

 COOLING
  YESTERDAY        1                         2     -1        4
  MONTH TO DATE   62                        45     17      100
  SINCE SEP 1     62                        45     17      100
  SINCE JAN 1    828                       602    226      593
..................................................................


WIND (MPH)
  RESULTANT WIND SPEED   9   RESULTANT WIND DIRECTION  SE (150)
  HIGHEST WIND SPEED    16   HIGHEST WIND DIRECTION    SE (150)
  HIGHEST GUST SPEED    21   HIGHEST GUST DIRECTION     S (180)
  AVERAGE WIND SPEED     9.4


SKY COVER
  AVERAGE SKY COVER 0.1


WEATHER CONDITIONS
 THE FOLLOWING WEATHER WAS RECORDED YESTERDAY.
  NO SIGNIFICANT WEATHER WAS OBSERVED.


RELATIVE HUMIDITY (PERCENT)
 HIGHEST    86           100 AM
 LOWEST     45           200 PM
 AVERAGE    66

..........................................................


THE LANSING MI CLIMATE NORMALS FOR TODAY
                         NORMAL    RECORD    YEAR
 MAXIMUM TEMPERATURE (F)   72        93      1955
                                             1906
 MINIMUM TEMPERATURE (F)   51        26      1875
                                             1868


SUNRISE AND SUNSET
SEPTEMBER 17 2016.....SUNRISE   721 AM EDT   SUNSET   744 PM EDT
SEPTEMBER 18 2016.....SUNRISE   722 AM EDT   SUNSET   742 PM EDT


-  INDICATES NEGATIVE NUMBERS.
R  INDICATES RECORD WAS SET OR TIED.
MM INDICATES DATA IS MISSING.
T  INDICATES TRACE AMOUNT.




$$
