000
CDUS43 KGRR 160520
CLILAN


CLIMATE REPORT
NATIONAL WEATHER SERVICE GRAND RAPIDS, MI
120 AM EDT SUN JUL 16 2017


...................................

...THE LANSING MI CLIMATE SUMMARY FOR JULY 15 2017...

CLIMATE NORMAL PERIOD 1981 TO 2010
CLIMATE RECORD PERIOD 1864 TO 2017


WEATHER ITEM   OBSERVED TIME   RECORD YEAR NORMAL DEPARTURE LAST
                VALUE   (LST)  VALUE       VALUE  FROM      YEAR
                                                  NORMAL
..................................................................
TEMPERATURE (F)
 YESTERDAY
  MAXIMUM         82    531 PM  99    1977  83     -1       77
  MINIMUM         59    544 AM  31    1863  61     -2       62
  AVERAGE         71                        72     -1       70

PRECIPITATION (IN)
  YESTERDAY        0.00          2.23 1955   0.08  -0.08      T
  MONTH TO DATE    2.64                      1.37   1.27     1.87
  SINCE JUN 1      6.39                      4.82   1.57     2.46
  SINCE JAN 1     23.45                     16.39   7.06    15.37

SNOWFALL (IN)
  YESTERDAY        0.0           0.0    MM   0.0    0.0      0.0
  MONTH TO DATE    0.0                       0.0    0.0      0.0
  SINCE JUN 1      0.0                       0.0    0.0      0.0
  SINCE JUL 1      0.0                       0.0    0.0      0.0
  SNOW DEPTH       0

DEGREE DAYS
 HEATING
  YESTERDAY        0                         0      0        0
  MONTH TO DATE    0                         2     -2        3
  SINCE JUN 1     13                        57    -44       37
  SINCE JUL 1      0                         2     -2        3

 COOLING
  YESTERDAY        6                         7     -1        5
  MONTH TO DATE  142                       105     37      117
  SINCE JUN 1    347                       237    110      265
  SINCE JAN 1    382                       278    104      327
..................................................................


WIND (MPH)
  RESULTANT WIND SPEED   5   RESULTANT WIND DIRECTION   W (270)
  HIGHEST WIND SPEED    17   HIGHEST WIND DIRECTION     W (260)
  HIGHEST GUST SPEED    20   HIGHEST GUST DIRECTION     W (250)
  AVERAGE WIND SPEED     6.7


SKY COVER
  AVERAGE SKY COVER 0.1


WEATHER CONDITIONS
 THE FOLLOWING WEATHER WAS RECORDED YESTERDAY.
  FOG


RELATIVE HUMIDITY (PERCENT)
 HIGHEST    84           200 AM
 LOWEST     43           300 PM
 AVERAGE    64

..........................................................


THE LANSING MI CLIMATE NORMALS FOR TODAY
                         NORMAL    RECORD    YEAR
 MAXIMUM TEMPERATURE (F)   83        98      1988
                                             1895
 MINIMUM TEMPERATURE (F)   61        39      1896
                                             1865


SUNRISE AND SUNSET
JULY 16 2017..........SUNRISE   615 AM EDT   SUNSET   914 PM EDT
JULY 17 2017..........SUNRISE   616 AM EDT   SUNSET   913 PM EDT


-  INDICATES NEGATIVE NUMBERS.
R  INDICATES RECORD WAS SET OR TIED.
MM INDICATES DATA IS MISSING.
T  INDICATES TRACE AMOUNT.




$$
