000
CDUS43 KGRR 190520
CLILAN


CLIMATE REPORT
NATIONAL WEATHER SERVICE GRAND RAPIDS, MI
117 AM EDT TUE APR 19 2016


...................................

...THE LANSING MI CLIMATE SUMMARY FOR APRIL 18 2016...

CLIMATE NORMAL PERIOD 1981 TO 2010
CLIMATE RECORD PERIOD 1864 TO 2016


WEATHER ITEM   OBSERVED TIME   RECORD YEAR NORMAL DEPARTURE LAST
                VALUE   (LST)  VALUE       VALUE  FROM      YEAR
                                                  NORMAL
..................................................................
TEMPERATURE (F)
 YESTERDAY
  MAXIMUM         81    352 PM  86    2002  59     22       70
  MINIMUM         50    627 AM   8    1875  38     12       45
  AVERAGE         66                        48     18       58

PRECIPITATION (IN)
  YESTERDAY        0.00          2.53 1975   0.10  -0.10     0.00
  MONTH TO DATE    1.27                      1.84  -0.57     0.81
  SINCE MAR 1      5.52                      3.90   1.62     1.55
  SINCE JAN 1      8.68                      7.02   1.66     3.80

SNOWFALL (IN)
  YESTERDAY        0.0           1.0  1875   0.1   -0.1      0.0
  MONTH TO DATE    7.5                       1.6    5.9      0.0
  SINCE MAR 1     16.4                       8.6    7.8      1.9
  SINCE JUL 1     50.0                      50.8   -0.8     35.6
  SNOW DEPTH       0

DEGREE DAYS
 HEATING
  YESTERDAY        0                        17    -17        7
  MONTH TO DATE  425                       360     65      287
  SINCE MAR 1   1188                      1289   -101     1278
  SINCE JUL 1   5348                      6224   -876     6772

 COOLING
  YESTERDAY        1                         0      1        0
  MONTH TO DATE    1                         0      1        0
  SINCE MAR 1      1                         1      0        0
  SINCE JAN 1      1                         1      0        0
..................................................................


WIND (MPH)
  RESULTANT WIND SPEED   5   RESULTANT WIND DIRECTION   W (280)
  HIGHEST WIND SPEED    18   HIGHEST WIND DIRECTION    NE (50)
  HIGHEST GUST SPEED    25   HIGHEST GUST DIRECTION    NE (50)
  AVERAGE WIND SPEED     7.1


SKY COVER
  AVERAGE SKY COVER 0.0


WEATHER CONDITIONS
 THE FOLLOWING WEATHER WAS RECORDED YESTERDAY.
  NO SIGNIFICANT WEATHER WAS OBSERVED.


RELATIVE HUMIDITY (PERCENT)
 HIGHEST    68           700 AM
 LOWEST     25           300 PM
 AVERAGE    47

..........................................................


THE LANSING MI CLIMATE NORMALS FOR TODAY
                         NORMAL    RECORD    YEAR
 MAXIMUM TEMPERATURE (F)   59        81      2005
                                             1985
                                             1958
 MINIMUM TEMPERATURE (F)   38        14      1897


SUNRISE AND SUNSET
APRIL 19 2016.........SUNRISE   650 AM EDT   SUNSET   826 PM EDT
APRIL 20 2016.........SUNRISE   648 AM EDT   SUNSET   827 PM EDT


-  INDICATES NEGATIVE NUMBERS.
R  INDICATES RECORD WAS SET OR TIED.
MM INDICATES DATA IS MISSING.
T  INDICATES TRACE AMOUNT.




$$
