000
CDUS43 KGRR 122135
CLILAN


CLIMATE REPORT
NATIONAL WEATHER SERVICE GRAND RAPIDS, MI
532 PM EDT SUN OCT 12 2014


...................................

...THE LANSING MI CLIMATE SUMMARY FOR OCTOBER 12 2014...
VALID TODAY AS OF 0500 PM LOCAL TIME.

CLIMATE NORMAL PERIOD 1981 TO 2010
CLIMATE RECORD PERIOD 1864 TO 2014


WEATHER ITEM   OBSERVED TIME   RECORD YEAR NORMAL DEPARTURE LAST
                VALUE   (LST)  VALUE       VALUE  FROM      YEAR
                                                  NORMAL
..................................................................
TEMPERATURE (F)
 TODAY
  MAXIMUM         61    348 PM  85    1879  61      0       78
  MINIMUM         32    634 AM  20    1869  42    -10       47
  AVERAGE         47                        52     -5       63

PRECIPITATION (IN)
  TODAY            0.00          3.02 1901   0.09  -0.09      T
  MONTH TO DATE    2.43                      1.05   1.38     1.01
  SINCE SEP 1      4.97                      4.55   0.42     1.99
  SINCE JAN 1     32.19                     25.64   6.55    34.91

SNOWFALL (IN)
  TODAY            0.0           1.5  2006   0.0    0.0      0.0
  MONTH TO DATE    0.0                       0.1   -0.1      0.0
  SINCE SEP 1      0.0                       0.1   -0.1      0.0
  SINCE JUL 1      0.0                       0.1   -0.1      0.0
  SNOW DEPTH       0

DEGREE DAYS
 HEATING
  TODAY           18                        14      4        2
  MONTH TO DATE  169                       142     27       55
  SINCE SEP 1    329                       295     34      211
  SINCE JUL 1    369                       330     39      246

 COOLING
  TODAY            0                         0      0        0
  MONTH TO DATE    0                         4     -4       10
  SINCE SEP 1     43                        65    -22       73
  SINCE JAN 1    488                       622   -134      661
..................................................................


WIND (MPH)
  RESULTANT WIND SPEED   6   RESULTANT WIND DIRECTION  SE (130)
  HIGHEST WIND SPEED    18   HIGHEST WIND DIRECTION    SE (140)
  HIGHEST GUST SPEED    26   HIGHEST GUST DIRECTION    SE (130)
  AVERAGE WIND SPEED     6.7


SKY COVER
  AVERAGE SKY COVER 0.0


WEATHER CONDITIONS
 THE FOLLOWING WEATHER WAS RECORDED TODAY.
  NO SIGNIFICANT WEATHER WAS OBSERVED.


RELATIVE HUMIDITY (PERCENT)
 HIGHEST    89           500 AM
 LOWEST     42           400 PM
 AVERAGE    66

..........................................................


THE LANSING MI CLIMATE NORMALS FOR TOMORROW
                         NORMAL    RECORD    YEAR
 MAXIMUM TEMPERATURE (F)   61        83      1975
                                             1899
 MINIMUM TEMPERATURE (F)   41        16      1874


SUNRISE AND SUNSET
OCTOBER 12 2014.......SUNRISE   748 AM EDT   SUNSET   701 PM EDT
OCTOBER 13 2014.......SUNRISE   749 AM EDT   SUNSET   659 PM EDT


-  INDICATES NEGATIVE NUMBERS.
R  INDICATES RECORD WAS SET OR TIED.
MM INDICATES DATA IS MISSING.
T  INDICATES TRACE AMOUNT.




$$

63
