000
CDUS43 KGRR 210523
CLILAN


CLIMATE REPORT
NATIONAL WEATHER SERVICE GRAND RAPIDS, MI
123 AM EDT FRI AUG 21 2015


...................................

...THE LANSING MI CLIMATE SUMMARY FOR AUGUST 20 2015...

CLIMATE NORMAL PERIOD 1981 TO 2010
CLIMATE RECORD PERIOD 1864 TO 2015


WEATHER ITEM   OBSERVED TIME   RECORD YEAR NORMAL DEPARTURE LAST
                VALUE   (LST)  VALUE       VALUE  FROM      YEAR
                                                  NORMAL
..................................................................
TEMPERATURE (F)
 YESTERDAY
  MAXIMUM         71   1216 PM  98    1916  80     -9       81
  MINIMUM         58   1049 PM  33    1885  59     -1       64
  AVERAGE         65                        70     -5       73

PRECIPITATION (IN)
  YESTERDAY        0.22          2.53 2007   0.10   0.12      T
  MONTH TO DATE    5.63                      2.11   3.52     3.92
  SINCE JUN 1     17.09                      8.40   8.69    15.18
  SINCE JAN 1     25.14                     19.97   5.17    26.39

SNOWFALL (IN)
  YESTERDAY        0.0           0.0    MM   0.0    0.0      0.0
  MONTH TO DATE    0.0                       0.0    0.0      0.0
  SINCE JUN 1      0.0                       0.0    0.0      0.0
  SINCE JUL 1      0.0                       0.0    0.0      0.0
  SNOW DEPTH       0

DEGREE DAYS
 HEATING
  YESTERDAY        0                         1     -1        0
  MONTH TO DATE    0                        16    -16       10
  SINCE JUN 1     48                        82    -34       63
  SINCE JUL 1     12                        27    -15       39

 COOLING
  YESTERDAY        0                         5     -5        8
  MONTH TO DATE  144                       117     27       75
  SINCE JUN 1    411                       462    -51      326
  SINCE JAN 1    470                       503    -33      365
..................................................................


WIND (MPH)
  RESULTANT WIND SPEED  13   RESULTANT WIND DIRECTION  SW (240)
  HIGHEST WIND SPEED    26   HIGHEST WIND DIRECTION     W (250)
  HIGHEST GUST SPEED    35   HIGHEST GUST DIRECTION     W (250)
  AVERAGE WIND SPEED    13.0


SKY COVER
  AVERAGE SKY COVER 0.9


WEATHER CONDITIONS
 THE FOLLOWING WEATHER WAS RECORDED YESTERDAY.
  RAIN
  LIGHT RAIN


RELATIVE HUMIDITY (PERCENT)
 HIGHEST    93          1200 AM
 LOWEST     59          1200 PM
 AVERAGE    76

..........................................................


THE LANSING MI CLIMATE NORMALS FOR TODAY
                         NORMAL    RECORD    YEAR
 MAXIMUM TEMPERATURE (F)   80        99      1955
 MINIMUM TEMPERATURE (F)   59        38      1894


SUNRISE AND SUNSET
AUGUST 21 2015........SUNRISE   651 AM EDT   SUNSET   831 PM EDT
AUGUST 22 2015........SUNRISE   652 AM EDT   SUNSET   830 PM EDT


-  INDICATES NEGATIVE NUMBERS.
R  INDICATES RECORD WAS SET OR TIED.
MM INDICATES DATA IS MISSING.
T  INDICATES TRACE AMOUNT.




$$
