567
CDUS43 KGRR 272240
CLILAN


CLIMATE REPORT
NATIONAL WEATHER SERVICE GRAND RAPIDS, MI
540 PM EST SUN NOV 27 2016


...................................

...THE LANSING MI CLIMATE SUMMARY FOR NOVEMBER 27 2016...
VALID TODAY AS OF 0500 PM LOCAL TIME.

CLIMATE NORMAL PERIOD 1981 TO 2010
CLIMATE RECORD PERIOD 1864 TO 2016


WEATHER ITEM   OBSERVED TIME   RECORD YEAR NORMAL DEPARTURE LAST
                VALUE   (LST)  VALUE       VALUE  FROM      YEAR
                                                  NORMAL
..................................................................
TEMPERATURE (F)
 TODAY
  MAXIMUM         46    311 PM  65    1990  41      5       60
  MINIMUM         30    813 AM   5    1930  29      1       32
  AVERAGE         38                        35      3       46

PRECIPITATION (IN)
  TODAY            0.00          2.12 1990   0.09  -0.09     0.48
  MONTH TO DATE    2.44                      2.53  -0.09     1.93
  SINCE SEP 1      8.99                      8.56   0.43     5.47
  SINCE JAN 1     32.47                     29.65   2.82    31.80

SNOWFALL (IN)
  TODAY            0.0           9.0  1889   0.2   -0.2      0.0
  MONTH TO DATE    T                         2.7   -2.7      8.2
  SINCE SEP 1      T                         3.1   -3.1      8.2
  SINCE JUL 1      T                         3.1   -3.1      8.2
  SNOW DEPTH       0

DEGREE DAYS
 HEATING
  TODAY           27                        30     -3       19
  MONTH TO DATE  529                       671   -142      502
  SINCE SEP 1    919                      1286   -367      973
  SINCE JUL 1    922                      1321   -399     1004

 COOLING
  TODAY            0                         0      0        0
  MONTH TO DATE    0                         0      0        0
  SINCE SEP 1    103                        68     35      122
  SINCE JAN 1    869                       625    244      615
..................................................................


WIND (MPH)
  RESULTANT WIND SPEED   6   RESULTANT WIND DIRECTION   S (190)
  HIGHEST WIND SPEED    13   HIGHEST WIND DIRECTION     S (200)
  HIGHEST GUST SPEED    17   HIGHEST GUST DIRECTION     S (200)
  AVERAGE WIND SPEED     6.4


SKY COVER
  AVERAGE SKY COVER 0.4


WEATHER CONDITIONS
 THE FOLLOWING WEATHER WAS RECORDED TODAY.
  FOG
  HAZE


RELATIVE HUMIDITY (PERCENT)
 HIGHEST    92           600 AM
 LOWEST     70           300 PM
 AVERAGE    81

..........................................................


THE LANSING MI CLIMATE NORMALS FOR TOMORROW
                         NORMAL    RECORD    YEAR
 MAXIMUM TEMPERATURE (F)   41        71      1905
 MINIMUM TEMPERATURE (F)   28         0      1891


SUNRISE AND SUNSET
NOVEMBER 27 2016......SUNRISE   745 AM EST   SUNSET   507 PM EST
NOVEMBER 28 2016......SUNRISE   746 AM EST   SUNSET   506 PM EST


-  INDICATES NEGATIVE NUMBERS.
R  INDICATES RECORD WAS SET OR TIED.
MM INDICATES DATA IS MISSING.
T  INDICATES TRACE AMOUNT.




$$
