000
CDUS43 KGRR 210518
CLILAN


CLIMATE REPORT
NATIONAL WEATHER SERVICE GRAND RAPIDS, MI
1218 AM EST WED JAN 21 2015


...................................

...THE LANSING MI CLIMATE SUMMARY FOR JANUARY 20 2015...

CLIMATE NORMAL PERIOD 1981 TO 2010
CLIMATE RECORD PERIOD 1864 TO 2015


WEATHER ITEM   OBSERVED TIME   RECORD YEAR NORMAL DEPARTURE LAST
                VALUE   (LST)  VALUE       VALUE  FROM      YEAR
                                                  NORMAL
..................................................................
TEMPERATURE (F)
 YESTERDAY
  MAXIMUM         31    302 PM  62    1906  30      1       30
  MINIMUM         25    841 AM -16    1888  16      9        9
  AVERAGE         28                        23      5       20

PRECIPITATION (IN)
  YESTERDAY        0.07          1.23 1974   0.05   0.02     0.01
  MONTH TO DATE    1.14                      1.14   0.00     1.74
  SINCE DEC 1      2.70                      3.01  -0.31     3.62
  SINCE JAN 1      1.14                      1.14   0.00     1.74

SNOWFALL (IN)
  YESTERDAY        0.8           7.8  1959   0.4    0.4      0.3
  MONTH TO DATE    8.5                       9.0   -0.5     17.1
  SINCE DEC 1     10.0                      22.0  -12.0     32.9
  SINCE JUL 1     16.2                      25.8   -9.6     33.6
  SNOW DEPTH       3

DEGREE DAYS
 HEATING
  YESTERDAY       37                        42     -5       45
  MONTH TO DATE  925                       831     94      922
  SINCE DEC 1   1954                      1969    -15     2139
  SINCE JUL 1   3550                      3383    167     3585

 COOLING
  YESTERDAY        0                         0      0        0
  MONTH TO DATE    0                         0      0        0
  SINCE DEC 1      0                         0      0        0
  SINCE JAN 1      0                         0      0        0
..................................................................


WIND (MPH)
  RESULTANT WIND SPEED   6   RESULTANT WIND DIRECTION  NE (60)
  HIGHEST WIND SPEED    12   HIGHEST WIND DIRECTION    NE (40)
  HIGHEST GUST SPEED    13   HIGHEST GUST DIRECTION    NE (30)
  AVERAGE WIND SPEED     6.6


SKY COVER
  AVERAGE SKY COVER 1.0


WEATHER CONDITIONS
 THE FOLLOWING WEATHER WAS RECORDED YESTERDAY.
  SNOW
  LIGHT SNOW
  FOG
  HAZE


RELATIVE HUMIDITY (PERCENT)
 HIGHEST    92           200 AM
 LOWEST     78           200 PM
 AVERAGE    85

..........................................................


THE LANSING MI CLIMATE NORMALS FOR TODAY
                         NORMAL    RECORD    YEAR
 MAXIMUM TEMPERATURE (F)   30        60      1906
 MINIMUM TEMPERATURE (F)   16       -19      1883


SUNRISE AND SUNSET
JANUARY 21 2015.......SUNRISE   803 AM EST   SUNSET   537 PM EST
JANUARY 22 2015.......SUNRISE   802 AM EST   SUNSET   538 PM EST


-  INDICATES NEGATIVE NUMBERS.
R  INDICATES RECORD WAS SET OR TIED.
MM INDICATES DATA IS MISSING.
T  INDICATES TRACE AMOUNT.




$$
