000
CDUS43 KGRR 142129
CLILAN


CLIMATE REPORT
NATIONAL WEATHER SERVICE GRAND RAPIDS, MI
528 PM EDT TUE OCT 14 2014


...................................

...THE LANSING MI CLIMATE SUMMARY FOR OCTOBER 14 2014...
VALID TODAY AS OF 0500 PM LOCAL TIME.

CLIMATE NORMAL PERIOD 1981 TO 2010
CLIMATE RECORD PERIOD 1864 TO 2014


WEATHER ITEM   OBSERVED TIME   RECORD YEAR NORMAL DEPARTURE LAST
                VALUE   (LST)  VALUE       VALUE  FROM      YEAR
                                                  NORMAL
..................................................................
TEMPERATURE (F)
 TODAY
  MAXIMUM         70    321 AM  83    1989  61      9       62
                                      1956
  MINIMUM         61    359 PM  20    1894  41     20       38
  AVERAGE         66                        51     15       50

PRECIPITATION (IN)
  TODAY            0.62          1.30 1893   0.08   0.54     0.00
  MONTH TO DATE    3.18                      1.21   1.97     1.01
  SINCE SEP 1      5.72                      4.71   1.01     1.99
  SINCE JAN 1     32.94                     25.80   7.14    34.91

SNOWFALL (IN)
  TODAY            0.0           0.1  1983   0.0    0.0      0.0
  MONTH TO DATE    0.0                       0.1   -0.1      0.0
  SINCE SEP 1      0.0                       0.1   -0.1      0.0
  SINCE JUL 1      0.0                       0.1   -0.1      0.0
  SNOW DEPTH       0

DEGREE DAYS
 HEATING
  TODAY            0                        14    -14       15
  MONTH TO DATE  174                       170      4       82
  SINCE SEP 1    334                       323     11      238
  SINCE JUL 1    374                       358     16      273

 COOLING
  TODAY            1                         0      1        0
  MONTH TO DATE    1                         4     -3       10
  SINCE SEP 1     44                        65    -21       73
  SINCE JAN 1    489                       622   -133      661
..................................................................


WIND (MPH)
  RESULTANT WIND SPEED  12   RESULTANT WIND DIRECTION   S (160)
  HIGHEST WIND SPEED    22   HIGHEST WIND DIRECTION    SE (150)
  HIGHEST GUST SPEED    30   HIGHEST GUST DIRECTION     S (160)
  AVERAGE WIND SPEED    14.3


SKY COVER
  AVERAGE SKY COVER 0.8


WEATHER CONDITIONS
 THE FOLLOWING WEATHER WAS RECORDED TODAY.
  HEAVY RAIN
  RAIN
  LIGHT RAIN
  FOG


RELATIVE HUMIDITY (PERCENT)
 HIGHEST   100           400 PM
 LOWEST     70           400 AM
 AVERAGE    85

..........................................................


THE LANSING MI CLIMATE NORMALS FOR TOMORROW
                         NORMAL    RECORD    YEAR
 MAXIMUM TEMPERATURE (F)   60        86      1897
 MINIMUM TEMPERATURE (F)   41        21      1869


SUNRISE AND SUNSET
OCTOBER 14 2014.......SUNRISE   750 AM EDT   SUNSET   658 PM EDT
OCTOBER 15 2014.......SUNRISE   752 AM EDT   SUNSET   656 PM EDT


-  INDICATES NEGATIVE NUMBERS.
R  INDICATES RECORD WAS SET OR TIED.
MM INDICATES DATA IS MISSING.
T  INDICATES TRACE AMOUNT.




$$

CAS
