000
CDUS43 KGRR 071335
CLILAN


CLIMATE REPORT
NATIONAL WEATHER SERVICE GRAND RAPIDS, MI
934 AM EDT SUN SEP 7 2014


...................................

...THE LANSING MI CLIMATE SUMMARY FOR SEPTEMBER 7 2014...
VALID AS OF 0900 AM LOCAL TIME.

CLIMATE NORMAL PERIOD 1981 TO 2010
CLIMATE RECORD PERIOD 1864 TO 2014


WEATHER ITEM   OBSERVED TIME   RECORD YEAR NORMAL DEPARTURE LAST
                VALUE   (LST)  VALUE       VALUE  FROM      YEAR
                                                  NORMAL
..................................................................
TEMPERATURE (F)
 TODAY
  MAXIMUM         59    759 AM  94    1960  76    -17       80
                                      1899
                                      1874
  MINIMUM         49    605 AM  35    1873  55     -6       62
  AVERAGE         54                        65    -11       71

PRECIPITATION (IN)
  TODAY            0.00          1.51 1884   0.11  -0.11     0.07
  MONTH TO DATE    1.00                      0.78   0.22     0.07
  SINCE SEP 1      1.00                      0.78   0.22     0.07
  SINCE JAN 1     28.22                     21.87   6.35    32.99

SNOWFALL (IN)
  TODAY            0.0           0.0    MM   0.0    0.0      0.0
  MONTH TO DATE    0.0                       0.0    0.0      0.0
  SINCE SEP 1      0.0                       0.0    0.0      0.0
  SINCE JUL 1      0.0                       0.0    0.0      0.0
  SNOW DEPTH       0

DEGREE DAYS
 HEATING
  TODAY           11                         3      8        0
  MONTH TO DATE   12                        15     -3        7
  SINCE SEP 1     12                        15     -3        7
  SINCE JUL 1     52                        50      2       42

 COOLING
  TODAY            0                         3     -3        6
  MONTH TO DATE   36                        24     12       19
  SINCE SEP 1     36                        24     12       19
  SINCE JAN 1    481                       581   -100      607
..................................................................


WIND (MPH)
  HIGHEST WIND SPEED     3   HIGHEST WIND DIRECTION     W (260)
  HIGHEST GUST SPEED     3   HIGHEST GUST DIRECTION    SE (130)



WEATHER CONDITIONS
 THE FOLLOWING WEATHER WAS RECORDED TODAY.
  NO SIGNIFICANT WEATHER WAS OBSERVED.


..........................................................




SUNRISE AND SUNSET
SEPTEMBER  7 2014.....SUNRISE   709 AM EDT   SUNSET   802 PM EDT
SEPTEMBER  8 2014.....SUNRISE   711 AM EDT   SUNSET   801 PM EDT


-  INDICATES NEGATIVE NUMBERS.
R  INDICATES RECORD WAS SET OR TIED.
MM INDICATES DATA IS MISSING.
T  INDICATES TRACE AMOUNT.




$$

JAM
