000
CDUS43 KGRR 170532
CLILAN


CLIMATE REPORT
NATIONAL WEATHER SERVICE GRAND RAPIDS, MI
132 AM EDT WED AUG 17 2016


...................................

...THE LANSING MI CLIMATE SUMMARY FOR AUGUST 16 2016...

CLIMATE NORMAL PERIOD 1981 TO 2010
CLIMATE RECORD PERIOD 1864 TO 2016


WEATHER ITEM   OBSERVED TIME   RECORD YEAR NORMAL DEPARTURE LAST
                VALUE   (LST)  VALUE       VALUE  FROM      YEAR
                                                  NORMAL
..................................................................
TEMPERATURE (F)
 YESTERDAY
  MAXIMUM         83    528 PM  96    1913  80      3       88
  MINIMUM         69    913 AM  34    1879  60      9       68
  AVERAGE         76                        70      6       78

PRECIPITATION (IN)
  YESTERDAY        1.76R         1.63 1915   0.11   1.65     0.00
  MONTH TO DATE    5.06                      1.69   3.37     4.92
  SINCE JUN 1      9.00                      7.98   1.02    16.38
  SINCE JAN 1     21.91                     19.55   2.36    24.43

SNOWFALL (IN)
  YESTERDAY        0.0           0.0    MM   0.0    0.0      0.0
  MONTH TO DATE    0.0                       0.0    0.0      0.0
  SINCE JUN 1      0.0                       0.0    0.0      0.0
  SINCE JUL 1      0.0                       0.0    0.0      0.0
  SNOW DEPTH       0

DEGREE DAYS
 HEATING
  YESTERDAY        0                         1     -1        0
  MONTH TO DATE    0                        12    -12        0
  SINCE JUN 1     37                        78    -41       48
  SINCE JUL 1      3                        23    -20       12

 COOLING
  YESTERDAY       11                         6      5       13
  MONTH TO DATE  176                        96     80      109
  SINCE JUN 1    598                       441    157      376
  SINCE JAN 1    660                       482    178      435
..................................................................


WIND (MPH)
  RESULTANT WIND SPEED   3   RESULTANT WIND DIRECTION  NW (310)
  HIGHEST WIND SPEED    18   HIGHEST WIND DIRECTION    SW (210)
  HIGHEST GUST SPEED    23   HIGHEST GUST DIRECTION     S (190)
  AVERAGE WIND SPEED     9.2


SKY COVER
  AVERAGE SKY COVER 0.7


WEATHER CONDITIONS
 THE FOLLOWING WEATHER WAS RECORDED YESTERDAY.
  HEAVY RAIN
  RAIN
  LIGHT RAIN
  FOG


RELATIVE HUMIDITY (PERCENT)
 HIGHEST    97          1200 AM
 LOWEST     51           600 PM
 AVERAGE    74

..........................................................


THE LANSING MI CLIMATE NORMALS FOR TODAY
                         NORMAL    RECORD    YEAR
 MAXIMUM TEMPERATURE (F)   80        95      1988
 MINIMUM TEMPERATURE (F)   60        36      1864


SUNRISE AND SUNSET
AUGUST 17 2016........SUNRISE   647 AM EDT   SUNSET   836 PM EDT
AUGUST 18 2016........SUNRISE   649 AM EDT   SUNSET   835 PM EDT


-  INDICATES NEGATIVE NUMBERS.
R  INDICATES RECORD WAS SET OR TIED.
MM INDICATES DATA IS MISSING.
T  INDICATES TRACE AMOUNT.




$$
