000
CDUS43 KGRR 102132
CLILAN


CLIMATE REPORT
NATIONAL WEATHER SERVICE GRAND RAPIDS, MI
531 PM EDT WED AUG 10 2016


...................................

...THE LANSING MI CLIMATE SUMMARY FOR AUGUST 10 2016...
VALID TODAY AS OF 0500 PM LOCAL TIME.

CLIMATE NORMAL PERIOD 1981 TO 2010
CLIMATE RECORD PERIOD 1864 TO 2016


WEATHER ITEM   OBSERVED TIME   RECORD YEAR NORMAL DEPARTURE LAST
                VALUE   (LST)  VALUE       VALUE  FROM      YEAR
                                                  NORMAL
..................................................................
TEMPERATURE (F)
 TODAY
  MAXIMUM         93    231 PM  98    1864  81     12       79
  MINIMUM         63    550 AM  40    1972  60      3       64
  AVERAGE         78                        70      8       72

PRECIPITATION (IN)
  TODAY            0.00          3.77 2015   0.11  -0.11     3.77
  MONTH TO DATE    0.00                      1.04  -1.04     4.47
  SINCE JUN 1      3.94                      7.33  -3.39    15.93
  SINCE JAN 1     16.85                     18.90  -2.05    23.98

SNOWFALL (IN)
  TODAY            0.0           T    1950   0.0    0.0      0.0
  MONTH TO DATE    0.0                       0.0    0.0      0.0
  SINCE JUN 1      0.0                       0.0    0.0      0.0
  SINCE JUL 1      0.0                       0.0    0.0      0.0
  SNOW DEPTH       0

DEGREE DAYS
 HEATING
  TODAY            0                         1     -1        0
  MONTH TO DATE    0                         6     -6        0
  SINCE JUN 1     37                        72    -35       48
  SINCE JUL 1      3                        17    -14       12

 COOLING
  TODAY           13                         6      7        7
  MONTH TO DATE   99                        60     39       60
  SINCE JUN 1    521                       405    116      327
  SINCE JAN 1    583                       446    137      386
..................................................................


WIND (MPH)
  RESULTANT WIND SPEED   2   RESULTANT WIND DIRECTION  NW (310)
  HIGHEST WIND SPEED    14   HIGHEST WIND DIRECTION     W (280)
  HIGHEST GUST SPEED    17   HIGHEST GUST DIRECTION     W (280)
  AVERAGE WIND SPEED     2.8


SKY COVER
  AVERAGE SKY COVER 0.2


WEATHER CONDITIONS
 THE FOLLOWING WEATHER WAS RECORDED TODAY.
  NO SIGNIFICANT WEATHER WAS OBSERVED.


RELATIVE HUMIDITY (PERCENT)
 HIGHEST    87           300 AM
 LOWEST     38           100 PM
 AVERAGE    63

..........................................................


THE LANSING MI CLIMATE NORMALS FOR TOMORROW
                         NORMAL    RECORD    YEAR
 MAXIMUM TEMPERATURE (F)   81       101      1874
                                             1864
 MINIMUM TEMPERATURE (F)   60        39      1868
                                             1865


SUNRISE AND SUNSET
AUGUST 10 2016........SUNRISE   640 AM EDT   SUNSET   847 PM EDT
AUGUST 11 2016........SUNRISE   641 AM EDT   SUNSET   845 PM EDT


-  INDICATES NEGATIVE NUMBERS.
R  INDICATES RECORD WAS SET OR TIED.
MM INDICATES DATA IS MISSING.
T  INDICATES TRACE AMOUNT.




$$

JAM
