000
CDUS43 KGRR 230518
CLILAN


CLIMATE REPORT
NATIONAL WEATHER SERVICE GRAND RAPIDS, MI
118 AM EDT SUN AUG 23 2015


...................................

...THE LANSING MI CLIMATE SUMMARY FOR AUGUST 22 2015...

CLIMATE NORMAL PERIOD 1981 TO 2010
CLIMATE RECORD PERIOD 1864 TO 2015


WEATHER ITEM   OBSERVED TIME   RECORD YEAR NORMAL DEPARTURE LAST
                VALUE   (LST)  VALUE       VALUE  FROM      YEAR
                                                  NORMAL
..................................................................
TEMPERATURE (F)
 YESTERDAY
  MAXIMUM         80    409 PM  94    1936  80      0       82
  MINIMUM         60    632 AM  35    1875  59      1       69
  AVERAGE         70                        69      1       76

PRECIPITATION (IN)
  YESTERDAY        0.00          1.85 1987   0.09  -0.09      T
  MONTH TO DATE    5.63                      2.31   3.32     3.93
  SINCE JUN 1     17.09                      8.60   8.49    15.19
  SINCE JAN 1     25.14                     20.17   4.97    26.40

SNOWFALL (IN)
  YESTERDAY        0.0           0.0    MM   0.0    0.0      0.0
  MONTH TO DATE    0.0                       0.0    0.0      0.0
  SINCE JUN 1      0.0                       0.0    0.0      0.0
  SINCE JUL 1      0.0                       0.0    0.0      0.0
  SNOW DEPTH       0

DEGREE DAYS
 HEATING
  YESTERDAY        0                         1     -1        0
  MONTH TO DATE    0                        18    -18       10
  SINCE JUN 1     48                        84    -36       63
  SINCE JUL 1     12                        29    -17       39

 COOLING
  YESTERDAY        5                         5      0       11
  MONTH TO DATE  150                       127     23       91
  SINCE JUN 1    417                       472    -55      342
  SINCE JAN 1    476                       513    -37      381
..................................................................


WIND (MPH)
  RESULTANT WIND SPEED   5   RESULTANT WIND DIRECTION   S (170)
  HIGHEST WIND SPEED    14   HIGHEST WIND DIRECTION    SE (130)
  HIGHEST GUST SPEED    17   HIGHEST GUST DIRECTION    SE (130)
  AVERAGE WIND SPEED     5.7


SKY COVER
  AVERAGE SKY COVER 0.2


WEATHER CONDITIONS
 THE FOLLOWING WEATHER WAS RECORDED YESTERDAY.
  NO SIGNIFICANT WEATHER WAS OBSERVED.


RELATIVE HUMIDITY (PERCENT)
 HIGHEST    84           400 AM
 LOWEST     49           300 PM
 AVERAGE    67

..........................................................


THE LANSING MI CLIMATE NORMALS FOR TODAY
                         NORMAL    RECORD    YEAR
 MAXIMUM TEMPERATURE (F)   79        96      1876
 MINIMUM TEMPERATURE (F)   59        35      1865


SUNRISE AND SUNSET
AUGUST 23 2015........SUNRISE   653 AM EDT   SUNSET   828 PM EDT
AUGUST 24 2015........SUNRISE   654 AM EDT   SUNSET   827 PM EDT


-  INDICATES NEGATIVE NUMBERS.
R  INDICATES RECORD WAS SET OR TIED.
MM INDICATES DATA IS MISSING.
T  INDICATES TRACE AMOUNT.




$$
