000
CDUS43 KGRR 271332
CLILAN


CLIMATE REPORT
NATIONAL WEATHER SERVICE GRAND RAPIDS, MI
931 AM EDT MON JUL 27 2015


...................................

...THE LANSING MI CLIMATE SUMMARY FOR JULY 27 2015...
VALID AS OF 0900 AM LOCAL TIME.

CLIMATE NORMAL PERIOD 1981 TO 2010
CLIMATE RECORD PERIOD 1864 TO 2015


WEATHER ITEM   OBSERVED TIME   RECORD YEAR NORMAL DEPARTURE LAST
                VALUE   (LST)  VALUE       VALUE  FROM      YEAR
                                                  NORMAL
..................................................................
TEMPERATURE (F)
 TODAY
  MAXIMUM         72    759 AM 100    1894  82    -10       82
  MINIMUM         62    602 AM  42    1977  61      1       60
  AVERAGE         67                        71     -4       71

PRECIPITATION (IN)
  TODAY            0.00          2.15 2011   0.10  -0.10     0.36
  MONTH TO DATE    2.39                      2.46  -0.07     4.76
  SINCE JUN 1     11.46                      5.91   5.55    11.16
  SINCE JAN 1     19.51                     17.48   2.03    22.37

SNOWFALL (IN)
  TODAY            0.0           0.0    MM   0.0    0.0      0.0
  MONTH TO DATE    0.0                       0.0    0.0      0.0
  SINCE JUN 1      0.0                       0.0    0.0      0.0
  SINCE JUL 1      0.0                       0.0    0.0      0.0
  SNOW DEPTH       0

DEGREE DAYS
 HEATING
  TODAY            0                         0      0        0
  MONTH TO DATE   12                         2     10       19
  SINCE JUN 1     48                        57     -9       43
  SINCE JUL 1     12                         2     10       19

 COOLING
  TODAY            2                         7     -5        6
  MONTH TO DATE  127                       189    -62      104
  SINCE JUN 1    214                       321   -107      251
  SINCE JAN 1    273                       362    -89      290
..................................................................


WIND (MPH)
  RESULTANT WIND SPEED   0   RESULTANT WIND DIRECTION   N (20)
  HIGHEST WIND SPEED     5   HIGHEST WIND DIRECTION    NE (50)
  HIGHEST GUST SPEED     5   HIGHEST GUST DIRECTION    NE (60)
  AVERAGE WIND SPEED     0.4


SKY COVER
  AVERAGE SKY COVER 0.0


WEATHER CONDITIONS
 THE FOLLOWING WEATHER WAS RECORDED TODAY.
  NO SIGNIFICANT WEATHER WAS OBSERVED.


RELATIVE HUMIDITY (PERCENT)
 HIGHEST    93           100 AM
 LOWEST     84          1200 AM
 AVERAGE    89

..........................................................


THE LANSING MI CLIMATE NORMALS FOR TOMORROW
                         NORMAL    RECORD    YEAR
 MAXIMUM TEMPERATURE (F)   82        97      1916
 MINIMUM TEMPERATURE (F)   61        43      1978
                                             1874


SUNRISE AND SUNSET
JULY 27 2015..........SUNRISE   624 AM EDT   SUNSET   905 PM EDT
JULY 28 2015..........SUNRISE   625 AM EDT   SUNSET   904 PM EDT


-  INDICATES NEGATIVE NUMBERS.
R  INDICATES RECORD WAS SET OR TIED.
MM INDICATES DATA IS MISSING.
T  INDICATES TRACE AMOUNT.




$$

63
