000
CDUS43 KGRR 162126
CLILAN


CLIMATE REPORT
NATIONAL WEATHER SERVICE GRAND RAPIDS, MI
525 PM EDT SAT APR 16 2016


...................................

...THE LANSING MI CLIMATE SUMMARY FOR APRIL 16 2016...
VALID TODAY AS OF 0500 PM LOCAL TIME.

CLIMATE NORMAL PERIOD 1981 TO 2010
CLIMATE RECORD PERIOD 1864 TO 2016


WEATHER ITEM   OBSERVED TIME   RECORD YEAR NORMAL DEPARTURE LAST
                VALUE   (LST)  VALUE       VALUE  FROM      YEAR
                                                  NORMAL
..................................................................
TEMPERATURE (F)
 TODAY
  MAXIMUM         76    344 PM  86    2002  58     18       62
                                      1896
  MINIMUM         40    613 AM  10    1875  37      3       41
  AVERAGE         58                        48     10       52

PRECIPITATION (IN)
  TODAY            0.00          2.06 1972   0.11  -0.11      T
  MONTH TO DATE    1.27                      1.63  -0.36     0.81
  SINCE MAR 1      5.52                      3.69   1.83     1.55
  SINCE JAN 1      8.68                      6.81   1.87     3.80

SNOWFALL (IN)
  TODAY            0.0           4.0  1961   0.1   -0.1      0.0
  MONTH TO DATE    7.5                       1.5    6.0      0.0
  SINCE MAR 1     16.4                       8.5    7.9      1.9
  SINCE JUL 1     50.0                      50.7   -0.7     35.6
  SNOW DEPTH       0

DEGREE DAYS
 HEATING
  TODAY            7                        17    -10       13
  MONTH TO DATE  420                       326     94      273
  SINCE MAR 1   1183                      1255    -72     1264
  SINCE JUL 1   5343                      6190   -847     6758

 COOLING
  TODAY            0                         0      0        0
  MONTH TO DATE    0                         0      0        0
  SINCE MAR 1      0                         1     -1        0
  SINCE JAN 1      0                         1     -1        0
..................................................................


WIND (MPH)
  RESULTANT WIND SPEED   4   RESULTANT WIND DIRECTION  SE (130)
  HIGHEST WIND SPEED    13   HIGHEST WIND DIRECTION    SE (120)
  HIGHEST GUST SPEED    19   HIGHEST GUST DIRECTION     S (160)
  AVERAGE WIND SPEED     5.0


SKY COVER
  AVERAGE SKY COVER 0.0


WEATHER CONDITIONS
 THE FOLLOWING WEATHER WAS RECORDED TODAY.
  NO SIGNIFICANT WEATHER WAS OBSERVED.


RELATIVE HUMIDITY (PERCENT)
 HIGHEST    70           600 AM
 LOWEST     23           400 PM
 AVERAGE    47

..........................................................


THE LANSING MI CLIMATE NORMALS FOR TOMORROW
                         NORMAL    RECORD    YEAR
 MAXIMUM TEMPERATURE (F)   59        85      1964
 MINIMUM TEMPERATURE (F)   38         0      1875


SUNRISE AND SUNSET
APRIL 16 2016.........SUNRISE   654 AM EDT   SUNSET   822 PM EDT
APRIL 17 2016.........SUNRISE   653 AM EDT   SUNSET   824 PM EDT


-  INDICATES NEGATIVE NUMBERS.
R  INDICATES RECORD WAS SET OR TIED.
MM INDICATES DATA IS MISSING.
T  INDICATES TRACE AMOUNT.




$$
