000
CDUS43 KGRR 180520
CLILAN


CLIMATE REPORT
NATIONAL WEATHER SERVICE GRAND RAPIDS, MI
1220 AM EST SUN JAN 18 2015


...................................

...THE LANSING MI CLIMATE SUMMARY FOR JANUARY 17 2015...

CLIMATE NORMAL PERIOD 1981 TO 2010
CLIMATE RECORD PERIOD 1864 TO 2015


WEATHER ITEM   OBSERVED TIME   RECORD YEAR NORMAL DEPARTURE LAST
                VALUE   (LST)  VALUE       VALUE  FROM      YEAR
                                                  NORMAL
..................................................................
TEMPERATURE (F)
 YESTERDAY
  MAXIMUM         45    336 PM  59    1952  30     15       30
  MINIMUM         17    339 AM -18    1976  16      1       15
  AVERAGE         31                        23      8       23

PRECIPITATION (IN)
  YESTERDAY        T             1.10 1885   0.05  -0.05      T
  MONTH TO DATE    1.00                      0.99   0.01     1.73
  SINCE DEC 1      2.56                      2.86  -0.30     3.61
  SINCE JAN 1      1.00                      0.99   0.01     1.73

SNOWFALL (IN)
  YESTERDAY        T            11.0  1885   0.4   -0.4       T
  MONTH TO DATE    7.7                       7.7    0.0     16.8
  SINCE DEC 1      9.2                      20.7  -11.5     32.6
  SINCE JUL 1     15.4                      24.5   -9.1     33.3
  SNOW DEPTH       5

DEGREE DAYS
 HEATING
  YESTERDAY       34                        42     -8       42
  MONTH TO DATE  825                       705    120      784
  SINCE DEC 1   1854                      1843     11     2001
  SINCE JUL 1   3450                      3257    193     3447

 COOLING
  YESTERDAY        0                         0      0        0
  MONTH TO DATE    0                         0      0        0
  SINCE DEC 1      0                         0      0        0
  SINCE JAN 1      0                         0      0        0
..................................................................


WIND (MPH)
  RESULTANT WIND SPEED  14   RESULTANT WIND DIRECTION   S (180)
  HIGHEST WIND SPEED    24   HIGHEST WIND DIRECTION    SW (210)
  HIGHEST GUST SPEED    33   HIGHEST GUST DIRECTION     S (190)
  AVERAGE WIND SPEED    15.8


SKY COVER
  AVERAGE SKY COVER 0.2


WEATHER CONDITIONS
 THE FOLLOWING WEATHER WAS RECORDED YESTERDAY.
  FOG
  HAZE


RELATIVE HUMIDITY (PERCENT)
 HIGHEST    81           700 AM
 LOWEST     57           200 PM
 AVERAGE    69

..........................................................


THE LANSING MI CLIMATE NORMALS FOR TODAY
                         NORMAL    RECORD    YEAR
 MAXIMUM TEMPERATURE (F)   30        60      1996
 MINIMUM TEMPERATURE (F)   16       -25      1976


SUNRISE AND SUNSET
JANUARY 18 2015.......SUNRISE   805 AM EST   SUNSET   533 PM EST
JANUARY 19 2015.......SUNRISE   804 AM EST   SUNSET   534 PM EST


-  INDICATES NEGATIVE NUMBERS.
R  INDICATES RECORD WAS SET OR TIED.
MM INDICATES DATA IS MISSING.
T  INDICATES TRACE AMOUNT.




$$
