000
CDUS43 KGRR 062227
CLILAN


CLIMATE REPORT
NATIONAL WEATHER SERVICE GRAND RAPIDS, MI
527 PM EST TUE FEB 6 2018


...................................

...THE LANSING MI CLIMATE SUMMARY FOR FEBRUARY 6 2018...
VALID TODAY AS OF 0500 PM LOCAL TIME.

CLIMATE NORMAL PERIOD 1981 TO 2010
CLIMATE RECORD PERIOD 1864 TO 2018


WEATHER ITEM   OBSERVED TIME   RECORD YEAR NORMAL DEPARTURE LAST
                VALUE   (LST)  VALUE       VALUE  FROM      YEAR
                                                  NORMAL
..................................................................
TEMPERATURE (F)
 TODAY
  MAXIMUM         22    256 PM  55    1938  31     -9       44
  MINIMUM         10    131 AM -31    1875  17     -7       18
  AVERAGE         16                        24     -8       31

PRECIPITATION (IN)
  TODAY            T             0.76 2008   0.04  -0.04     0.00
  MONTH TO DATE    0.31                      0.26   0.05     0.11
  SINCE DEC 1      3.61                      3.78  -0.17     5.52
  SINCE JAN 1      2.29                      1.91   0.38     3.76

SNOWFALL (IN)
  TODAY            T             8.2  2008   0.4   -0.4      0.0
  MONTH TO DATE    3.7                       2.6    1.1      1.8
  SINCE DEC 1     33.3                      29.4    3.9     27.0
  SINCE JUL 1     33.7                      33.2    0.5     27.0
  SNOW DEPTH       4

DEGREE DAYS
 HEATING
  TODAY           49                        41      8       34
  MONTH TO DATE  283                       246     37      248
  SINCE DEC 1   2802                      2672    130     2498
  SINCE JUL 1   4058                      4086    -28     3473

 COOLING
  TODAY            0                         0      0        0
  MONTH TO DATE    0                         0      0        0
  SINCE DEC 1      0                         0      0        0
  SINCE JAN 1      0                         0      0        0
..................................................................


WIND (MPH)
  RESULTANT WIND SPEED   7   RESULTANT WIND DIRECTION   W (270)
  HIGHEST WIND SPEED    14   HIGHEST WIND DIRECTION     W (290)
  HIGHEST GUST SPEED    18   HIGHEST GUST DIRECTION     W (270)
  AVERAGE WIND SPEED     8.2


SKY COVER
  AVERAGE SKY COVER 0.8


WEATHER CONDITIONS
 THE FOLLOWING WEATHER WAS RECORDED TODAY.
  LIGHT SNOW
  FOG
  HAZE


RELATIVE HUMIDITY (PERCENT)
 HIGHEST    92          1200 AM
 LOWEST     57           300 PM
 AVERAGE    75

..........................................................


THE LANSING MI CLIMATE NORMALS FOR TOMORROW
                         NORMAL    RECORD    YEAR
 MAXIMUM TEMPERATURE (F)   31        54      1900
 MINIMUM TEMPERATURE (F)   17       -28      1875


SUNRISE AND SUNSET
FEBRUARY  6 2018......SUNRISE   747 AM EST   SUNSET   558 PM EST
FEBRUARY  7 2018......SUNRISE   746 AM EST   SUNSET   600 PM EST


-  INDICATES NEGATIVE NUMBERS.
R  INDICATES RECORD WAS SET OR TIED.
MM INDICATES DATA IS MISSING.
T  INDICATES TRACE AMOUNT.




$$
