000
CDUS43 KGRR 230522
CLILAN


CLIMATE REPORT
NATIONAL WEATHER SERVICE GRAND RAPIDS, MI
121 AM EDT TUE AUG 23 2016


...................................

...THE LANSING MI CLIMATE SUMMARY FOR AUGUST 22 2016...

CLIMATE NORMAL PERIOD 1981 TO 2010
CLIMATE RECORD PERIOD 1864 TO 2016


WEATHER ITEM   OBSERVED TIME   RECORD YEAR NORMAL DEPARTURE LAST
                VALUE   (LST)  VALUE       VALUE  FROM      YEAR
                                                  NORMAL
..................................................................
TEMPERATURE (F)
 YESTERDAY
  MAXIMUM         78    405 PM  94    1936  80     -2       80
  MINIMUM         53    617 AM  35    1875  59     -6       60
  AVERAGE         66                        69     -3       70

PRECIPITATION (IN)
  YESTERDAY        0.00          1.85 1987   0.09  -0.09     0.00
  MONTH TO DATE    5.93                      2.31   3.62     5.63
  SINCE JUN 1      9.87                      8.60   1.27    17.09
  SINCE JAN 1     22.78                     20.17   2.61    25.14

SNOWFALL (IN)
  YESTERDAY        0.0           0.0    MM   0.0    0.0      0.0
  MONTH TO DATE    0.0                       0.0    0.0      0.0
  SINCE JUN 1      0.0                       0.0    0.0      0.0
  SINCE JUL 1      0.0                       0.0    0.0      0.0
  SNOW DEPTH       0

DEGREE DAYS
 HEATING
  YESTERDAY        0                         1     -1        0
  MONTH TO DATE    0                        18    -18        0
  SINCE JUN 1     37                        84    -47       48
  SINCE JUL 1      3                        29    -26       12

 COOLING
  YESTERDAY        1                         5     -4        5
  MONTH TO DATE  216                       127     89      150
  SINCE JUN 1    638                       472    166      417
  SINCE JAN 1    700                       513    187      476
..................................................................


WIND (MPH)
  RESULTANT WIND SPEED   3   RESULTANT WIND DIRECTION  SW (230)
  HIGHEST WIND SPEED    13   HIGHEST WIND DIRECTION    SW (240)
  HIGHEST GUST SPEED    18   HIGHEST GUST DIRECTION     W (250)
  AVERAGE WIND SPEED     4.4


SKY COVER
  AVERAGE SKY COVER 0.2


WEATHER CONDITIONS
 THE FOLLOWING WEATHER WAS RECORDED YESTERDAY.
  NO SIGNIFICANT WEATHER WAS OBSERVED.


RELATIVE HUMIDITY (PERCENT)
 HIGHEST    93           200 AM
 LOWEST     41           100 PM
 AVERAGE    67

..........................................................


THE LANSING MI CLIMATE NORMALS FOR TODAY
                         NORMAL    RECORD    YEAR
 MAXIMUM TEMPERATURE (F)   79        96      1876
 MINIMUM TEMPERATURE (F)   59        35      1865


SUNRISE AND SUNSET
AUGUST 23 2016........SUNRISE   654 AM EDT   SUNSET   827 PM EDT
AUGUST 24 2016........SUNRISE   655 AM EDT   SUNSET   825 PM EDT


-  INDICATES NEGATIVE NUMBERS.
R  INDICATES RECORD WAS SET OR TIED.
MM INDICATES DATA IS MISSING.
T  INDICATES TRACE AMOUNT.




$$
