690
CDUS43 KGRR 300520
CLILAN


CLIMATE REPORT
NATIONAL WEATHER SERVICE GRAND RAPIDS, MI
119 AM EDT MON MAY 30 2016


...................................

...THE LANSING MI CLIMATE SUMMARY FOR MAY 29 2016...

CLIMATE NORMAL PERIOD 1981 TO 2010
CLIMATE RECORD PERIOD 1864 TO 2016


WEATHER ITEM   OBSERVED TIME   RECORD YEAR NORMAL DEPARTURE LAST
                VALUE   (LST)  VALUE       VALUE  FROM      YEAR
                                                  NORMAL
..................................................................
TEMPERATURE (F)
 YESTERDAY
  MAXIMUM         84    415 PM  94    1895  73     11       84
  MINIMUM         64   1159 PM  31    1966  51     13       62
  AVERAGE         74                        62     12       73

PRECIPITATION (IN)
  YESTERDAY        0.01          1.32 2011   0.11  -0.10     0.23
  MONTH TO DATE    2.99                      3.13  -0.14     2.85
  SINCE MAR 1      9.75                      8.22   1.53     4.88
  SINCE JAN 1     12.91                     11.34   1.57     7.13

SNOWFALL (IN)
  YESTERDAY        0.0           0.0    MM   0.0    0.0      0.0
  MONTH TO DATE    T                         0.0    0.0      0.0
  SINCE MAR 1     16.4                       8.9    7.5      1.9
  SINCE JUL 1     50.0                      51.1   -1.1     35.6
  SNOW DEPTH       0

DEGREE DAYS
 HEATING
  YESTERDAY        0                         5     -5        0
  MONTH TO DATE  247                       249     -2      150
  SINCE MAR 1   1612                      1712   -100     1662
  SINCE JUL 1   5772                      6647   -875     7156

 COOLING
  YESTERDAY        9                         2      7        8
  MONTH TO DATE   51                        30     21       59
  SINCE MAR 1     52                        37     15       59
  SINCE JAN 1     52                        37     15       59
..................................................................


WIND (MPH)
  RESULTANT WIND SPEED  11   RESULTANT WIND DIRECTION  SW (230)
  HIGHEST WIND SPEED    26   HIGHEST WIND DIRECTION     W (270)
  HIGHEST GUST SPEED    36   HIGHEST GUST DIRECTION     W (250)
  AVERAGE WIND SPEED    12.3


SKY COVER
  AVERAGE SKY COVER 0.2


WEATHER CONDITIONS
 THE FOLLOWING WEATHER WAS RECORDED YESTERDAY.
  LIGHT RAIN


RELATIVE HUMIDITY (PERCENT)
 HIGHEST    87           600 AM
 LOWEST     40           300 PM
 AVERAGE    64

..........................................................


THE LANSING MI CLIMATE NORMALS FOR TODAY
                         NORMAL    RECORD    YEAR
 MAXIMUM TEMPERATURE (F)   73        95      1895
 MINIMUM TEMPERATURE (F)   52        31      1996
                                             1965
                                             1873


SUNRISE AND SUNSET
MAY 30 2016...........SUNRISE   604 AM EDT   SUNSET   909 PM EDT
MAY 31 2016...........SUNRISE   603 AM EDT   SUNSET   910 PM EDT


-  INDICATES NEGATIVE NUMBERS.
R  INDICATES RECORD WAS SET OR TIED.
MM INDICATES DATA IS MISSING.
T  INDICATES TRACE AMOUNT.




$$
