000
CDUS43 KGRR 140521
CLILAN


CLIMATE REPORT
NATIONAL WEATHER SERVICE GRAND RAPIDS, MI
118 AM EDT THU APR 14 2016


...................................

...THE LANSING MI CLIMATE SUMMARY FOR APRIL 13 2016...

CLIMATE NORMAL PERIOD 1981 TO 2010
CLIMATE RECORD PERIOD 1864 TO 2016


WEATHER ITEM   OBSERVED TIME   RECORD YEAR NORMAL DEPARTURE LAST
                VALUE   (LST)  VALUE       VALUE  FROM      YEAR
                                                  NORMAL
..................................................................
TEMPERATURE (F)
 YESTERDAY
  MAXIMUM         53    601 PM  82    1941  57     -4       62
  MINIMUM         29    244 AM  17    1950  36     -7       45
                                      1869
  AVERAGE         41                        47     -6       54

PRECIPITATION (IN)
  YESTERDAY        0.00          1.07 1903   0.11  -0.11     0.08
  MONTH TO DATE    1.32                      1.31   0.01     0.81
  SINCE MAR 1      5.57                      3.37   2.20     1.55
  SINCE JAN 1      8.73                      6.49   2.24     3.80

SNOWFALL (IN)
  YESTERDAY        0.0           3.2  1962   0.1   -0.1      0.0
  MONTH TO DATE    7.5                       1.3    6.2      0.0
  SINCE MAR 1     16.4                       8.3    8.1      1.9
  SINCE JUL 1     50.0                      50.5   -0.5     35.6
  SNOW DEPTH       0

DEGREE DAYS
 HEATING
  YESTERDAY       24                        19      5       11
  MONTH TO DATE  381                       273    108      234
  SINCE MAR 1   1144                      1202    -58     1225
  SINCE JUL 1   5304                      6137   -833     6719

 COOLING
  YESTERDAY        0                         0      0        0
  MONTH TO DATE    0                         0      0        0
  SINCE MAR 1      0                         1     -1        0
  SINCE JAN 1      0                         1     -1        0
..................................................................


WIND (MPH)
  RESULTANT WIND SPEED   6   RESULTANT WIND DIRECTION  SE (140)
  HIGHEST WIND SPEED    15   HIGHEST WIND DIRECTION    SE (140)
  HIGHEST GUST SPEED    18   HIGHEST GUST DIRECTION    SE (150)
  AVERAGE WIND SPEED     6.9


SKY COVER
  AVERAGE SKY COVER 0.5


WEATHER CONDITIONS
 THE FOLLOWING WEATHER WAS RECORDED YESTERDAY.
  NO SIGNIFICANT WEATHER WAS OBSERVED.


RELATIVE HUMIDITY (PERCENT)
 HIGHEST    78           300 AM
 LOWEST     38           400 PM
 AVERAGE    58

..........................................................


THE LANSING MI CLIMATE NORMALS FOR TODAY
                         NORMAL    RECORD    YEAR
 MAXIMUM TEMPERATURE (F)   57        83      1883
 MINIMUM TEMPERATURE (F)   37        19      1885


SUNRISE AND SUNSET
APRIL 14 2016.........SUNRISE   658 AM EDT   SUNSET   820 PM EDT
APRIL 15 2016.........SUNRISE   656 AM EDT   SUNSET   821 PM EDT


-  INDICATES NEGATIVE NUMBERS.
R  INDICATES RECORD WAS SET OR TIED.
MM INDICATES DATA IS MISSING.
T  INDICATES TRACE AMOUNT.




$$
