000
CDUS43 KGRR 190519
CLILAN


CLIMATE REPORT
NATIONAL WEATHER SERVICE GRAND RAPIDS, MI
1217 AM EST FRI DEC 19 2014


...................................

...THE LANSING MI CLIMATE SUMMARY FOR DECEMBER 18 2014...

CLIMATE NORMAL PERIOD 1981 TO 2010
CLIMATE RECORD PERIOD 1864 TO 2014


WEATHER ITEM   OBSERVED TIME   RECORD YEAR NORMAL DEPARTURE LAST
                VALUE   (LST)  VALUE       VALUE  FROM      YEAR
                                                  NORMAL
..................................................................
TEMPERATURE (F)
 YESTERDAY
  MAXIMUM         32    153 PM  55    1895  33     -1       29
  MINIMUM         28   1159 PM -25    1884  21      7       24
  AVERAGE         30                        27      3       27

PRECIPITATION (IN)
  YESTERDAY        0.02          1.02 1895   0.05  -0.03     0.01
  MONTH TO DATE    0.37                      1.13  -0.76     0.56
  SINCE DEC 1      0.37                      1.13  -0.76     0.56
  SINCE JAN 1     36.29                     31.03   5.26    40.14

SNOWFALL (IN)
  YESTERDAY        T             9.0  1929   0.5   -0.5      0.7
  MONTH TO DATE    0.7                       7.0   -6.3     10.0
  SINCE DEC 1      0.7                       7.0   -6.3     10.0
  SINCE JUL 1      6.9                      10.8   -3.9     10.7
  SNOW DEPTH       0

DEGREE DAYS
 HEATING
  YESTERDAY       35                        38     -3       38
  MONTH TO DATE  585                       627    -42      742
  SINCE DEC 1    585                       627    -42      742
  SINCE JUL 1   2181                      2041    140     2188

 COOLING
  YESTERDAY        0                         0      0        0
  MONTH TO DATE    0                         0      0        0
  SINCE DEC 1      0                         0      0        0
  SINCE JAN 1    488                       625   -137      661
..................................................................


WIND (MPH)
  RESULTANT WIND SPEED   6   RESULTANT WIND DIRECTION   W (290)
  HIGHEST WIND SPEED    16   HIGHEST WIND DIRECTION     W (260)
  HIGHEST GUST SPEED    19   HIGHEST GUST DIRECTION     W (270)
  AVERAGE WIND SPEED     6.8


SKY COVER
  AVERAGE SKY COVER 1.0


WEATHER CONDITIONS
 THE FOLLOWING WEATHER WAS RECORDED YESTERDAY.
  LT FREEZING RAIN
  LIGHT SNOW
  FOG


RELATIVE HUMIDITY (PERCENT)
 HIGHEST    92          1200 PM
 LOWEST     75          1200 AM
 AVERAGE    84

..........................................................


THE LANSING MI CLIMATE NORMALS FOR TODAY
                         NORMAL    RECORD    YEAR
 MAXIMUM TEMPERATURE (F)   33        58      1877
 MINIMUM TEMPERATURE (F)   21       -17      1884


SUNRISE AND SUNSET
DECEMBER 19 2014......SUNRISE   805 AM EST   SUNSET   507 PM EST
DECEMBER 20 2014......SUNRISE   805 AM EST   SUNSET   507 PM EST


-  INDICATES NEGATIVE NUMBERS.
R  INDICATES RECORD WAS SET OR TIED.
MM INDICATES DATA IS MISSING.
T  INDICATES TRACE AMOUNT.




$$

JAM
