000
CDUS43 KGRR 012129
CLILAN


CLIMATE REPORT
NATIONAL WEATHER SERVICE GRAND RAPIDS, MI
527 PM EDT TUE JUL 1 2014


...................................

...THE LANSING MI CLIMATE SUMMARY FOR JULY 1 2014...
VALID TODAY AS OF 0500 PM LOCAL TIME.

CLIMATE NORMAL PERIOD 1981 TO 2010
CLIMATE RECORD PERIOD 1864 TO 2014


WEATHER ITEM   OBSERVED TIME   RECORD YEAR NORMAL DEPARTURE LAST
                VALUE   (LST)  VALUE       VALUE  FROM      YEAR
                                                  NORMAL
..................................................................
TEMPERATURE (F)
 TODAY
  MAXIMUM         83    314 PM  97    1910  82      1       74
  MINIMUM         65    544 AM  38    1895  60      5       54
  AVERAGE         74                        71      3       64

PRECIPITATION (IN)
  TODAY            0.41          1.68 1999   0.09   0.32      T
  MONTH TO DATE    0.41                      0.09   0.32      T
  SINCE JUN 1      6.81                      3.54   3.27     8.40
  SINCE JAN 1     18.02                     15.11   2.91    26.40

SNOWFALL (IN)
  TODAY            0.0           0.0    MM   0.0    0.0      0.0
  MONTH TO DATE    0.0                       0.0    0.0      0.0
  SINCE JUN 1      0.0                       0.0    0.0      0.0
  SINCE JUL 1      0.0                       0.0    0.0      0.0
  SNOW DEPTH       0

DEGREE DAYS
 HEATING
  TODAY            0                         1     -1        1
  MONTH TO DATE    0                         1     -1        1
  SINCE JUN 1     24                        56    -32       51
  SINCE JUL 1      0                         1     -1        1

 COOLING
  TODAY            9                         7      2        0
  MONTH TO DATE    9                         7      2        0
  SINCE JUN 1    156                       139     17      133
  SINCE JAN 1    195                       180     15      206
..................................................................


WIND (MPH)
  RESULTANT WIND SPEED  12   RESULTANT WIND DIRECTION  SW (230)
  HIGHEST WIND SPEED    23   HIGHEST WIND DIRECTION     W (250)
  HIGHEST GUST SPEED    31   HIGHEST GUST DIRECTION    SW (240)
  AVERAGE WIND SPEED    12.0


SKY COVER
  AVERAGE SKY COVER 0.6


WEATHER CONDITIONS
 THE FOLLOWING WEATHER WAS RECORDED TODAY.
  RAIN
  FOG


RELATIVE HUMIDITY (PERCENT)
 HIGHEST    93           400 AM
 LOWEST     40           400 PM
 AVERAGE    67

..........................................................


THE LANSING MI CLIMATE NORMALS FOR TOMORROW
                         NORMAL    RECORD    YEAR
 MAXIMUM TEMPERATURE (F)   82        98      1966
 MINIMUM TEMPERATURE (F)   60        38      2001


SUNRISE AND SUNSET
JULY  1 2014..........SUNRISE   604 AM EDT   SUNSET   920 PM EDT
JULY  2 2014..........SUNRISE   604 AM EDT   SUNSET   920 PM EDT


-  INDICATES NEGATIVE NUMBERS.
R  INDICATES RECORD WAS SET OR TIED.
MM INDICATES DATA IS MISSING.
T  INDICATES TRACE AMOUNT.




$$

JAM
