000
CDUS43 KGRR 031352
CLILAN


CLIMATE REPORT
NATIONAL WEATHER SERVICE GRAND RAPIDS, MI
951 AM EDT TUE OCT 3 2017


...................................

...THE LANSING MI CLIMATE SUMMARY FOR OCTOBER 3 2017...
VALID AS OF 0900 AM LOCAL TIME.

CLIMATE NORMAL PERIOD 1981 TO 2010
CLIMATE RECORD PERIOD 1864 TO 2017


WEATHER ITEM   OBSERVED TIME   RECORD YEAR NORMAL DEPARTURE LAST
                VALUE   (LST)  VALUE       VALUE  FROM      YEAR
                                                  NORMAL
..................................................................
TEMPERATURE (F)
 TODAY
  MAXIMUM         62    759 AM  90    1898  65     -3       67
  MINIMUM         56    516 AM  22    1974  44     12       51
  AVERAGE         59                        55      4       59

PRECIPITATION (IN)
  TODAY            0.00          2.08 1954   0.09  -0.09      T
  MONTH TO DATE    0.00                      0.27  -0.27     0.24
  SINCE SEP 1      0.94                      3.77  -2.83     3.59
  SINCE JAN 1     26.24                     24.86   1.38    27.07

SNOWFALL (IN)
  TODAY            0.0           T    1980   0.0    0.0      0.0
                                      1935
  MONTH TO DATE    0.0                       0.0    0.0      0.0
  SINCE SEP 1      0.0                       0.0    0.0      0.0
  SINCE JUL 1      0.0                       0.0    0.0      0.0
  SNOW DEPTH       0

DEGREE DAYS
 HEATING
  TODAY            6                        11     -5        6
  MONTH TO DATE   19                        31    -12       17
  SINCE SEP 1    122                       184    -62       67
  SINCE JUL 1    151                       219    -68       70

 COOLING
  TODAY            0                         1     -1        0
  MONTH TO DATE    0                         3     -3        0
  SINCE SEP 1    130                        64     66       89
  SINCE JAN 1    764                       621    143      855
..................................................................


WIND (MPH)
  RESULTANT WIND SPEED   8   RESULTANT WIND DIRECTION   S (160)
  HIGHEST WIND SPEED    12   HIGHEST WIND DIRECTION     S (170)
  HIGHEST GUST SPEED    17   HIGHEST GUST DIRECTION     S (180)
  AVERAGE WIND SPEED     8.1


SKY COVER
  AVERAGE SKY COVER 0.0


WEATHER CONDITIONS
 THE FOLLOWING WEATHER WAS RECORDED TODAY.
  NO SIGNIFICANT WEATHER WAS OBSERVED.


RELATIVE HUMIDITY (PERCENT)
 HIGHEST    80           300 AM
 LOWEST     60           800 AM
 AVERAGE    70

..........................................................


THE LANSING MI CLIMATE NORMALS FOR TOMORROW
                         NORMAL    RECORD    YEAR
 MAXIMUM TEMPERATURE (F)   65        86      1951
                                             1900
 MINIMUM TEMPERATURE (F)   44        23      1867


SUNRISE AND SUNSET
OCTOBER  3 2017.......SUNRISE   738 AM EDT   SUNSET   716 PM EDT
OCTOBER  4 2017.......SUNRISE   739 AM EDT   SUNSET   714 PM EDT


-  INDICATES NEGATIVE NUMBERS.
R  INDICATES RECORD WAS SET OR TIED.
MM INDICATES DATA IS MISSING.
T  INDICATES TRACE AMOUNT.




$$

JAM
