000
CDUS43 KGRR 140517
CLILAN


CLIMATE REPORT
NATIONAL WEATHER SERVICE GRAND RAPIDS, MI
117 AM EDT SUN MAY 14 2017


...................................

...THE LANSING MI CLIMATE SUMMARY FOR MAY 13 2017...

CLIMATE NORMAL PERIOD 1981 TO 2010
CLIMATE RECORD PERIOD 1864 TO 2017


WEATHER ITEM   OBSERVED TIME   RECORD YEAR NORMAL DEPARTURE LAST
                VALUE   (LST)  VALUE       VALUE  FROM      YEAR
                                                  NORMAL
..................................................................
TEMPERATURE (F)
 YESTERDAY
  MAXIMUM         74    438 PM  91    1879  68      6       64
  MINIMUM         47    434 AM  25    1996  46      1       50
  AVERAGE         61                        57      4       57

PRECIPITATION (IN)
  YESTERDAY        0.00          1.37 2011   0.10  -0.10     0.05
  MONTH TO DATE    0.99                      1.35  -0.36     2.09
  SINCE MAR 1      9.28                      6.44   2.84     8.85
  SINCE JAN 1     15.56                      9.56   6.00    12.01

SNOWFALL (IN)
  YESTERDAY        0.0           0.0    MM   0.0    0.0      0.0
  MONTH TO DATE    0.0                       0.0    0.0      0.0
  SINCE MAR 1      2.6                       8.9   -6.3     16.4
  SINCE JUL 1     30.2                      51.1  -20.9     50.0
  SNOW DEPTH       0

DEGREE DAYS
 HEATING
  YESTERDAY        4                         9     -5        8
  MONTH TO DATE  182                       138     44      138
  SINCE MAR 1   1481                      1601   -120     1503
  SINCE JUL 1   5526                      6536  -1010     5663

 COOLING
  YESTERDAY        0                         1     -1        0
  MONTH TO DATE    0                         7     -7        0
  SINCE MAR 1      8                        14     -6        1
  SINCE JAN 1      8                        14     -6        1
..................................................................


WIND (MPH)
  RESULTANT WIND SPEED   5   RESULTANT WIND DIRECTION   W (260)
  HIGHEST WIND SPEED    18   HIGHEST WIND DIRECTION     W (280)
  HIGHEST GUST SPEED    24   HIGHEST GUST DIRECTION     W (280)
  AVERAGE WIND SPEED     6.5


SKY COVER
  AVERAGE SKY COVER 0.3


WEATHER CONDITIONS
 THE FOLLOWING WEATHER WAS RECORDED YESTERDAY.
  NO SIGNIFICANT WEATHER WAS OBSERVED.


RELATIVE HUMIDITY (PERCENT)
 HIGHEST    80           500 AM
 LOWEST     27           200 PM
 AVERAGE    54

..........................................................


THE LANSING MI CLIMATE NORMALS FOR TODAY
                         NORMAL    RECORD    YEAR
 MAXIMUM TEMPERATURE (F)   68        88      1870
 MINIMUM TEMPERATURE (F)   46        26      1895


SUNRISE AND SUNSET
MAY 14 2017...........SUNRISE   617 AM EDT   SUNSET   854 PM EDT
MAY 15 2017...........SUNRISE   616 AM EDT   SUNSET   855 PM EDT


-  INDICATES NEGATIVE NUMBERS.
R  INDICATES RECORD WAS SET OR TIED.
MM INDICATES DATA IS MISSING.
T  INDICATES TRACE AMOUNT.




$$
