000
CDUS43 KGRR 210526
CLILAN


CLIMATE REPORT
NATIONAL WEATHER SERVICE GRAND RAPIDS, MI
126 AM EDT WED JUN 21 2017


...................................

...THE LANSING MI CLIMATE SUMMARY FOR JUNE 20 2017...

CLIMATE NORMAL PERIOD 1981 TO 2010
CLIMATE RECORD PERIOD 1864 TO 2017


WEATHER ITEM   OBSERVED TIME   RECORD YEAR NORMAL DEPARTURE LAST
                VALUE   (LST)  VALUE       VALUE  FROM      YEAR
                                                  NORMAL
..................................................................
TEMPERATURE (F)
 YESTERDAY
  MAXIMUM         78   1254 PM  97    1953  80     -2       90
  MINIMUM         55   1128 PM  35    1897  58     -3       65
  AVERAGE         67                        69     -2       78

PRECIPITATION (IN)
  YESTERDAY        0.01          1.83 1942   0.11  -0.10      T
  MONTH TO DATE    2.58                      2.35   0.23     0.58
  SINCE JUN 1      2.58                      2.35   0.23     0.58
  SINCE JAN 1     19.64                     13.92   5.72    13.49

SNOWFALL (IN)
  YESTERDAY        0.0           0.0    MM   0.0    0.0      0.0
  MONTH TO DATE    0.0                       0.0    0.0      0.0
  SINCE JUN 1      0.0                       0.0    0.0      0.0
  SINCE JUL 1     30.2                      51.1  -20.9     50.0
  SNOW DEPTH       0

DEGREE DAYS
 HEATING
  YESTERDAY        0                         1     -1        0
  MONTH TO DATE    7                        47    -40       28
  SINCE JUN 1      7                        47    -40       28
  SINCE JUL 1   5596                      6704  -1108     5800

 COOLING
  YESTERDAY        2                         5     -3       13
  MONTH TO DATE  157                        72     85       95
  SINCE JUN 1    157                        72     85       95
  SINCE JAN 1    192                       113     79      157
..................................................................


WIND (MPH)
  RESULTANT WIND SPEED  10   RESULTANT WIND DIRECTION   W (260)
  HIGHEST WIND SPEED    30   HIGHEST WIND DIRECTION    NW (300)
  HIGHEST GUST SPEED    39   HIGHEST GUST DIRECTION    NW (300)
  AVERAGE WIND SPEED    10.4


SKY COVER
  AVERAGE SKY COVER 0.3


WEATHER CONDITIONS
 THE FOLLOWING WEATHER WAS RECORDED YESTERDAY.
  LIGHT RAIN


RELATIVE HUMIDITY (PERCENT)
 HIGHEST    86           400 AM
 LOWEST     37           100 PM
 AVERAGE    62

..........................................................


THE LANSING MI CLIMATE NORMALS FOR TODAY
                         NORMAL    RECORD    YEAR
 MAXIMUM TEMPERATURE (F)   80        98      1988
 MINIMUM TEMPERATURE (F)   58        37      1868


SUNRISE AND SUNSET
JUNE 21 2017..........SUNRISE   600 AM EDT   SUNSET   920 PM EDT
JUNE 22 2017..........SUNRISE   600 AM EDT   SUNSET   921 PM EDT


-  INDICATES NEGATIVE NUMBERS.
R  INDICATES RECORD WAS SET OR TIED.
MM INDICATES DATA IS MISSING.
T  INDICATES TRACE AMOUNT.




$$
