369
CDUS43 KGRR 220516
CLILAN


CLIMATE REPORT
NATIONAL WEATHER SERVICE GRAND RAPIDS, MI
116 AM EDT TUE AUG 22 2017


...................................

...THE LANSING MI CLIMATE SUMMARY FOR AUGUST 21 2017...

CLIMATE NORMAL PERIOD 1981 TO 2010
CLIMATE RECORD PERIOD 1864 TO 2017


WEATHER ITEM   OBSERVED TIME   RECORD YEAR NORMAL DEPARTURE LAST
                VALUE   (LST)  VALUE       VALUE  FROM      YEAR
                                                  NORMAL
..................................................................
TEMPERATURE (F)
 YESTERDAY
  MAXIMUM         88   1226 PM  99    1955  80      8       73
  MINIMUM         67   1212 AM  38    1894  59      8       59
  AVERAGE         78                        69      9       66

PRECIPITATION (IN)
  YESTERDAY        0.07          3.08 1975   0.11  -0.04     0.09
  MONTH TO DATE    1.59                      2.22  -0.63     5.93
  SINCE JUN 1      8.04                      8.51  -0.47     9.87
  SINCE JAN 1     25.10                     20.08   5.02    22.78

SNOWFALL (IN)
  YESTERDAY        0.0           0.0    MM   0.0    0.0      0.0
  MONTH TO DATE    0.0                       0.0    0.0      0.0
  SINCE JUN 1      0.0                       0.0    0.0      0.0
  SINCE JUL 1      0.0                       0.0    0.0      0.0
  SNOW DEPTH       0

DEGREE DAYS
 HEATING
  YESTERDAY        0                         1     -1        0
  MONTH TO DATE    2                        17    -15        0
  SINCE JUN 1     15                        83    -68       37
  SINCE JUL 1      2                        28    -26        3

 COOLING
  YESTERDAY       13                         5      8        1
  MONTH TO DATE  121                       122     -1      215
  SINCE JUN 1    588                       467    121      637
  SINCE JAN 1    623                       508    115      699
..................................................................


WIND (MPH)
  RESULTANT WIND SPEED   3   RESULTANT WIND DIRECTION  SW (210)
  HIGHEST WIND SPEED    21   HIGHEST WIND DIRECTION    SW (230)
  HIGHEST GUST SPEED    27   HIGHEST GUST DIRECTION    SW (230)
  AVERAGE WIND SPEED     5.2


SKY COVER
  AVERAGE SKY COVER 0.1


WEATHER CONDITIONS
 THE FOLLOWING WEATHER WAS RECORDED YESTERDAY.
  LIGHT RAIN
  FOG


RELATIVE HUMIDITY (PERCENT)
 HIGHEST    84          1000 PM
 LOWEST     50          1200 PM
 AVERAGE    67

..........................................................


THE LANSING MI CLIMATE NORMALS FOR TODAY
                         NORMAL    RECORD    YEAR
 MAXIMUM TEMPERATURE (F)   80        94      1936
 MINIMUM TEMPERATURE (F)   59        35      1875


SUNRISE AND SUNSET
AUGUST 22 2017........SUNRISE   653 AM EDT   SUNSET   829 PM EDT
AUGUST 23 2017........SUNRISE   654 AM EDT   SUNSET   827 PM EDT


-  INDICATES NEGATIVE NUMBERS.
R  INDICATES RECORD WAS SET OR TIED.
MM INDICATES DATA IS MISSING.
T  INDICATES TRACE AMOUNT.




$$
