890
CDUS43 KGRR 260522
CLILAN


CLIMATE REPORT
NATIONAL WEATHER SERVICE GRAND RAPIDS, MI
122 AM EDT FRI AUG 26 2016


...................................

...THE LANSING MI CLIMATE SUMMARY FOR AUGUST 25 2016...

CLIMATE NORMAL PERIOD 1981 TO 2010
CLIMATE RECORD PERIOD 1864 TO 2016


WEATHER ITEM   OBSERVED TIME   RECORD YEAR NORMAL DEPARTURE LAST
                VALUE   (LST)  VALUE       VALUE  FROM      YEAR
                                                  NORMAL
..................................................................
TEMPERATURE (F)
 YESTERDAY
  MAXIMUM         83   1242 PM  96    1948  79      4       62
  MINIMUM         63   1121 PM  38    1977  58      5       54
  AVERAGE         73                        69      4       58

PRECIPITATION (IN)
  YESTERDAY        0.10          2.27 1940   0.10   0.00      T
  MONTH TO DATE    6.03                      2.60   3.43     6.60
  SINCE JUN 1      9.97                      8.89   1.08    18.06
  SINCE JAN 1     22.88                     20.46   2.42    26.11

SNOWFALL (IN)
  YESTERDAY        0.0           0.0    MM   0.0    0.0      0.0
  MONTH TO DATE    0.0                       0.0    0.0      0.0
  SINCE JUN 1      0.0                       0.0    0.0      0.0
  SINCE JUL 1      0.0                       0.0    0.0      0.0
  SNOW DEPTH       0

DEGREE DAYS
 HEATING
  YESTERDAY        0                         1     -1        7
  MONTH TO DATE    0                        21    -21        8
  SINCE JUN 1     37                        87    -50       56
  SINCE JUL 1      3                        32    -29       20

 COOLING
  YESTERDAY        8                         5      3        0
  MONTH TO DATE  236                       142     94      153
  SINCE JUN 1    658                       487    171      420
  SINCE JAN 1    720                       528    192      479
..................................................................


WIND (MPH)
  RESULTANT WIND SPEED   8   RESULTANT WIND DIRECTION   W (250)
  HIGHEST WIND SPEED    16   HIGHEST WIND DIRECTION     W (270)
  HIGHEST GUST SPEED    21   HIGHEST GUST DIRECTION     W (250)
  AVERAGE WIND SPEED     9.1


SKY COVER
  AVERAGE SKY COVER 0.4


WEATHER CONDITIONS
 THE FOLLOWING WEATHER WAS RECORDED YESTERDAY.
  THUNDERSTORM
  RAIN
  LIGHT RAIN
  FOG


RELATIVE HUMIDITY (PERCENT)
 HIGHEST    93          1200 AM
 LOWEST     54           600 PM
 AVERAGE    74

..........................................................


THE LANSING MI CLIMATE NORMALS FOR TODAY
                         NORMAL    RECORD    YEAR
 MAXIMUM TEMPERATURE (F)   79        96      1948
 MINIMUM TEMPERATURE (F)   58        32      1883


SUNRISE AND SUNSET
AUGUST 26 2016........SUNRISE   657 AM EDT   SUNSET   822 PM EDT
AUGUST 27 2016........SUNRISE   658 AM EDT   SUNSET   820 PM EDT


-  INDICATES NEGATIVE NUMBERS.
R  INDICATES RECORD WAS SET OR TIED.
MM INDICATES DATA IS MISSING.
T  INDICATES TRACE AMOUNT.




$$
