764
CDUS43 KGRR 290518
CLILAN


CLIMATE REPORT
NATIONAL WEATHER SERVICE GRAND RAPIDS, MI
117 AM EDT SUN MAY 29 2016


...................................

...THE LANSING MI CLIMATE SUMMARY FOR MAY 28 2016...

CLIMATE NORMAL PERIOD 1981 TO 2010
CLIMATE RECORD PERIOD 1864 TO 2016


WEATHER ITEM   OBSERVED TIME   RECORD YEAR NORMAL DEPARTURE LAST
                VALUE   (LST)  VALUE       VALUE  FROM      YEAR
                                                  NORMAL
..................................................................
TEMPERATURE (F)
 YESTERDAY
  MAXIMUM         86    358 PM  96    1874  73     13       80
  MINIMUM         67    536 AM  28    1884  51     16       52
  AVERAGE         77                        62     15       66

PRECIPITATION (IN)
  YESTERDAY        0.13          2.58 2013   0.12   0.01     0.00
  MONTH TO DATE    2.98                      3.02  -0.04     2.62
  SINCE MAR 1      9.74                      8.11   1.63     4.65
  SINCE JAN 1     12.90                     11.23   1.67     6.90

SNOWFALL (IN)
  YESTERDAY        0.0           0.0    MM   0.0    0.0      0.0
  MONTH TO DATE    T                         0.0    0.0      0.0
  SINCE MAR 1     16.4                       8.9    7.5      1.9
  SINCE JUL 1     50.0                      51.1   -1.1     35.6
  SNOW DEPTH       0

DEGREE DAYS
 HEATING
  YESTERDAY        0                         5     -5        0
  MONTH TO DATE  247                       244      3      150
  SINCE MAR 1   1612                      1707    -95     1662
  SINCE JUL 1   5772                      6642   -870     7156

 COOLING
  YESTERDAY       12                         2     10        1
  MONTH TO DATE   42                        28     14       51
  SINCE MAR 1     43                        35      8       51
  SINCE JAN 1     43                        35      8       51
..................................................................


WIND (MPH)
  RESULTANT WIND SPEED   9   RESULTANT WIND DIRECTION   S (180)
  HIGHEST WIND SPEED    28   HIGHEST WIND DIRECTION    SW (210)
  HIGHEST GUST SPEED    37   HIGHEST GUST DIRECTION     S (200)
  AVERAGE WIND SPEED     9.7


SKY COVER
  AVERAGE SKY COVER 0.4


WEATHER CONDITIONS
 THE FOLLOWING WEATHER WAS RECORDED YESTERDAY.
  THUNDERSTORM
  LIGHT RAIN


RELATIVE HUMIDITY (PERCENT)
 HIGHEST    84          1000 PM
 LOWEST     43           600 PM
 AVERAGE    64

..........................................................


THE LANSING MI CLIMATE NORMALS FOR TODAY
                         NORMAL    RECORD    YEAR
 MAXIMUM TEMPERATURE (F)   73        94      1895
 MINIMUM TEMPERATURE (F)   51        31      1966


SUNRISE AND SUNSET
MAY 29 2016...........SUNRISE   604 AM EDT   SUNSET   908 PM EDT
MAY 30 2016...........SUNRISE   604 AM EDT   SUNSET   909 PM EDT


-  INDICATES NEGATIVE NUMBERS.
R  INDICATES RECORD WAS SET OR TIED.
MM INDICATES DATA IS MISSING.
T  INDICATES TRACE AMOUNT.




$$
