000
CDUS43 KGRR 250523
CLILAN


CLIMATE REPORT
NATIONAL WEATHER SERVICE GRAND RAPIDS, MI
122 AM EDT WED MAY 25 2016


...................................

...THE LANSING MI CLIMATE SUMMARY FOR MAY 24 2016...

CLIMATE NORMAL PERIOD 1981 TO 2010
CLIMATE RECORD PERIOD 1864 TO 2016


WEATHER ITEM   OBSERVED TIME   RECORD YEAR NORMAL DEPARTURE LAST
                VALUE   (LST)  VALUE       VALUE  FROM      YEAR
                                                  NORMAL
..................................................................
TEMPERATURE (F)
 YESTERDAY
  MAXIMUM         84    551 PM  88    1975  71     13       75
  MINIMUM         49    502 AM  30    1897  49      0       55
  AVERAGE         67                        60      7       65

PRECIPITATION (IN)
  YESTERDAY        0.00          1.28 1971   0.12  -0.12      T
  MONTH TO DATE    2.66                      2.57   0.09     2.16
  SINCE MAR 1      9.42                      7.66   1.76     4.19
  SINCE JAN 1     12.58                     10.78   1.80     6.44

SNOWFALL (IN)
  YESTERDAY        0.0           T    1950   0.0    0.0      0.0
                                      1925
  MONTH TO DATE    T                         0.0    0.0      0.0
  SINCE MAR 1     16.4                       8.9    7.5      1.9
  SINCE JUL 1     50.0                      51.1   -1.1     35.6
  SNOW DEPTH       0

DEGREE DAYS
 HEATING
  YESTERDAY        0                         6     -6        0
  MONTH TO DATE  247                       222     25      150
  SINCE MAR 1   1612                      1685    -73     1662
  SINCE JUL 1   5772                      6620   -848     7156

 COOLING
  YESTERDAY        2                         2      0        0
  MONTH TO DATE    2                        20    -18       31
  SINCE MAR 1      3                        27    -24       31
  SINCE JAN 1      3                        27    -24       31
..................................................................


WIND (MPH)
  RESULTANT WIND SPEED   5   RESULTANT WIND DIRECTION  SW (240)
  HIGHEST WIND SPEED    18   HIGHEST WIND DIRECTION    SW (230)
  HIGHEST GUST SPEED    27   HIGHEST GUST DIRECTION    SW (220)
  AVERAGE WIND SPEED     6.9


SKY COVER
  AVERAGE SKY COVER 0.0


WEATHER CONDITIONS
 THE FOLLOWING WEATHER WAS RECORDED YESTERDAY.
  NO SIGNIFICANT WEATHER WAS OBSERVED.


RELATIVE HUMIDITY (PERCENT)
 HIGHEST    63           400 AM
 LOWEST     31           300 PM
 AVERAGE    47

..........................................................


THE LANSING MI CLIMATE NORMALS FOR TODAY
                         NORMAL    RECORD    YEAR
 MAXIMUM TEMPERATURE (F)   72        89      1977
                                             1875
 MINIMUM TEMPERATURE (F)   50        29      1992


SUNRISE AND SUNSET
MAY 25 2016...........SUNRISE   607 AM EDT   SUNSET   905 PM EDT
MAY 26 2016...........SUNRISE   606 AM EDT   SUNSET   906 PM EDT


-  INDICATES NEGATIVE NUMBERS.
R  INDICATES RECORD WAS SET OR TIED.
MM INDICATES DATA IS MISSING.
T  INDICATES TRACE AMOUNT.




$$
