000
CDUS43 KGRR 290514
CLILAN


CLIMATE REPORT
NATIONAL WEATHER SERVICE GRAND RAPIDS, MI
113 AM EDT MON SEP 29 2014


...................................

...THE LANSING MI CLIMATE SUMMARY FOR SEPTEMBER 28 2014...

CLIMATE NORMAL PERIOD 1981 TO 2010
CLIMATE RECORD PERIOD 1864 TO 2014


WEATHER ITEM   OBSERVED TIME   RECORD YEAR NORMAL DEPARTURE LAST
                VALUE   (LST)  VALUE       VALUE  FROM      YEAR
                                                  NORMAL
..................................................................
TEMPERATURE (F)
 YESTERDAY
  MAXIMUM         77    443 PM  88    1905  68      9       78
  MINIMUM         49    603 AM  22    1991  46      3       48
                                      1893
  AVERAGE         63                        57      6       63

PRECIPITATION (IN)
  YESTERDAY        0.00          1.22 1911   0.12  -0.12     0.00
  MONTH TO DATE    2.31                      3.29  -0.98     0.86
  SINCE SEP 1      2.31                      3.29  -0.98     0.86
  SINCE JAN 1     29.53                     24.38   5.15    33.78

SNOWFALL (IN)
  YESTERDAY        0.0           0.0    MM   0.0    0.0      0.0
  MONTH TO DATE    0.0                       0.0    0.0      0.0
  SINCE SEP 1      0.0                       0.0    0.0      0.0
  SINCE JUL 1      0.0                       0.0    0.0      0.0
  SNOW DEPTH       0

DEGREE DAYS
 HEATING
  YESTERDAY        2                         9     -7        2
  MONTH TO DATE  148                       134     14      144
  SINCE SEP 1    148                       134     14      144
  SINCE JUL 1    188                       169     19      179

 COOLING
  YESTERDAY        0                         1     -1        0
  MONTH TO DATE   43                        60    -17       63
  SINCE SEP 1     43                        60    -17       63
  SINCE JAN 1    488                       617   -129      651
..................................................................


WIND (MPH)
  RESULTANT WIND SPEED   1   RESULTANT WIND DIRECTION   E (80)
  HIGHEST WIND SPEED     9   HIGHEST WIND DIRECTION     E (100)
  HIGHEST GUST SPEED    14   HIGHEST GUST DIRECTION     E (110)
  AVERAGE WIND SPEED     1.6


SKY COVER
  AVERAGE SKY COVER 0.0


WEATHER CONDITIONS
 THE FOLLOWING WEATHER WAS RECORDED YESTERDAY.
  FOG
  FOG W/VISIBILITY <= 1/4 MILE


RELATIVE HUMIDITY (PERCENT)
 HIGHEST    96           400 AM
 LOWEST     46           500 PM
 AVERAGE    71

..........................................................


THE LANSING MI CLIMATE NORMALS FOR TODAY
                         NORMAL    RECORD    YEAR
 MAXIMUM TEMPERATURE (F)   67        91      1953
 MINIMUM TEMPERATURE (F)   46        22      1867


SUNRISE AND SUNSET
SEPTEMBER 29 2014.....SUNRISE   733 AM EDT   SUNSET   723 PM EDT
SEPTEMBER 30 2014.....SUNRISE   734 AM EDT   SUNSET   721 PM EDT


-  INDICATES NEGATIVE NUMBERS.
R  INDICATES RECORD WAS SET OR TIED.
MM INDICATES DATA IS MISSING.
T  INDICATES TRACE AMOUNT.




$$
