000
CDUS43 KGRR 250515
CLILAN


CLIMATE REPORT
NATIONAL WEATHER SERVICE GRAND RAPIDS, MI
113 AM EDT FRI JUL 25 2014


...................................

...THE LANSING MI CLIMATE SUMMARY FOR JULY 24 2014...

CLIMATE NORMAL PERIOD 1981 TO 2010
CLIMATE RECORD PERIOD 1864 TO 2014


WEATHER ITEM   OBSERVED TIME   RECORD YEAR NORMAL DEPARTURE LAST
                VALUE   (LST)  VALUE       VALUE  FROM      YEAR
                                                  NORMAL
..................................................................
TEMPERATURE (F)
 YESTERDAY
  MAXIMUM         74    615 PM 102    1934  82     -8       72
  MINIMUM         54    604 AM  43    1891  61     -7       50
  AVERAGE         64                        72     -8       61

PRECIPITATION (IN)
  YESTERDAY        0.00          1.96 2005   0.09  -0.09     0.00
  MONTH TO DATE    4.40                      2.17   2.23     1.29
  SINCE JUN 1     10.80                      5.62   5.18     9.69
  SINCE JAN 1     22.01                     17.19   4.82    27.69

SNOWFALL (IN)
  YESTERDAY        0.0           0.0    MM   0.0    0.0      0.0
  MONTH TO DATE    0.0                       0.0    0.0      0.0
  SINCE JUN 1      0.0                       0.0    0.0      0.0
  SINCE JUL 1      0.0                       0.0    0.0      0.0
  SNOW DEPTH       0

DEGREE DAYS
 HEATING
  YESTERDAY        1                         0      1        4
  MONTH TO DATE   18                         2     16        6
  SINCE JUN 1     42                        57    -15       56
  SINCE JUL 1     18                         2     16        6

 COOLING
  YESTERDAY        0                         7     -7        0
  MONTH TO DATE   93                       168    -75      219
  SINCE JUN 1    240                       300    -60      352
  SINCE JAN 1    279                       341    -62      425
..................................................................


WIND (MPH)
  RESULTANT WIND SPEED   3   RESULTANT WIND DIRECTION   N (10)
  HIGHEST WIND SPEED    10   HIGHEST WIND DIRECTION     N (20)
  HIGHEST GUST SPEED    16   HIGHEST GUST DIRECTION     N (10)
  AVERAGE WIND SPEED     4.1


SKY COVER
  AVERAGE SKY COVER 0.3


WEATHER CONDITIONS
 THE FOLLOWING WEATHER WAS RECORDED YESTERDAY.
  HAZE


RELATIVE HUMIDITY (PERCENT)
 HIGHEST    93           300 AM
 LOWEST     38           500 PM
 AVERAGE    66

..........................................................


THE LANSING MI CLIMATE NORMALS FOR TODAY
                         NORMAL    RECORD    YEAR
 MAXIMUM TEMPERATURE (F)   82        97      1966
                                             1940
                                             1934
 MINIMUM TEMPERATURE (F)   61        45      1913
                                             1895


SUNRISE AND SUNSET
JULY 25 2014..........SUNRISE   623 AM EDT   SUNSET   907 PM EDT
JULY 26 2014..........SUNRISE   624 AM EDT   SUNSET   906 PM EDT


-  INDICATES NEGATIVE NUMBERS.
R  INDICATES RECORD WAS SET OR TIED.
MM INDICATES DATA IS MISSING.
T  INDICATES TRACE AMOUNT.




$$
