000
CDUS43 KGRR 251425
CLILAN


CLIMATE REPORT
NATIONAL WEATHER SERVICE GRAND RAPIDS, MI
924 AM EST SUN FEB 25 2018


...................................

...THE LANSING MI CLIMATE SUMMARY FOR FEBRUARY 25 2018...
VALID AS OF 0900 AM LOCAL TIME.

CLIMATE NORMAL PERIOD 1981 TO 2010
CLIMATE RECORD PERIOD 1864 TO 2018


WEATHER ITEM   OBSERVED TIME   RECORD YEAR NORMAL DEPARTURE LAST
                VALUE   (LST)  VALUE       VALUE  FROM      YEAR
                                                  NORMAL
..................................................................
TEMPERATURE (F)
 TODAY
  MAXIMUM         49    519 AM  63    1976  36     13       42
  MINIMUM         35    859 AM -16    1993  20     15       22
  AVERAGE         42                        28     14       32

PRECIPITATION (IN)
  TODAY            0.01          1.26 1926   0.06  -0.05      T
  MONTH TO DATE    4.63                      1.28   3.35     2.12
  SINCE DEC 1      7.93                      4.80   3.13     7.53
  SINCE JAN 1      6.61                      2.93   3.68     5.77

SNOWFALL (IN)
  TODAY            0.0           8.0  1965   0.4   -0.4      0.1
  MONTH TO DATE   15.3                      10.5    4.8      2.4
  SINCE DEC 1     44.9                      37.3    7.6     27.6
  SINCE JUL 1     45.3                      41.1    4.2     27.6
  SNOW DEPTH       0

DEGREE DAYS
 HEATING
  TODAY           23                        37    -14       33
  MONTH TO DATE  945                       986    -41      745
  SINCE DEC 1   3464                      3412     52     2995
  SINCE JUL 1   4720                      4826   -106     3970

 COOLING
  TODAY            0                         0      0        0
  MONTH TO DATE    0                         0      0        0
  SINCE DEC 1      0                         0      0        0
  SINCE JAN 1      0                         0      0        0
..................................................................


WIND (MPH)
  RESULTANT WIND SPEED  14   RESULTANT WIND DIRECTION  SW (210)
  HIGHEST WIND SPEED    39   HIGHEST WIND DIRECTION     W (250)
  HIGHEST GUST SPEED    51   HIGHEST GUST DIRECTION     W (260)
  AVERAGE WIND SPEED    22.1


SKY COVER
  AVERAGE SKY COVER 1.0


WEATHER CONDITIONS
 THE FOLLOWING WEATHER WAS RECORDED TODAY.
  LIGHT RAIN
  FOG


RELATIVE HUMIDITY (PERCENT)
 HIGHEST   100           200 AM
 LOWEST     70           900 AM
 AVERAGE    85

..........................................................


THE LANSING MI CLIMATE NORMALS FOR TOMORROW
                         NORMAL    RECORD    YEAR
 MAXIMUM TEMPERATURE (F)   37        61      1944
 MINIMUM TEMPERATURE (F)   21       -12      1994
                                             1963


SUNRISE AND SUNSET
FEBRUARY 25 2018......SUNRISE   721 AM EST   SUNSET   623 PM EST
FEBRUARY 26 2018......SUNRISE   719 AM EST   SUNSET   624 PM EST


-  INDICATES NEGATIVE NUMBERS.
R  INDICATES RECORD WAS SET OR TIED.
MM INDICATES DATA IS MISSING.
T  INDICATES TRACE AMOUNT.




$$
