000
CDUS43 KGRR 050523
CLILAN


CLIMATE REPORT
NATIONAL WEATHER SERVICE GRAND RAPIDS, MI
1222 AM EST THU MAR 5 2015


...................................

...THE LANSING MI CLIMATE SUMMARY FOR MARCH 4 2015...

CLIMATE NORMAL PERIOD 1981 TO 2010
CLIMATE RECORD PERIOD 1864 TO 2015


WEATHER ITEM   OBSERVED TIME   RECORD YEAR NORMAL DEPARTURE LAST
                VALUE   (LST)  VALUE       VALUE  FROM      YEAR
                                                  NORMAL
..................................................................
TEMPERATURE (F)
 YESTERDAY
  MAXIMUM         30   1214 AM  64    1894  39     -9       19
  MINIMUM         11   1159 PM -17    1868  22    -11        5
  AVERAGE         21                        30     -9       12

PRECIPITATION (IN)
  YESTERDAY        0.00          1.14 1985   0.06  -0.06      T
  MONTH TO DATE    0.25                      0.24   0.01     0.36
  SINCE MAR 1      0.25                      0.24   0.01     0.36
  SINCE JAN 1      2.50                      3.36  -0.86     4.28

SNOWFALL (IN)
  YESTERDAY        0.0           5.3  1982   0.3   -0.3       T
  MONTH TO DATE    1.9                       1.2    0.7      3.9
  SINCE MAR 1      1.9                       1.2    0.7      3.9
  SINCE JUL 1     35.6                      43.4   -7.8     61.9
  SNOW DEPTH       8

DEGREE DAYS
 HEATING
  YESTERDAY       44                        35      9       53
  MONTH TO DATE  171                       141     30      220
  SINCE MAR 1    171                       141     30      220
  SINCE JUL 1   5665                      5076    589     5761

 COOLING
  YESTERDAY        0                         0      0        0
  MONTH TO DATE    0                         0      0        0
  SINCE MAR 1      0                         0      0        0
  SINCE JAN 1      0                         0      0        0
..................................................................


WIND (MPH)
  RESULTANT WIND SPEED  13   RESULTANT WIND DIRECTION   W (280)
  HIGHEST WIND SPEED    24   HIGHEST WIND DIRECTION     W (260)
  HIGHEST GUST SPEED    29   HIGHEST GUST DIRECTION     W (270)
  AVERAGE WIND SPEED    13.5


SKY COVER
  AVERAGE SKY COVER 0.5


WEATHER CONDITIONS
 THE FOLLOWING WEATHER WAS RECORDED YESTERDAY.
  HAZE


RELATIVE HUMIDITY (PERCENT)
 HIGHEST    75           100 AM
 LOWEST     50           200 PM
 AVERAGE    63

..........................................................


THE LANSING MI CLIMATE NORMALS FOR TODAY
                         NORMAL    RECORD    YEAR
 MAXIMUM TEMPERATURE (F)   39        68      1983
 MINIMUM TEMPERATURE (F)   22        -7      1895


SUNRISE AND SUNSET
MARCH  5 2015.........SUNRISE   708 AM EST   SUNSET   633 PM EST
MARCH  6 2015.........SUNRISE   706 AM EST   SUNSET   634 PM EST


-  INDICATES NEGATIVE NUMBERS.
R  INDICATES RECORD WAS SET OR TIED.
MM INDICATES DATA IS MISSING.
T  INDICATES TRACE AMOUNT.




$$

CAS
