000
CDUS43 KGRR 302123
CLILAN


CLIMATE REPORT
NATIONAL WEATHER SERVICE GRAND RAPIDS, MI
523 PM EDT THU MAR 30 2017


...................................

...THE LANSING MI CLIMATE SUMMARY FOR MARCH 30 2017...
VALID TODAY AS OF 0500 PM LOCAL TIME.

CLIMATE NORMAL PERIOD 1981 TO 2010
CLIMATE RECORD PERIOD 1864 TO 2017


WEATHER ITEM   OBSERVED TIME   RECORD YEAR NORMAL DEPARTURE LAST
                VALUE   (LST)  VALUE       VALUE  FROM      YEAR
                                                  NORMAL
..................................................................
TEMPERATURE (F)
 TODAY
  MAXIMUM         39    359 PM  78    1998  51    -12       61
  MINIMUM         36    400 AM   6    1954  31      5       35
                                      1923
                                      1887
  AVERAGE         38                        41     -3       48

PRECIPITATION (IN)
  TODAY            0.78          1.50 1876   0.09   0.69     0.06
  MONTH TO DATE    3.18                      1.98   1.20     3.08
  SINCE MAR 1      3.18                      1.98   1.20     3.08
  SINCE JAN 1      9.46                      5.10   4.36     6.24

SNOWFALL (IN)
  TODAY            0.0          10.0  1876   0.2   -0.2      0.0
  MONTH TO DATE    2.2                       6.9   -4.7      8.9
  SINCE MAR 1      2.2                       6.9   -4.7      8.9
  SINCE JUL 1     29.8                      49.1  -19.3     42.5
  SNOW DEPTH       0

DEGREE DAYS
 HEATING
  TODAY           27                        24      3       17
  MONTH TO DATE  897                       906     -9      751
  SINCE MAR 1    897                       906     -9      751
  SINCE JUL 1   4942                      5841   -899     4911

 COOLING
  TODAY            0                         0      0        0
  MONTH TO DATE    0                         0      0        0
  SINCE MAR 1      0                         0      0        0
  SINCE JAN 1      0                         0      0        0
..................................................................


WIND (MPH)
  RESULTANT WIND SPEED  13   RESULTANT WIND DIRECTION   E (80)
  HIGHEST WIND SPEED    23   HIGHEST WIND DIRECTION     E (80)
  HIGHEST GUST SPEED    27   HIGHEST GUST DIRECTION     E (80)
  AVERAGE WIND SPEED    13.8


SKY COVER
  AVERAGE SKY COVER 0.9


WEATHER CONDITIONS
 THE FOLLOWING WEATHER WAS RECORDED TODAY.
  RAIN
  LIGHT RAIN
  FOG


RELATIVE HUMIDITY (PERCENT)
 HIGHEST    92          1100 AM
 LOWEST     76           200 AM
 AVERAGE    84

..........................................................


THE LANSING MI CLIMATE NORMALS FOR TOMORROW
                         NORMAL    RECORD    YEAR
 MAXIMUM TEMPERATURE (F)   51        78      1943
 MINIMUM TEMPERATURE (F)   31         4      1923


SUNRISE AND SUNSET
MARCH 30 2017.........SUNRISE   724 AM EDT   SUNSET   803 PM EDT
MARCH 31 2017.........SUNRISE   722 AM EDT   SUNSET   804 PM EDT


-  INDICATES NEGATIVE NUMBERS.
R  INDICATES RECORD WAS SET OR TIED.
MM INDICATES DATA IS MISSING.
T  INDICATES TRACE AMOUNT.




$$
