000
CDUS43 KGRR 050512
CLILAN


CLIMATE REPORT
NATIONAL WEATHER SERVICE GRAND RAPIDS, MI
112 AM EDT SAT SEP 5 2015


...................................

...THE LANSING MI CLIMATE SUMMARY FOR SEPTEMBER 4 2015...

CLIMATE NORMAL PERIOD 1981 TO 2010
CLIMATE RECORD PERIOD 1864 TO 2015


WEATHER ITEM   OBSERVED TIME   RECORD YEAR NORMAL DEPARTURE LAST
                VALUE   (LST)  VALUE       VALUE  FROM      YEAR
                                                  NORMAL
..................................................................
TEMPERATURE (F)
 YESTERDAY
  MAXIMUM         79    307 PM  93    1925  77      2       79
  MINIMUM         67   1159 PM  33    1997  56     11       63
                                      1888
  AVERAGE         73                        66      7       71

PRECIPITATION (IN)
  YESTERDAY        T             1.70 1965   0.11  -0.11     0.04
  MONTH TO DATE    0.35                      0.45  -0.10     0.45
  SINCE SEP 1      0.35                      0.45  -0.10     0.45
  SINCE JAN 1     26.68                     21.54   5.14    27.67

SNOWFALL (IN)
  YESTERDAY        0.0           0.0    MM   0.0    0.0      0.0
  MONTH TO DATE    0.0                       0.0    0.0      0.0
  SINCE SEP 1      0.0                       0.0    0.0      0.0
  SINCE JUL 1      0.0                       0.0    0.0      0.0
  SNOW DEPTH       0

DEGREE DAYS
 HEATING
  YESTERDAY        0                         2     -2        0
  MONTH TO DATE    0                         8     -8        0
  SINCE SEP 1      0                         8     -8        0
  SINCE JUL 1     31                        43    -12       40

 COOLING
  YESTERDAY        8                         3      5        6
  MONTH TO DATE   42                        15     27       23
  SINCE SEP 1     42                        15     27       23
  SINCE JAN 1    535                       572    -37      468
..................................................................


WIND (MPH)
  RESULTANT WIND SPEED   2   RESULTANT WIND DIRECTION  SW (220)
  HIGHEST WIND SPEED    12   HIGHEST WIND DIRECTION    SE (150)
  HIGHEST GUST SPEED    15   HIGHEST GUST DIRECTION    SE (150)
  AVERAGE WIND SPEED     3.8


SKY COVER
  AVERAGE SKY COVER 0.8


WEATHER CONDITIONS
 THE FOLLOWING WEATHER WAS RECORDED YESTERDAY.
  LIGHT RAIN
  FOG


RELATIVE HUMIDITY (PERCENT)
 HIGHEST    97           400 AM
 LOWEST     67           300 PM
 AVERAGE    82

..........................................................


THE LANSING MI CLIMATE NORMALS FOR TODAY
                         NORMAL    RECORD    YEAR
 MAXIMUM TEMPERATURE (F)   77        96      1881
 MINIMUM TEMPERATURE (F)   55        34      1997


SUNRISE AND SUNSET
SEPTEMBER  5 2015.....SUNRISE   707 AM EDT   SUNSET   806 PM EDT
SEPTEMBER  6 2015.....SUNRISE   708 AM EDT   SUNSET   805 PM EDT


-  INDICATES NEGATIVE NUMBERS.
R  INDICATES RECORD WAS SET OR TIED.
MM INDICATES DATA IS MISSING.
T  INDICATES TRACE AMOUNT.




$$
