000
CDUS43 KGRR 090606
CLILAN


CLIMATE REPORT
NATIONAL WEATHER SERVICE GRAND RAPIDS, MI
106 AM EST FRI DEC 9 2016


...................................

...THE LANSING MI CLIMATE SUMMARY FOR DECEMBER 8 2016...

CLIMATE NORMAL PERIOD 1981 TO 2010
CLIMATE RECORD PERIOD 1864 TO 2016


WEATHER ITEM   OBSERVED TIME   RECORD YEAR NORMAL DEPARTURE LAST
                VALUE   (LST)  VALUE       VALUE  FROM      YEAR
                                                  NORMAL
..................................................................
TEMPERATURE (F)
 YESTERDAY
  MAXIMUM         30   1225 AM  65    1966  37     -7       45
  MINIMUM         25    646 PM -25    1864  25      0       34
  AVERAGE         28                        31     -3       40

PRECIPITATION (IN)
  YESTERDAY        0.04          0.81 1901   0.07  -0.03     0.00
  MONTH TO DATE    0.41                      0.55  -0.14     0.10
  SINCE DEC 1      0.41                      0.55  -0.14     0.10
  SINCE JAN 1     33.60                     30.45   3.15    31.90

SNOWFALL (IN)
  YESTERDAY        1.0           4.1  1977   0.4    0.6      0.0
  MONTH TO DATE    3.5                       2.8    0.7       T
  SINCE DEC 1      3.5                       2.8    0.7       T
  SINCE JUL 1      3.5                       6.6   -3.1      8.2
  SNOW DEPTH       0

DEGREE DAYS
 HEATING
  YESTERDAY       37                        34      3       25
  MONTH TO DATE  245                       265    -20      221
  SINCE DEC 1    245                       265    -20      221
  SINCE JUL 1   1220                      1679   -459     1329

 COOLING
  YESTERDAY        0                         0      0        0
  MONTH TO DATE    0                         0      0        0
  SINCE DEC 1      0                         0      0        0
  SINCE JAN 1    869                       625    244      615
..................................................................


WIND (MPH)
  RESULTANT WIND SPEED  16   RESULTANT WIND DIRECTION   W (270)
  HIGHEST WIND SPEED    26   HIGHEST WIND DIRECTION     W (260)
  HIGHEST GUST SPEED    34   HIGHEST GUST DIRECTION     W (250)
  AVERAGE WIND SPEED    16.7


SKY COVER
  AVERAGE SKY COVER 1.0


WEATHER CONDITIONS
 THE FOLLOWING WEATHER WAS RECORDED YESTERDAY.
  LIGHT SNOW
  FOG
  HAZE


RELATIVE HUMIDITY (PERCENT)
 HIGHEST    84          1000 PM
 LOWEST     63          1200 AM
 AVERAGE    74

..........................................................


THE LANSING MI CLIMATE NORMALS FOR TODAY
                         NORMAL    RECORD    YEAR
 MAXIMUM TEMPERATURE (F)   36        58      1946
                                             1879
 MINIMUM TEMPERATURE (F)   24       -17      1864


SUNRISE AND SUNSET
DECEMBER  9 2016......SUNRISE   758 AM EST   SUNSET   504 PM EST
DECEMBER 10 2016......SUNRISE   758 AM EST   SUNSET   504 PM EST


-  INDICATES NEGATIVE NUMBERS.
R  INDICATES RECORD WAS SET OR TIED.
MM INDICATES DATA IS MISSING.
T  INDICATES TRACE AMOUNT.




$$
