000
CDUS43 KGRR 052136
CLILAN


CLIMATE REPORT
NATIONAL WEATHER SERVICE GRAND RAPIDS, MI
534 PM EDT THU MAY 5 2016


...................................

...THE LANSING MI CLIMATE SUMMARY FOR MAY 5 2016...
VALID TODAY AS OF 0500 PM LOCAL TIME.

CLIMATE NORMAL PERIOD 1981 TO 2010
CLIMATE RECORD PERIOD 1864 TO 2016


WEATHER ITEM   OBSERVED TIME   RECORD YEAR NORMAL DEPARTURE LAST
                VALUE   (LST)  VALUE       VALUE  FROM      YEAR
                                                  NORMAL
..................................................................
TEMPERATURE (F)
 TODAY
  MAXIMUM         67    359 PM  92    1895  65      2       58
  MINIMUM         45    753 AM  27    1987  43      2       48
  AVERAGE         56                        54      2       53

PRECIPITATION (IN)
  TODAY            0.00          1.10 1892   0.11  -0.11     0.40
  MONTH TO DATE    0.88                      0.52   0.36     0.51
  SINCE MAR 1      7.64                      5.61   2.03     2.54
  SINCE JAN 1     10.80                      8.73   2.07     4.79

SNOWFALL (IN)
  TODAY            0.0           T    1954   0.0    0.0      0.0
  MONTH TO DATE    0.0                       0.0    0.0      0.0
  SINCE MAR 1     16.4                       8.9    7.5      1.9
  SINCE JUL 1     50.0                      51.1   -1.1     35.6
  SNOW DEPTH       0

DEGREE DAYS
 HEATING
  TODAY            9                        11     -2       12
  MONTH TO DATE   71                        58     13       27
  SINCE MAR 1   1436                      1521    -85     1539
  SINCE JUL 1   5596                      6456   -860     7033

 COOLING
  TODAY            0                         0      0        0
  MONTH TO DATE    0                         0      0        3
  SINCE MAR 1      1                         7     -6        3
  SINCE JAN 1      1                         7     -6        3
..................................................................


WIND (MPH)
  RESULTANT WIND SPEED  11   RESULTANT WIND DIRECTION   N (20)
  HIGHEST WIND SPEED    17   HIGHEST WIND DIRECTION    NE (30)
  HIGHEST GUST SPEED    24   HIGHEST GUST DIRECTION    NE (30)
  AVERAGE WIND SPEED    10.8


SKY COVER
  AVERAGE SKY COVER 0.8


WEATHER CONDITIONS
 THE FOLLOWING WEATHER WAS RECORDED TODAY.
  NO SIGNIFICANT WEATHER WAS OBSERVED.


RELATIVE HUMIDITY (PERCENT)
 HIGHEST    93          1200 AM
 LOWEST     42           400 PM
 AVERAGE    68

..........................................................


THE LANSING MI CLIMATE NORMALS FOR TOMORROW
                         NORMAL    RECORD    YEAR
 MAXIMUM TEMPERATURE (F)   66        89      1949
 MINIMUM TEMPERATURE (F)   44        21      1874


SUNRISE AND SUNSET
MAY  5 2016...........SUNRISE   627 AM EDT   SUNSET   844 PM EDT
MAY  6 2016...........SUNRISE   626 AM EDT   SUNSET   845 PM EDT


-  INDICATES NEGATIVE NUMBERS.
R  INDICATES RECORD WAS SET OR TIED.
MM INDICATES DATA IS MISSING.
T  INDICATES TRACE AMOUNT.




$$

jam
