000
CDUS43 KGRR 030526
CLILAN


CLIMATE REPORT
NATIONAL WEATHER SERVICE GRAND RAPIDS, MI
125 AM EDT FRI JUL 3 2015


...................................

...THE LANSING MI CLIMATE SUMMARY FOR JULY 2 2015...

CLIMATE NORMAL PERIOD 1981 TO 2010
CLIMATE RECORD PERIOD 1864 TO 2015


WEATHER ITEM   OBSERVED TIME   RECORD YEAR NORMAL DEPARTURE LAST
                VALUE   (LST)  VALUE       VALUE  FROM      YEAR
                                                  NORMAL
..................................................................
TEMPERATURE (F)
 YESTERDAY
  MAXIMUM         73    425 PM  98    1966  82     -9       74
  MINIMUM         54    306 AM  38    2001  60     -6       63
  AVERAGE         64                        71     -7       69

PRECIPITATION (IN)
  YESTERDAY        0.00          1.73 2008   0.10  -0.10     0.00
  MONTH TO DATE    0.00                      0.19  -0.19     0.41
  SINCE JUN 1      9.07                      3.64   5.43     6.81
  SINCE JAN 1     17.12                     15.21   1.91    18.02

SNOWFALL (IN)
  YESTERDAY        0.0           0.0    MM   0.0    0.0      0.0
  MONTH TO DATE    0.0                       0.0    0.0      0.0
  SINCE JUN 1      0.0                       0.0    0.0      0.0
  SINCE JUL 1      0.0                       0.0    0.0      0.0
  SNOW DEPTH       0

DEGREE DAYS
 HEATING
  YESTERDAY        1                         1      0        0
  MONTH TO DATE    2                         2      0        0
  SINCE JUN 1     38                        57    -19       24
  SINCE JUL 1      2                         2      0        0

 COOLING
  YESTERDAY        0                         7     -7        4
  MONTH TO DATE    0                        14    -14       13
  SINCE JUN 1     87                       146    -59      160
  SINCE JAN 1    146                       187    -41      199
..................................................................


WIND (MPH)
  RESULTANT WIND SPEED   6   RESULTANT WIND DIRECTION  NE (40)
  HIGHEST WIND SPEED    13   HIGHEST WIND DIRECTION     E (70)
  HIGHEST GUST SPEED    17   HIGHEST GUST DIRECTION    NE (50)
  AVERAGE WIND SPEED     6.0


SKY COVER
  AVERAGE SKY COVER 0.5


WEATHER CONDITIONS
 THE FOLLOWING WEATHER WAS RECORDED YESTERDAY.
  NO SIGNIFICANT WEATHER WAS OBSERVED.


RELATIVE HUMIDITY (PERCENT)
 HIGHEST    93          1200 AM
 LOWEST     49           300 PM
 AVERAGE    71

..........................................................


THE LANSING MI CLIMATE NORMALS FOR TODAY
                         NORMAL    RECORD    YEAR
 MAXIMUM TEMPERATURE (F)   82        99      1966
 MINIMUM TEMPERATURE (F)   60        43      1895


SUNRISE AND SUNSET
JULY  3 2015..........SUNRISE   605 AM EDT   SUNSET   920 PM EDT
JULY  4 2015..........SUNRISE   605 AM EDT   SUNSET   920 PM EDT


-  INDICATES NEGATIVE NUMBERS.
R  INDICATES RECORD WAS SET OR TIED.
MM INDICATES DATA IS MISSING.
T  INDICATES TRACE AMOUNT.




$$
