000
CDUS43 KGRR 292259
CLILAN


CLIMATE REPORT
NATIONAL WEATHER SERVICE GRAND RAPIDS, MI
558 PM EST TUE NOV 29 2016


...................................

...THE LANSING MI CLIMATE SUMMARY FOR NOVEMBER 29 2016...
VALID TODAY AS OF 0500 PM LOCAL TIME.

CLIMATE NORMAL PERIOD 1981 TO 2010
CLIMATE RECORD PERIOD 1864 TO 2016


WEATHER ITEM   OBSERVED TIME   RECORD YEAR NORMAL DEPARTURE LAST
                VALUE   (LST)  VALUE       VALUE  FROM      YEAR
                                                  NORMAL
..................................................................
TEMPERATURE (F)
 TODAY
  MAXIMUM         58    253 PM  65    1998  40     18       39
                                      1864
  MINIMUM         47    826 AM   0    1867  28     19       18
  AVERAGE         53                        34     19       29

PRECIPITATION (IN)
  TODAY            0.05          1.63 2011   0.09  -0.04     0.00
  MONTH TO DATE    2.98                      2.70   0.28     1.93
  SINCE SEP 1      9.53                      8.73   0.80     5.47
  SINCE JAN 1     33.01                     29.82   3.19    31.80

SNOWFALL (IN)
  TODAY            0.0           7.8  2011   0.3   -0.3      0.0
  MONTH TO DATE    T                         3.2   -3.2      8.2
  SINCE SEP 1      T                         3.6   -3.6      8.2
  SINCE JUL 1      T                         3.6   -3.6      8.2
  SNOW DEPTH       0

DEGREE DAYS
 HEATING
  TODAY           12                        31    -19       36
  MONTH TO DATE  562                       733   -171      574
  SINCE SEP 1    952                      1348   -396     1045
  SINCE JUL 1    955                      1383   -428     1076

 COOLING
  TODAY            0                         0      0        0
  MONTH TO DATE    0                         0      0        0
  SINCE SEP 1    103                        68     35      122
  SINCE JAN 1    869                       625    244      615
..................................................................


WIND (MPH)
  RESULTANT WIND SPEED  15   RESULTANT WIND DIRECTION   S (200)
  HIGHEST WIND SPEED    36   HIGHEST WIND DIRECTION     S (160)
  HIGHEST GUST SPEED    49   HIGHEST GUST DIRECTION     S (160)
  AVERAGE WIND SPEED    15.3


SKY COVER
  AVERAGE SKY COVER 0.3


WEATHER CONDITIONS
 THE FOLLOWING WEATHER WAS RECORDED TODAY.
  LIGHT RAIN
  FOG
  HAZE


RELATIVE HUMIDITY (PERCENT)
 HIGHEST    86          1200 AM
 LOWEST     47           300 PM
 AVERAGE    67

..........................................................


THE LANSING MI CLIMATE NORMALS FOR TOMORROW
                         NORMAL    RECORD    YEAR
 MAXIMUM TEMPERATURE (F)   40        63      1998
 MINIMUM TEMPERATURE (F)   28        -1      1867


SUNRISE AND SUNSET
NOVEMBER 29 2016......SUNRISE   748 AM EST   SUNSET   506 PM EST
NOVEMBER 30 2016......SUNRISE   749 AM EST   SUNSET   506 PM EST


-  INDICATES NEGATIVE NUMBERS.
R  INDICATES RECORD WAS SET OR TIED.
MM INDICATES DATA IS MISSING.
T  INDICATES TRACE AMOUNT.




$$

jam
