000
CDUS43 KGRR 172131
CLILAN


CLIMATE REPORT
NATIONAL WEATHER SERVICE GRAND RAPIDS, MI
529 PM EDT TUE OCT 17 2017


...................................

...THE LANSING MI CLIMATE SUMMARY FOR OCTOBER 17 2017...
VALID TODAY AS OF 0500 PM LOCAL TIME.

CLIMATE NORMAL PERIOD 1981 TO 2010
CLIMATE RECORD PERIOD 1864 TO 2017


WEATHER ITEM   OBSERVED TIME   RECORD YEAR NORMAL DEPARTURE LAST
                VALUE   (LST)  VALUE       VALUE  FROM      YEAR
                                                  NORMAL
..................................................................
TEMPERATURE (F)
 TODAY
  MAXIMUM         70    202 PM  84    1956  59     11       77
  MINIMUM         43    338 AM  13    1868  40      3       63
  AVERAGE         57                        50      7       70

PRECIPITATION (IN)
  TODAY            0.00          0.92 1899   0.07  -0.07      T
  MONTH TO DATE    5.87                      1.43   4.44     2.32
  SINCE SEP 1      6.81                      4.93   1.88     5.67
  SINCE JAN 1     32.11                     26.02   6.09    29.15

SNOWFALL (IN)
  TODAY            0.0           T    2015   0.0    0.0      0.0
                                      1976
                                      1972
  MONTH TO DATE    0.0                       0.1   -0.1      0.0
  SINCE SEP 1      0.0                       0.1   -0.1      0.0
  SINCE JUL 1      0.0                       0.1   -0.1      0.0
  SNOW DEPTH       0

DEGREE DAYS
 HEATING
  TODAY            8                        15     -7        0
  MONTH TO DATE   96                       215   -119      113
  SINCE SEP 1    199                       368   -169      163
  SINCE JUL 1    228                       403   -175      166

 COOLING
  TODAY            0                         0      0        5
  MONTH TO DATE   16                         4     12       14
  SINCE SEP 1    146                        65     81      103
  SINCE JAN 1    780                       622    158      869
..................................................................


WIND (MPH)
  RESULTANT WIND SPEED  13   RESULTANT WIND DIRECTION  SW (220)
  HIGHEST WIND SPEED    28   HIGHEST WIND DIRECTION     W (250)
  HIGHEST GUST SPEED    36   HIGHEST GUST DIRECTION    SW (230)
  AVERAGE WIND SPEED    13.3


SKY COVER
  AVERAGE SKY COVER 0.0


WEATHER CONDITIONS
 THE FOLLOWING WEATHER WAS RECORDED TODAY.
  NO SIGNIFICANT WEATHER WAS OBSERVED.


RELATIVE HUMIDITY (PERCENT)
 HIGHEST    82          1200 AM
 LOWEST     31           400 PM
 AVERAGE    57

..........................................................


THE LANSING MI CLIMATE NORMALS FOR TOMORROW
                         NORMAL    RECORD    YEAR
 MAXIMUM TEMPERATURE (F)   59        82      1938
                                             1910
 MINIMUM TEMPERATURE (F)   40        17      1976
                                             1896


SUNRISE AND SUNSET
OCTOBER 17 2017.......SUNRISE   754 AM EDT   SUNSET   652 PM EDT
OCTOBER 18 2017.......SUNRISE   756 AM EDT   SUNSET   651 PM EDT


-  INDICATES NEGATIVE NUMBERS.
R  INDICATES RECORD WAS SET OR TIED.
MM INDICATES DATA IS MISSING.
T  INDICATES TRACE AMOUNT.




$$

63
