818
CDUS43 KGRR 240516
CLILAN


CLIMATE REPORT
NATIONAL WEATHER SERVICE GRAND RAPIDS, MI
116 AM EDT FRI MAR 24 2017


...................................

...THE LANSING MI CLIMATE SUMMARY FOR MARCH 23 2017...

CLIMATE NORMAL PERIOD 1981 TO 2010
CLIMATE RECORD PERIOD 1864 TO 2017


WEATHER ITEM   OBSERVED TIME   RECORD YEAR NORMAL DEPARTURE LAST
                VALUE   (LST)  VALUE       VALUE  FROM      YEAR
                                                  NORMAL
..................................................................
TEMPERATURE (F)
 YESTERDAY
  MAXIMUM         47    255 PM  71    1994  47      0       47
  MINIMUM         22    646 AM  -5    1965  28     -6       33
  AVERAGE         35                        38     -3       40

PRECIPITATION (IN)
  YESTERDAY        0.15          1.09 1913   0.07   0.08     0.14
  MONTH TO DATE    1.05                      1.44  -0.39     2.03
  SINCE MAR 1      1.05                      1.44  -0.39     2.03
  SINCE JAN 1      7.33                      4.56   2.77     5.19

SNOWFALL (IN)
  YESTERDAY        0.0           6.6  1968   0.2   -0.2      0.0
  MONTH TO DATE    2.2                       5.8   -3.6      8.9
  SINCE MAR 1      2.2                       5.8   -3.6      8.9
  SINCE JUL 1     29.8                      48.0  -18.2     42.5
  SNOW DEPTH       0

DEGREE DAYS
 HEATING
  YESTERDAY       30                        27      3       25
  MONTH TO DATE  759                       727     32      584
  SINCE MAR 1    759                       727     32      584
  SINCE JUL 1   4804                      5662   -858     4744

 COOLING
  YESTERDAY        0                         0      0        0
  MONTH TO DATE    0                         0      0        0
  SINCE MAR 1      0                         0      0        0
  SINCE JAN 1      0                         0      0        0
..................................................................


WIND (MPH)
  RESULTANT WIND SPEED  11   RESULTANT WIND DIRECTION  SE (150)
  HIGHEST WIND SPEED    21   HIGHEST WIND DIRECTION    SE (150)
  HIGHEST GUST SPEED    24   HIGHEST GUST DIRECTION     S (170)
  AVERAGE WIND SPEED    11.8


SKY COVER
  AVERAGE SKY COVER 0.4


WEATHER CONDITIONS
 THE FOLLOWING WEATHER WAS RECORDED YESTERDAY.
  RAIN
  LIGHT RAIN
  FOG


RELATIVE HUMIDITY (PERCENT)
 HIGHEST    75          1100 PM
 LOWEST     23           300 PM
 AVERAGE    49

..........................................................


THE LANSING MI CLIMATE NORMALS FOR TODAY
                         NORMAL    RECORD    YEAR
 MAXIMUM TEMPERATURE (F)   48        82      1910
 MINIMUM TEMPERATURE (F)   29       -10      1965


SUNRISE AND SUNSET
MARCH 24 2017.........SUNRISE   734 AM EDT   SUNSET   756 PM EDT
MARCH 25 2017.........SUNRISE   732 AM EDT   SUNSET   757 PM EDT


-  INDICATES NEGATIVE NUMBERS.
R  INDICATES RECORD WAS SET OR TIED.
MM INDICATES DATA IS MISSING.
T  INDICATES TRACE AMOUNT.




$$
