000
CDUS43 KGRR 280515
CLILAN


CLIMATE REPORT
NATIONAL WEATHER SERVICE GRAND RAPIDS, MI
115 AM EDT TUE OCT 28 2014


...................................

...THE LANSING MI CLIMATE SUMMARY FOR OCTOBER 27 2014...

CLIMATE NORMAL PERIOD 1981 TO 2010
CLIMATE RECORD PERIOD 1864 TO 2014


WEATHER ITEM   OBSERVED TIME   RECORD YEAR NORMAL DEPARTURE LAST
                VALUE   (LST)  VALUE       VALUE  FROM      YEAR
                                                  NORMAL
..................................................................
TEMPERATURE (F)
 YESTERDAY
  MAXIMUM         74    350 PM  80    1927  56     18       53
  MINIMUM         32    231 AM  13    1869  38     -6       31
  AVERAGE         53                        47      6       42

PRECIPITATION (IN)
  YESTERDAY        0.00          0.97 1967   0.09  -0.09     0.00
  MONTH TO DATE    3.28                      2.21   1.07     2.00
  SINCE SEP 1      5.82                      5.71   0.11     2.98
  SINCE JAN 1     33.04                     26.80   6.24    35.90

SNOWFALL (IN)
  YESTERDAY        0.0           7.5  1967   0.0    0.0      0.0
  MONTH TO DATE    0.0                       0.3   -0.3       T
  SINCE SEP 1      0.0                       0.3   -0.3       T
  SINCE JUL 1      0.0                       0.3   -0.3       T
  SNOW DEPTH       0

DEGREE DAYS
 HEATING
  YESTERDAY       12                        18     -6       23
  MONTH TO DATE  388                       384      4      341
  SINCE SEP 1    548                       537     11      497
  SINCE JUL 1    588                       572     16      532

 COOLING
  YESTERDAY        0                         0      0        0
  MONTH TO DATE    0                         4     -4       10
  SINCE SEP 1     43                        65    -22       73
  SINCE JAN 1    488                       622   -134      661
..................................................................


WIND (MPH)
  RESULTANT WIND SPEED   8   RESULTANT WIND DIRECTION   S (170)
  HIGHEST WIND SPEED    18   HIGHEST WIND DIRECTION    SW (210)
  HIGHEST GUST SPEED    26   HIGHEST GUST DIRECTION    SW (210)
  AVERAGE WIND SPEED     9.5


SKY COVER
  AVERAGE SKY COVER 0.3


WEATHER CONDITIONS
 THE FOLLOWING WEATHER WAS RECORDED YESTERDAY.
  NO SIGNIFICANT WEATHER WAS OBSERVED.


RELATIVE HUMIDITY (PERCENT)
 HIGHEST    92           100 AM
 LOWEST     39          1100 AM
 AVERAGE    66

..........................................................


THE LANSING MI CLIMATE NORMALS FOR TODAY
                         NORMAL    RECORD    YEAR
 MAXIMUM TEMPERATURE (F)   55        74      1989
                                             1946
                                             1927
 MINIMUM TEMPERATURE (F)   38        15      1869


SUNRISE AND SUNSET
OCTOBER 28 2014.......SUNRISE   807 AM EDT   SUNSET   636 PM EDT
OCTOBER 29 2014.......SUNRISE   809 AM EDT   SUNSET   635 PM EDT


-  INDICATES NEGATIVE NUMBERS.
R  INDICATES RECORD WAS SET OR TIED.
MM INDICATES DATA IS MISSING.
T  INDICATES TRACE AMOUNT.




$$
