000
CDUS43 KGRR 140033
CLILAN


CLIMATE REPORT
NATIONAL WEATHER SERVICE GRAND RAPIDS, MI
829 PM EDT SAT SEP 13 2014


...................................

...THE LANSING MI CLIMATE SUMMARY FOR SEPTEMBER 12 2014...

CLIMATE NORMAL PERIOD 1981 TO 2010
CLIMATE RECORD PERIOD 1864 TO 2014


WEATHER ITEM   OBSERVED TIME   RECORD YEAR NORMAL DEPARTURE LAST
                VALUE   (LST)  VALUE       VALUE  FROM      YEAR
                                                  NORMAL
..................................................................
TEMPERATURE (F)
 YESTERDAY
  MAXIMUM         56   1126 AM  94    1874  74    -18       77
  MINIMUM         47    632 AM  25    1864  53     -6       54
  AVERAGE         52                        64    -12       66

PRECIPITATION (IN)
  YESTERDAY        0.16          1.90 1896   0.11   0.05     0.18
  MONTH TO DATE    1.50                      1.35   0.15     0.74
  SINCE SEP 1      1.50                      1.35   0.15     0.74
  SINCE JAN 1     28.72                     22.44   6.28    33.66

SNOWFALL (IN)
  YESTERDAY        0.0           0.0    MM   0.0    0.0      0.0
  MONTH TO DATE    0.0                       0.0    0.0      0.0
  SINCE SEP 1      0.0                       0.0    0.0      0.0
  SINCE JUL 1      0.0                       0.0    0.0      0.0
  SNOW DEPTH       0

DEGREE DAYS
 HEATING
  YESTERDAY       13                         4      9        0
  MONTH TO DATE   28                        32     -4        7
  SINCE SEP 1     28                        32     -4        7
  SINCE JUL 1     68                        67      1       42

 COOLING
  YESTERDAY        0                         2     -2        1
  MONTH TO DATE   41                        37      4       55
  SINCE SEP 1     41                        37      4       55
  SINCE JAN 1    486                       594   -108      643
..................................................................


WIND (MPH)
  RESULTANT WIND SPEED   5   RESULTANT WIND DIRECTION   N (20)
  HIGHEST WIND SPEED     9   HIGHEST WIND DIRECTION     N (10)
  HIGHEST GUST SPEED    14   HIGHEST GUST DIRECTION     N (350)
  AVERAGE WIND SPEED     5.2


SKY COVER
  AVERAGE SKY COVER 1.0


WEATHER CONDITIONS
 THE FOLLOWING WEATHER WAS RECORDED YESTERDAY.
  HEAVY RAIN
  RAIN
  LIGHT RAIN
  FOG


RELATIVE HUMIDITY (PERCENT)
 HIGHEST    96          1100 PM
 LOWEST     66           200 PM
 AVERAGE    81

..........................................................


THE LANSING MI CLIMATE NORMALS FOR TODAY
                         NORMAL    RECORD    YEAR
 MAXIMUM TEMPERATURE (F)   74        93      1874
 MINIMUM TEMPERATURE (F)   52        26      1873


SUNRISE AND SUNSET
SEPTEMBER 13 2014.....SUNRISE   716 AM EDT   SUNSET   752 PM EDT
SEPTEMBER 14 2014.....SUNRISE   717 AM EDT   SUNSET   750 PM EDT


-  INDICATES NEGATIVE NUMBERS.
R  INDICATES RECORD WAS SET OR TIED.
MM INDICATES DATA IS MISSING.
T  INDICATES TRACE AMOUNT.




$$

CAS
