000
CDUS43 KGRR 280518
CLILAN


CLIMATE REPORT
NATIONAL WEATHER SERVICE GRAND RAPIDS, MI
118 AM EDT FRI AUG 28 2015


...................................

...THE LANSING MI CLIMATE SUMMARY FOR AUGUST 27 2015...

CLIMATE NORMAL PERIOD 1981 TO 2010
CLIMATE RECORD PERIOD 1864 TO 2015


WEATHER ITEM   OBSERVED TIME   RECORD YEAR NORMAL DEPARTURE LAST
                VALUE   (LST)  VALUE       VALUE  FROM      YEAR
                                                  NORMAL
..................................................................
TEMPERATURE (F)
 YESTERDAY
  MAXIMUM         68    240 PM  98    1973  79    -11       76
                                      1948
  MINIMUM         49    513 AM  36    1888  58     -9       60
  AVERAGE         59                        68     -9       68

PRECIPITATION (IN)
  YESTERDAY        0.00          3.39 2013   0.11  -0.11     0.00
  MONTH TO DATE    6.60                      2.81   3.79     4.49
  SINCE JUN 1     18.06                      9.10   8.96    15.75
  SINCE JAN 1     26.11                     20.67   5.44    26.96

SNOWFALL (IN)
  YESTERDAY        0.0           0.0    MM   0.0    0.0      0.0
  MONTH TO DATE    0.0                       0.0    0.0      0.0
  SINCE JUN 1      0.0                       0.0    0.0      0.0
  SINCE JUL 1      0.0                       0.0    0.0      0.0
  SNOW DEPTH       0

DEGREE DAYS
 HEATING
  YESTERDAY        6                         1      5        0
  MONTH TO DATE   17                        23     -6       10
  SINCE JUN 1     65                        89    -24       63
  SINCE JUL 1     29                        34     -5       39

 COOLING
  YESTERDAY        0                         4     -4        3
  MONTH TO DATE  153                       151      2      130
  SINCE JUN 1    420                       496    -76      381
  SINCE JAN 1    479                       537    -58      420
..................................................................


WIND (MPH)
  RESULTANT WIND SPEED   1   RESULTANT WIND DIRECTION   S (200)
  HIGHEST WIND SPEED     9   HIGHEST WIND DIRECTION     S (180)
  HIGHEST GUST SPEED    11   HIGHEST GUST DIRECTION     S (160)
  AVERAGE WIND SPEED     2.1


SKY COVER
  AVERAGE SKY COVER 0.5


WEATHER CONDITIONS
 THE FOLLOWING WEATHER WAS RECORDED YESTERDAY.
  NO SIGNIFICANT WEATHER WAS OBSERVED.


RELATIVE HUMIDITY (PERCENT)
 HIGHEST    96           300 AM
 LOWEST     58           300 PM
 AVERAGE    77

..........................................................


THE LANSING MI CLIMATE NORMALS FOR TODAY
                         NORMAL    RECORD    YEAR
 MAXIMUM TEMPERATURE (F)   79        99      1973
 MINIMUM TEMPERATURE (F)   58        36      1986
                                             1982


SUNRISE AND SUNSET
AUGUST 28 2015........SUNRISE   658 AM EDT   SUNSET   820 PM EDT
AUGUST 29 2015........SUNRISE   700 AM EDT   SUNSET   818 PM EDT


-  INDICATES NEGATIVE NUMBERS.
R  INDICATES RECORD WAS SET OR TIED.
MM INDICATES DATA IS MISSING.
T  INDICATES TRACE AMOUNT.




$$
