000
CDUS43 KGRR 020554
CLILAN


CLIMATE REPORT
NATIONAL WEATHER SERVICE GRAND RAPIDS, MI
1253 AM EST FRI DEC 2 2016


...................................

...THE LANSING MI CLIMATE SUMMARY FOR DECEMBER 1 2016...

CLIMATE NORMAL PERIOD 1981 TO 2010
CLIMATE RECORD PERIOD 1864 TO 2016


WEATHER ITEM   OBSERVED TIME   RECORD YEAR NORMAL DEPARTURE LAST
                VALUE   (LST)  VALUE       VALUE  FROM      YEAR
                                                  NORMAL
..................................................................
TEMPERATURE (F)
 YESTERDAY
  MAXIMUM         42    336 PM  65    1970  39      3       47
  MINIMUM         35    839 AM  -1    1886  27      8       31
  AVERAGE         39                        33      6       39

PRECIPITATION (IN)
  YESTERDAY        0.01          0.96 2006   0.07  -0.06     0.02
  MONTH TO DATE    0.01                      0.07  -0.06     0.02
  SINCE DEC 1      0.01                      0.07  -0.06     0.02
  SINCE JAN 1     33.20                     29.97   3.23    31.82

SNOWFALL (IN)
  YESTERDAY        T             6.2  1974   0.3   -0.3      0.0
  MONTH TO DATE    T                         0.3   -0.3      0.0
  SINCE DEC 1      T                         0.3   -0.3      0.0
  SINCE JUL 1      T                         4.1   -4.1      8.2
  SNOW DEPTH       0

DEGREE DAYS
 HEATING
  YESTERDAY       26                        32     -6       26
  MONTH TO DATE   26                        32     -6       26
  SINCE DEC 1     26                        32     -6       26
  SINCE JUL 1   1001                      1446   -445     1134

 COOLING
  YESTERDAY        0                         0      0        0
  MONTH TO DATE    0                         0      0        0
  SINCE DEC 1      0                         0      0        0
  SINCE JAN 1    869                       625    244      615
..................................................................


WIND (MPH)
  RESULTANT WIND SPEED  13   RESULTANT WIND DIRECTION  SW (240)
  HIGHEST WIND SPEED    20   HIGHEST WIND DIRECTION     W (250)
  HIGHEST GUST SPEED    27   HIGHEST GUST DIRECTION    SW (210)
  AVERAGE WIND SPEED    12.8


SKY COVER
  AVERAGE SKY COVER 1.0


WEATHER CONDITIONS
 THE FOLLOWING WEATHER WAS RECORDED YESTERDAY.
  LIGHT RAIN
  LIGHT SNOW
  FOG


RELATIVE HUMIDITY (PERCENT)
 HIGHEST    92          1000 AM
 LOWEST     70           300 PM
 AVERAGE    81

..........................................................


THE LANSING MI CLIMATE NORMALS FOR TODAY
                         NORMAL    RECORD    YEAR
 MAXIMUM TEMPERATURE (F)   39        66      1982
 MINIMUM TEMPERATURE (F)   27       -13      1869


SUNRISE AND SUNSET
DECEMBER  2 2016......SUNRISE   751 AM EST   SUNSET   505 PM EST
DECEMBER  3 2016......SUNRISE   752 AM EST   SUNSET   505 PM EST


-  INDICATES NEGATIVE NUMBERS.
R  INDICATES RECORD WAS SET OR TIED.
MM INDICATES DATA IS MISSING.
T  INDICATES TRACE AMOUNT.




$$
