000
CDUS43 KGRR 080511
CLILAN


CLIMATE REPORT
NATIONAL WEATHER SERVICE GRAND RAPIDS, MI
111 AM EDT TUE JUL 8 2014


...................................

...THE LANSING MI CLIMATE SUMMARY FOR JULY 7 2014...

CLIMATE NORMAL PERIOD 1981 TO 2010
CLIMATE RECORD PERIOD 1864 TO 2014


WEATHER ITEM   OBSERVED TIME   RECORD YEAR NORMAL DEPARTURE LAST
                VALUE   (LST)  VALUE       VALUE  FROM      YEAR
                                                  NORMAL
..................................................................
TEMPERATURE (F)
 YESTERDAY
  MAXIMUM         83    451 PM 100    1895  83      0       82
  MINIMUM         68   1159 PM  38    1894  61      7       68
  AVERAGE         76                        72      4       75

PRECIPITATION (IN)
  YESTERDAY        1.89          2.33 1923   0.09   1.80     0.08
  MONTH TO DATE    2.73                      0.65   2.08     0.28
  SINCE JUN 1      9.13                      4.10   5.03     8.68
  SINCE JAN 1     20.34                     15.67   4.67    26.68

SNOWFALL (IN)
  YESTERDAY        0.0           0.0    MM   0.0    0.0      0.0
  MONTH TO DATE    0.0                       0.0    0.0      0.0
  SINCE JUN 1      0.0                       0.0    0.0      0.0
  SINCE JUL 1      0.0                       0.0    0.0      0.0
  SNOW DEPTH       0

DEGREE DAYS
 HEATING
  YESTERDAY        0                         0      0        0
  MONTH TO DATE    5                         2      3        2
  SINCE JUN 1     29                        57    -28       52
  SINCE JUL 1      5                         2      3        2

 COOLING
  YESTERDAY       11                         7      4       10
  MONTH TO DATE   31                        49    -18       40
  SINCE JUN 1    178                       181     -3      173
  SINCE JAN 1    217                       222     -5      246
..................................................................


WIND (MPH)
  RESULTANT WIND SPEED  11   RESULTANT WIND DIRECTION   W (260)
  HIGHEST WIND SPEED    24   HIGHEST WIND DIRECTION    SW (210)
  HIGHEST GUST SPEED    32   HIGHEST GUST DIRECTION    SW (210)
  AVERAGE WIND SPEED    12.3


SKY COVER
  AVERAGE SKY COVER 0.5


WEATHER CONDITIONS
 THE FOLLOWING WEATHER WAS RECORDED YESTERDAY.
  HEAVY RAIN
  RAIN
  LIGHT RAIN
  FOG
  HAZE


RELATIVE HUMIDITY (PERCENT)
 HIGHEST    90           400 AM
 LOWEST     42           600 PM
 AVERAGE    66

..........................................................


THE LANSING MI CLIMATE NORMALS FOR TODAY
                         NORMAL    RECORD    YEAR
 MAXIMUM TEMPERATURE (F)   83       100      1897
 MINIMUM TEMPERATURE (F)   61        37      1894


SUNRISE AND SUNSET
JULY  8 2014..........SUNRISE   608 AM EDT   SUNSET   918 PM EDT
JULY  9 2014..........SUNRISE   609 AM EDT   SUNSET   918 PM EDT


-  INDICATES NEGATIVE NUMBERS.
R  INDICATES RECORD WAS SET OR TIED.
MM INDICATES DATA IS MISSING.
T  INDICATES TRACE AMOUNT.




$$
