000
CDUS43 KGRR 200512
CLILAN


CLIMATE REPORT
NATIONAL WEATHER SERVICE GRAND RAPIDS, MI
111 AM EDT WED AUG 20 2014


...................................

...THE LANSING MI CLIMATE SUMMARY FOR AUGUST 19 2014...

CLIMATE NORMAL PERIOD 1981 TO 2010
CLIMATE RECORD PERIOD 1864 TO 2014


WEATHER ITEM   OBSERVED TIME   RECORD YEAR NORMAL DEPARTURE LAST
                VALUE   (LST)  VALUE       VALUE  FROM      YEAR
                                                  NORMAL
..................................................................
TEMPERATURE (F)
 YESTERDAY
  MAXIMUM         79   1209 PM  98    1955  80     -1       82
  MINIMUM         63    558 AM  37    1977  59      4       56
  AVERAGE         71                        70      1       69

PRECIPITATION (IN)
  YESTERDAY        0.76          2.40 1904   0.11   0.65     0.00
  MONTH TO DATE    3.92                      2.01   1.91     1.30
  SINCE JUN 1     15.18                      8.30   6.88    11.45
  SINCE JAN 1     26.39                     19.87   6.52    29.45

SNOWFALL (IN)
  YESTERDAY        0.0           0.0    MM   0.0    0.0      0.0
  MONTH TO DATE    0.0                       0.0    0.0      0.0
  SINCE JUN 1      0.0                       0.0    0.0      0.0
  SINCE JUL 1      0.0                       0.0    0.0      0.0
  SNOW DEPTH       0

DEGREE DAYS
 HEATING
  YESTERDAY        0                         1     -1        0
  MONTH TO DATE   10                        15     -5       19
  SINCE JUN 1     63                        81    -18       85
  SINCE JUL 1     39                        26     13       35

 COOLING
  YESTERDAY        6                         5      1        4
  MONTH TO DATE   67                       112    -45       45
  SINCE JUN 1    318                       457   -139      404
  SINCE JAN 1    357                       498   -141      477
..................................................................


WIND (MPH)
  RESULTANT WIND SPEED   8   RESULTANT WIND DIRECTION   S (180)
  HIGHEST WIND SPEED    32   HIGHEST WIND DIRECTION    SW (240)
  HIGHEST GUST SPEED    47   HIGHEST GUST DIRECTION     W (270)
  AVERAGE WIND SPEED     8.1


SKY COVER
  AVERAGE SKY COVER 0.5


WEATHER CONDITIONS
 THE FOLLOWING WEATHER WAS RECORDED YESTERDAY.
  THUNDERSTORM
  HEAVY RAIN
  RAIN
  LIGHT RAIN
  FOG
  HAZE


RELATIVE HUMIDITY (PERCENT)
 HIGHEST    93           700 PM
 LOWEST     64          1200 PM
 AVERAGE    79

..........................................................


THE LANSING MI CLIMATE NORMALS FOR TODAY
                         NORMAL    RECORD    YEAR
 MAXIMUM TEMPERATURE (F)   80        98      1916
 MINIMUM TEMPERATURE (F)   59        33      1885


SUNRISE AND SUNSET
AUGUST 20 2014........SUNRISE   650 AM EDT   SUNSET   833 PM EDT
AUGUST 21 2014........SUNRISE   651 AM EDT   SUNSET   831 PM EDT


-  INDICATES NEGATIVE NUMBERS.
R  INDICATES RECORD WAS SET OR TIED.
MM INDICATES DATA IS MISSING.
T  INDICATES TRACE AMOUNT.




$$
