000
CDUS43 KGRR 040527
CLILAN


CLIMATE REPORT
NATIONAL WEATHER SERVICE GRAND RAPIDS, MI
1226 AM EST SUN DEC 4 2016


...................................

...THE LANSING MI CLIMATE SUMMARY FOR DECEMBER 3 2016...

CLIMATE NORMAL PERIOD 1981 TO 2010
CLIMATE RECORD PERIOD 1864 TO 2016


WEATHER ITEM   OBSERVED TIME   RECORD YEAR NORMAL DEPARTURE LAST
                VALUE   (LST)  VALUE       VALUE  FROM      YEAR
                                                  NORMAL
..................................................................
TEMPERATURE (F)
 YESTERDAY
  MAXIMUM         37    423 PM  66    1998  39     -2       44
                                      1982
  MINIMUM         35   1159 PM -18    2002  27      8       30
  AVERAGE         36                        32      4       37

PRECIPITATION (IN)
  YESTERDAY        T             1.40 1873   0.07  -0.07     0.00
  MONTH TO DATE    0.01                      0.21  -0.20     0.10
  SINCE DEC 1      0.01                      0.21  -0.20     0.10
  SINCE JAN 1     33.20                     30.11   3.09    31.90

SNOWFALL (IN)
  YESTERDAY        T             3.0  1990   0.4   -0.4      0.0
  MONTH TO DATE    T                         1.0   -1.0       T
  SINCE DEC 1      T                         1.0   -1.0       T
  SINCE JUL 1      T                         4.8   -4.8      8.2
  SNOW DEPTH       0

DEGREE DAYS
 HEATING
  YESTERDAY       29                        33     -4       28
  MONTH TO DATE   83                        97    -14       84
  SINCE DEC 1     83                        97    -14       84
  SINCE JUL 1   1058                      1511   -453     1192

 COOLING
  YESTERDAY        0                         0      0        0
  MONTH TO DATE    0                         0      0        0
  SINCE DEC 1      0                         0      0        0
  SINCE JAN 1    869                       625    244      615
..................................................................


WIND (MPH)
  RESULTANT WIND SPEED   6   RESULTANT WIND DIRECTION   W (270)
  HIGHEST WIND SPEED    13   HIGHEST WIND DIRECTION     W (270)
  HIGHEST GUST SPEED    15   HIGHEST GUST DIRECTION     W (260)
  AVERAGE WIND SPEED     6.2


SKY COVER
  AVERAGE SKY COVER 1.0


WEATHER CONDITIONS
 THE FOLLOWING WEATHER WAS RECORDED YESTERDAY.
  NO SIGNIFICANT WEATHER WAS OBSERVED.


RELATIVE HUMIDITY (PERCENT)
 HIGHEST    82          1000 AM
 LOWEST     64           400 PM
 AVERAGE    73

..........................................................


THE LANSING MI CLIMATE NORMALS FOR TODAY
                         NORMAL    RECORD    YEAR
 MAXIMUM TEMPERATURE (F)   38        64      1941
 MINIMUM TEMPERATURE (F)   26       -13      1886


SUNRISE AND SUNSET
DECEMBER  4 2016......SUNRISE   753 AM EST   SUNSET   505 PM EST
DECEMBER  5 2016......SUNRISE   754 AM EST   SUNSET   505 PM EST


-  INDICATES NEGATIVE NUMBERS.
R  INDICATES RECORD WAS SET OR TIED.
MM INDICATES DATA IS MISSING.
T  INDICATES TRACE AMOUNT.




$$
