000
CDUS43 KGRR 290531
CLILAN


CLIMATE REPORT
NATIONAL WEATHER SERVICE GRAND RAPIDS, MI
130 AM EDT TUE JUL 29 2014


...................................

...THE LANSING MI CLIMATE SUMMARY FOR JULY 28 2014...

CLIMATE NORMAL PERIOD 1981 TO 2010
CLIMATE RECORD PERIOD 1864 TO 2014


WEATHER ITEM   OBSERVED TIME   RECORD YEAR NORMAL DEPARTURE LAST
                VALUE   (LST)  VALUE       VALUE  FROM      YEAR
                                                  NORMAL
..................................................................
TEMPERATURE (F)
 YESTERDAY
  MAXIMUM         68    355 PM  97    1916  82    -14       66
  MINIMUM         50   1159 PM  43    1978  61    -11       50
                                      1874
  AVERAGE         59                        71    -12       58

PRECIPITATION (IN)
  YESTERDAY        T             0.97 2011   0.09  -0.09     0.03
  MONTH TO DATE    4.76                      2.55   2.21     1.36
  SINCE JUN 1     11.16                      6.00   5.16     9.76
  SINCE JAN 1     22.37                     17.57   4.80    27.76

SNOWFALL (IN)
  YESTERDAY        0.0           0.0    MM   0.0    0.0      0.0
  MONTH TO DATE    0.0                       0.0    0.0      0.0
  SINCE JUN 1      0.0                       0.0    0.0      0.0
  SINCE JUL 1      0.0                       0.0    0.0      0.0
  SNOW DEPTH       0

DEGREE DAYS
 HEATING
  YESTERDAY        6                         0      6        7
  MONTH TO DATE   25                         2     23       14
  SINCE JUN 1     49                        57     -8       64
  SINCE JUL 1     25                         2     23       14

 COOLING
  YESTERDAY        0                         7     -7        0
  MONTH TO DATE  104                       196    -92      225
  SINCE JUN 1    251                       328    -77      358
  SINCE JAN 1    290                       369    -79      431
..................................................................


WIND (MPH)
  RESULTANT WIND SPEED   8   RESULTANT WIND DIRECTION   N (340)
  HIGHEST WIND SPEED    15   HIGHEST WIND DIRECTION     N (340)
  HIGHEST GUST SPEED    22   HIGHEST GUST DIRECTION     N (340)
  AVERAGE WIND SPEED     8.1


SKY COVER
  AVERAGE SKY COVER 0.8


WEATHER CONDITIONS
 THE FOLLOWING WEATHER WAS RECORDED YESTERDAY.
  NO SIGNIFICANT WEATHER WAS OBSERVED.


RELATIVE HUMIDITY (PERCENT)
 HIGHEST    97          1200 AM
 LOWEST     53           400 PM
 AVERAGE    75

..........................................................


THE LANSING MI CLIMATE NORMALS FOR TODAY
                         NORMAL    RECORD    YEAR
 MAXIMUM TEMPERATURE (F)   82       102      1916
 MINIMUM TEMPERATURE (F)   61        44      1971


SUNRISE AND SUNSET
JULY 29 2014..........SUNRISE   627 AM EDT   SUNSET   902 PM EDT
JULY 30 2014..........SUNRISE   628 AM EDT   SUNSET   901 PM EDT


-  INDICATES NEGATIVE NUMBERS.
R  INDICATES RECORD WAS SET OR TIED.
MM INDICATES DATA IS MISSING.
T  INDICATES TRACE AMOUNT.




$$
