000
CDUS43 KGRR 130521
CLILAN


CLIMATE REPORT
NATIONAL WEATHER SERVICE GRAND RAPIDS, MI
1220 AM EST FRI JAN 13 2017


...................................

...THE LANSING MI CLIMATE SUMMARY FOR JANUARY 12 2017...

CLIMATE NORMAL PERIOD 1981 TO 2010
CLIMATE RECORD PERIOD 1864 TO 2017


WEATHER ITEM   OBSERVED TIME   RECORD YEAR NORMAL DEPARTURE LAST
                VALUE   (LST)  VALUE       VALUE  FROM      YEAR
                                                  NORMAL
..................................................................
TEMPERATURE (F)
 YESTERDAY
  MAXIMUM         37   1234 AM  62    1890  30      7       23
  MINIMUM         24   1159 PM -17    1918  17      7       13
  AVERAGE         31                        23      8       18

PRECIPITATION (IN)
  YESTERDAY        0.10          1.36 1960   0.06   0.04     0.08
  MONTH TO DATE    1.81                      0.72   1.09     1.06
  SINCE DEC 1      3.57                      2.59   0.98     3.78
  SINCE JAN 1      1.81                      0.72   1.09     1.06

SNOWFALL (IN)
  YESTERDAY        0.1           5.0  1867   0.5   -0.4      1.6
  MONTH TO DATE    3.7                       5.5   -1.8      5.2
  SINCE DEC 1     19.8                      18.5    1.3      7.1
  SINCE JUL 1     19.8                      22.3   -2.5     15.3
  SNOW DEPTH       0

DEGREE DAYS
 HEATING
  YESTERDAY       34                        42     -8       47
  MONTH TO DATE  484                       495    -11      460
  SINCE DEC 1   1626                      1633     -7     1257
  SINCE JUL 1   2601                      3047   -446     2365

 COOLING
  YESTERDAY        0                         0      0        0
  MONTH TO DATE    0                         0      0        0
  SINCE DEC 1      0                         0      0        0
  SINCE JAN 1      0                         0      0        0
..................................................................


WIND (MPH)
  RESULTANT WIND SPEED   7   RESULTANT WIND DIRECTION  NW (320)
  HIGHEST WIND SPEED    21   HIGHEST WIND DIRECTION     W (280)
  HIGHEST GUST SPEED    26   HIGHEST GUST DIRECTION     W (270)
  AVERAGE WIND SPEED     9.4


SKY COVER
  AVERAGE SKY COVER 1.0


WEATHER CONDITIONS
 THE FOLLOWING WEATHER WAS RECORDED YESTERDAY.
  LIGHT RAIN
  FREEZING RAIN
  LT FREEZING RAIN
  HAIL
  LIGHT SNOW
  SLEET
  FOG


RELATIVE HUMIDITY (PERCENT)
 HIGHEST    96           300 AM
 LOWEST     68          1000 PM
 AVERAGE    82

..........................................................


THE LANSING MI CLIMATE NORMALS FOR TODAY
                         NORMAL    RECORD    YEAR
 MAXIMUM TEMPERATURE (F)   30        59      1950
 MINIMUM TEMPERATURE (F)   17       -17      1912


SUNRISE AND SUNSET
JANUARY 13 2017.......SUNRISE   807 AM EST   SUNSET   528 PM EST
JANUARY 14 2017.......SUNRISE   807 AM EST   SUNSET   529 PM EST


-  INDICATES NEGATIVE NUMBERS.
R  INDICATES RECORD WAS SET OR TIED.
MM INDICATES DATA IS MISSING.
T  INDICATES TRACE AMOUNT.




$$

JAM
