000
CDUS43 KGRR 172130
CLILAN


CLIMATE REPORT
NATIONAL WEATHER SERVICE GRAND RAPIDS, MI
529 PM EDT MON APR 17 2017


...................................

...THE LANSING MI CLIMATE SUMMARY FOR APRIL 17 2017...
VALID TODAY AS OF 0500 PM LOCAL TIME.

CLIMATE NORMAL PERIOD 1981 TO 2010
CLIMATE RECORD PERIOD 1864 TO 2017


WEATHER ITEM   OBSERVED TIME   RECORD YEAR NORMAL DEPARTURE LAST
                VALUE   (LST)  VALUE       VALUE  FROM      YEAR
                                                  NORMAL
..................................................................
TEMPERATURE (F)
 TODAY
  MAXIMUM         67   1258 PM  85    1964  59      8       78
  MINIMUM         41    559 AM   0    1875  38      3       41
  AVERAGE         54                        48      6       60

PRECIPITATION (IN)
  TODAY            0.00          1.37 1939   0.11  -0.11     0.00
  MONTH TO DATE    2.67                      1.74   0.93     1.27
  SINCE MAR 1      6.30                      3.80   2.50     5.52
  SINCE JAN 1     12.58                      6.92   5.66     8.68

SNOWFALL (IN)
  TODAY            0.0           2.7  1983   0.0    0.0      0.0
                                      1921
  MONTH TO DATE    0.4                       1.5   -1.1      7.5
  SINCE MAR 1      2.6                       8.5   -5.9     16.4
  SINCE JUL 1     30.2                      50.7  -20.5     50.0
  SNOW DEPTH       0

DEGREE DAYS
 HEATING
  TODAY           11                        17     -6        5
  MONTH TO DATE  244                       343    -99      425
  SINCE MAR 1   1169                      1272   -103     1188
  SINCE JUL 1   5214                      6207   -993     5348

 COOLING
  TODAY            0                         0      0        0
  MONTH TO DATE    2                         0      2        0
  SINCE MAR 1      2                         1      1        0
  SINCE JAN 1      2                         1      1        0
..................................................................


WIND (MPH)
  RESULTANT WIND SPEED   4   RESULTANT WIND DIRECTION  NW (320)
  HIGHEST WIND SPEED    15   HIGHEST WIND DIRECTION     N (10)
  HIGHEST GUST SPEED    17   HIGHEST GUST DIRECTION     N (20)
  AVERAGE WIND SPEED     4.9


SKY COVER
  AVERAGE SKY COVER 0.2


WEATHER CONDITIONS
 THE FOLLOWING WEATHER WAS RECORDED TODAY.
  NO SIGNIFICANT WEATHER WAS OBSERVED.


RELATIVE HUMIDITY (PERCENT)
 HIGHEST    76           500 AM
 LOWEST     29          1200 PM
 AVERAGE    53

..........................................................


THE LANSING MI CLIMATE NORMALS FOR TOMORROW
                         NORMAL    RECORD    YEAR
 MAXIMUM TEMPERATURE (F)   59        86      2002
 MINIMUM TEMPERATURE (F)   38         8      1875


SUNRISE AND SUNSET
APRIL 17 2017.........SUNRISE   653 AM EDT   SUNSET   823 PM EDT
APRIL 18 2017.........SUNRISE   652 AM EDT   SUNSET   824 PM EDT


-  INDICATES NEGATIVE NUMBERS.
R  INDICATES RECORD WAS SET OR TIED.
MM INDICATES DATA IS MISSING.
T  INDICATES TRACE AMOUNT.




$$
