000
CDUS43 KGRR 210534
CLILAN


CLIMATE REPORT
NATIONAL WEATHER SERVICE GRAND RAPIDS, MI
133 AM EDT TUE MAR 21 2017


...................................

...THE LANSING MI CLIMATE SUMMARY FOR MARCH 20 2017...

CLIMATE NORMAL PERIOD 1981 TO 2010
CLIMATE RECORD PERIOD 1864 TO 2017


WEATHER ITEM   OBSERVED TIME   RECORD YEAR NORMAL DEPARTURE LAST
                VALUE   (LST)  VALUE       VALUE  FROM      YEAR
                                                  NORMAL
..................................................................
TEMPERATURE (F)
 YESTERDAY
  MAXIMUM         55    407 PM  83    2012  46      9       43
  MINIMUM         35    339 AM -12    1885  27      8       22
  AVERAGE         45                        36      9       33

PRECIPITATION (IN)
  YESTERDAY        0.08          1.25 1884   0.07   0.01     0.00
  MONTH TO DATE    0.90                      1.23  -0.33     1.89
  SINCE MAR 1      0.90                      1.23  -0.33     1.89
  SINCE JAN 1      7.18                      4.35   2.83     5.05

SNOWFALL (IN)
  YESTERDAY        0.0           9.0  1940   0.2   -0.2      0.0
  MONTH TO DATE    2.2                       5.3   -3.1      8.9
  SINCE MAR 1      2.2                       5.3   -3.1      8.9
  SINCE JUL 1     29.8                      47.5  -17.7     42.5
  SNOW DEPTH       0

DEGREE DAYS
 HEATING
  YESTERDAY       20                        28     -8       32
  MONTH TO DATE  665                       644     21      512
  SINCE MAR 1    665                       644     21      512
  SINCE JUL 1   4710                      5579   -869     4672

 COOLING
  YESTERDAY        0                         0      0        0
  MONTH TO DATE    0                         0      0        0
  SINCE MAR 1      0                         0      0        0
  SINCE JAN 1      0                         0      0        0
..................................................................


WIND (MPH)
  RESULTANT WIND SPEED   3   RESULTANT WIND DIRECTION   S (180)
  HIGHEST WIND SPEED    16   HIGHEST WIND DIRECTION     S (160)
  HIGHEST GUST SPEED    20   HIGHEST GUST DIRECTION    SE (150)
  AVERAGE WIND SPEED     6.9


SKY COVER
  AVERAGE SKY COVER 0.6


WEATHER CONDITIONS
 THE FOLLOWING WEATHER WAS RECORDED YESTERDAY.
  THUNDERSTORM
  RAIN
  LIGHT RAIN
  FOG


RELATIVE HUMIDITY (PERCENT)
 HIGHEST    89          1000 PM
 LOWEST     54           200 PM
 AVERAGE    72

..........................................................


THE LANSING MI CLIMATE NORMALS FOR TODAY
                         NORMAL    RECORD    YEAR
 MAXIMUM TEMPERATURE (F)   46        86      2012
 MINIMUM TEMPERATURE (F)   28       -11      1875


SUNRISE AND SUNSET
MARCH 21 2017.........SUNRISE   739 AM EDT   SUNSET   752 PM EDT
MARCH 22 2017.........SUNRISE   738 AM EDT   SUNSET   753 PM EDT


-  INDICATES NEGATIVE NUMBERS.
R  INDICATES RECORD WAS SET OR TIED.
MM INDICATES DATA IS MISSING.
T  INDICATES TRACE AMOUNT.




$$

jam
