000
CDUS43 KGRR 260516
CLILAN


CLIMATE REPORT
NATIONAL WEATHER SERVICE GRAND RAPIDS, MI
1214 AM EST WED NOV 26 2014


...................................

...THE LANSING MI CLIMATE SUMMARY FOR NOVEMBER 25 2014...

CLIMATE NORMAL PERIOD 1981 TO 2010
CLIMATE RECORD PERIOD 1864 TO 2014


WEATHER ITEM   OBSERVED TIME   RECORD YEAR NORMAL DEPARTURE LAST
                VALUE   (LST)  VALUE       VALUE  FROM      YEAR
                                                  NORMAL
..................................................................
TEMPERATURE (F)
 YESTERDAY
  MAXIMUM         31    240 PM  63    1908  42    -11       32
  MINIMUM         28   1133 PM  -2    1950  29     -1       19
  AVERAGE         30                        36     -6       26

PRECIPITATION (IN)
  YESTERDAY        T             1.25 1987   0.08  -0.08      T
  MONTH TO DATE    2.61                      2.36   0.25     2.11
  SINCE SEP 1      8.70                      8.39   0.31     6.64
  SINCE JAN 1     35.92                     29.48   6.44    39.56

SNOWFALL (IN)
  YESTERDAY        T             5.0  1900   0.2   -0.2       T
  MONTH TO DATE    6.2                       2.3    3.9      0.4
  SINCE SEP 1      6.2                       2.7    3.5      0.4
  SINCE JUL 1      6.2                       2.7    3.5      0.4
  SNOW DEPTH       0

DEGREE DAYS
 HEATING
  YESTERDAY       35                        29      6       39
  MONTH TO DATE  763                       611    152      656
  SINCE SEP 1   1393                      1226    167     1223
  SINCE JUL 1   1433                      1261    172     1258

 COOLING
  YESTERDAY        0                         0      0        0
  MONTH TO DATE    0                         0      0        0
  SINCE SEP 1     43                        68    -25       73
  SINCE JAN 1    488                       625   -137      661
..................................................................


WIND (MPH)
  RESULTANT WIND SPEED  16   RESULTANT WIND DIRECTION   W (250)
  HIGHEST WIND SPEED    29   HIGHEST WIND DIRECTION    SW (240)
  HIGHEST GUST SPEED    37   HIGHEST GUST DIRECTION    SW (240)
  AVERAGE WIND SPEED    15.3


SKY COVER
  AVERAGE SKY COVER 1.0


WEATHER CONDITIONS
 THE FOLLOWING WEATHER WAS RECORDED YESTERDAY.
  LT FREEZING RAIN
  LIGHT SNOW
  SLEET
  FOG


RELATIVE HUMIDITY (PERCENT)
 HIGHEST    85          1200 AM
 LOWEST     69           300 PM
 AVERAGE    77

..........................................................


THE LANSING MI CLIMATE NORMALS FOR TODAY
                         NORMAL    RECORD    YEAR
 MAXIMUM TEMPERATURE (F)   42        64      1896
 MINIMUM TEMPERATURE (F)   29        -5      1949


SUNRISE AND SUNSET
NOVEMBER 26 2014......SUNRISE   744 AM EST   SUNSET   508 PM EST
NOVEMBER 27 2014......SUNRISE   745 AM EST   SUNSET   507 PM EST


-  INDICATES NEGATIVE NUMBERS.
R  INDICATES RECORD WAS SET OR TIED.
MM INDICATES DATA IS MISSING.
T  INDICATES TRACE AMOUNT.




$$

63
