000
CDUS43 KGRR 210516
CLILAN


CLIMATE REPORT
NATIONAL WEATHER SERVICE GRAND RAPIDS, MI
116 AM EDT WED SEP 21 2016


...................................

...THE LANSING MI CLIMATE SUMMARY FOR SEPTEMBER 20 2016...

CLIMATE NORMAL PERIOD 1981 TO 2010
CLIMATE RECORD PERIOD 1864 TO 2016


WEATHER ITEM   OBSERVED TIME   RECORD YEAR NORMAL DEPARTURE LAST
                VALUE   (LST)  VALUE       VALUE  FROM      YEAR
                                                  NORMAL
..................................................................
TEMPERATURE (F)
 YESTERDAY
  MAXIMUM         82    332 PM  94    1895  71     11       68
  MINIMUM         57   1159 PM  22    1868  49      8       45
  AVERAGE         70                        60     10       57

PRECIPITATION (IN)
  YESTERDAY        T             2.27 1965   0.13  -0.13     0.00
  MONTH TO DATE    1.43                      2.32  -0.89     1.31
  SINCE SEP 1      1.43                      2.32  -0.89     1.31
  SINCE JAN 1     24.91                     23.41   1.50    27.64

SNOWFALL (IN)
  YESTERDAY        0.0           0.0    MM   0.0    0.0      0.0
  MONTH TO DATE    0.0                       0.0    0.0      0.0
  SINCE SEP 1      0.0                       0.0    0.0      0.0
  SINCE JUL 1      0.0                       0.0    0.0      0.0
  SNOW DEPTH       0

DEGREE DAYS
 HEATING
  YESTERDAY        0                         6     -6        8
  MONTH TO DATE   10                        73    -63       41
  SINCE SEP 1     10                        73    -63       41
  SINCE JUL 1     13                       108    -95       72

 COOLING
  YESTERDAY        5                         1      4        0
  MONTH TO DATE   79                        52     27      111
  SINCE SEP 1     79                        52     27      111
  SINCE JAN 1    845                       609    236      604
..................................................................


WIND (MPH)
  RESULTANT WIND SPEED   1   RESULTANT WIND DIRECTION  NE (50)
  HIGHEST WIND SPEED    14   HIGHEST WIND DIRECTION    NW (310)
  HIGHEST GUST SPEED    18   HIGHEST GUST DIRECTION    NW (310)
  AVERAGE WIND SPEED     3.2


SKY COVER
  AVERAGE SKY COVER 0.2


WEATHER CONDITIONS
 THE FOLLOWING WEATHER WAS RECORDED YESTERDAY.
  LIGHT RAIN


RELATIVE HUMIDITY (PERCENT)
 HIGHEST    87           700 AM
 LOWEST     33           200 PM
 AVERAGE    60

..........................................................


THE LANSING MI CLIMATE NORMALS FOR TODAY
                         NORMAL    RECORD    YEAR
 MAXIMUM TEMPERATURE (F)   71        94      1895
 MINIMUM TEMPERATURE (F)   49        19      1863


SUNRISE AND SUNSET
SEPTEMBER 21 2016.....SUNRISE   725 AM EDT   SUNSET   737 PM EDT
SEPTEMBER 22 2016.....SUNRISE   726 AM EDT   SUNSET   735 PM EDT


-  INDICATES NEGATIVE NUMBERS.
R  INDICATES RECORD WAS SET OR TIED.
MM INDICATES DATA IS MISSING.
T  INDICATES TRACE AMOUNT.




$$
