000
CDUS43 KGRR 202237
CLILAN


CLIMATE REPORT
NATIONAL WEATHER SERVICE GRAND RAPIDS, MI
536 PM EST THU NOV 20 2014


...................................

...THE LANSING MI CLIMATE SUMMARY FOR NOVEMBER 20 2014...
VALID TODAY AS OF 0500 PM LOCAL TIME.

CLIMATE NORMAL PERIOD 1981 TO 2010
CLIMATE RECORD PERIOD 1864 TO 2014


WEATHER ITEM   OBSERVED TIME   RECORD YEAR NORMAL DEPARTURE LAST
                VALUE   (LST)  VALUE       VALUE  FROM      YEAR
                                                  NORMAL
..................................................................
TEMPERATURE (F)
 TODAY
  MAXIMUM         25   1214 PM  67    1953  45    -20       46
                                      1931
                                      1930
  MINIMUM         19    459 PM   5    1895  31    -12       26
                                      1880
  AVERAGE         22                        38    -16       36

PRECIPITATION (IN)
  TODAY            0.02          1.36 1900   0.09  -0.07     0.00
  MONTH TO DATE    0.55                      1.91  -1.36     1.93
  SINCE SEP 1      6.64                      7.94  -1.30     6.46
  SINCE JAN 1     33.86                     29.03   4.83    39.38

SNOWFALL (IN)
  TODAY            0.8          12.5  1869   0.1    0.7      0.0
  MONTH TO DATE    5.7                       1.5    4.2      0.4
  SINCE SEP 1      5.7                       1.9    3.8      0.4
  SINCE JUL 1      5.7                       1.9    3.8      0.4
  SNOW DEPTH       5

DEGREE DAYS
 HEATING
  TODAY           43                        27     16       29
  MONTH TO DATE  609                       469    140      476
  SINCE SEP 1   1239                      1084    155     1043
  SINCE JUL 1   1279                      1119    160     1078

 COOLING
  TODAY            0                         0      0        0
  MONTH TO DATE    0                         0      0        0
  SINCE SEP 1     43                        68    -25       73
  SINCE JAN 1    488                       625   -137      661
..................................................................


WIND (MPH)
  RESULTANT WIND SPEED  16   RESULTANT WIND DIRECTION   W (260)
  HIGHEST WIND SPEED    31   HIGHEST WIND DIRECTION     W (260)
  HIGHEST GUST SPEED    39   HIGHEST GUST DIRECTION     W (250)
  AVERAGE WIND SPEED    16.8


SKY COVER
  AVERAGE SKY COVER 0.9


WEATHER CONDITIONS
 THE FOLLOWING WEATHER WAS RECORDED TODAY.
  HEAVY SNOW
  SNOW
  LIGHT SNOW
  FOG
  FOG W/VISIBILITY <= 1/4 MILE
  HAZE
  BLOWING SNOW


RELATIVE HUMIDITY (PERCENT)
 HIGHEST    84           500 AM
 LOWEST     60          1200 PM
 AVERAGE    72

..........................................................


THE LANSING MI CLIMATE NORMALS FOR TOMORROW
                         NORMAL    RECORD    YEAR
 MAXIMUM TEMPERATURE (F)   44        69      1913
 MINIMUM TEMPERATURE (F)   31        -4      1880


SUNRISE AND SUNSET
NOVEMBER 20 2014......SUNRISE   736 AM EST   SUNSET   511 PM EST
NOVEMBER 21 2014......SUNRISE   738 AM EST   SUNSET   511 PM EST


-  INDICATES NEGATIVE NUMBERS.
R  INDICATES RECORD WAS SET OR TIED.
MM INDICATES DATA IS MISSING.
T  INDICATES TRACE AMOUNT.




$$

JAM
