351
CDUS43 KGRR 270517
CLILAN


CLIMATE REPORT
NATIONAL WEATHER SERVICE GRAND RAPIDS, MI
116 AM EDT MON MAR 27 2017


...................................

...THE LANSING MI CLIMATE SUMMARY FOR MARCH 26 2017...

CLIMATE NORMAL PERIOD 1981 TO 2010
CLIMATE RECORD PERIOD 1864 TO 2017


WEATHER ITEM   OBSERVED TIME   RECORD YEAR NORMAL DEPARTURE LAST
                VALUE   (LST)  VALUE       VALUE  FROM      YEAR
                                                  NORMAL
..................................................................
TEMPERATURE (F)
 YESTERDAY
  MAXIMUM         55    551 PM  76    2007  49      6       52
  MINIMUM         40    712 AM   2    2001  30     10       26
  AVERAGE         48                        39      9       39

PRECIPITATION (IN)
  YESTERDAY        0.10          1.70 1884   0.08   0.02     0.00
  MONTH TO DATE    2.35                      1.66   0.69     2.67
  SINCE MAR 1      2.35                      1.66   0.69     2.67
  SINCE JAN 1      8.63                      4.78   3.85     5.83

SNOWFALL (IN)
  YESTERDAY        0.0          10.5  1934   0.2   -0.2      0.0
  MONTH TO DATE    2.2                       6.3   -4.1      8.9
  SINCE MAR 1      2.2                       6.3   -4.1      8.9
  SINCE JUL 1     29.8                      48.5  -18.7     42.5
  SNOW DEPTH       0

DEGREE DAYS
 HEATING
  YESTERDAY       17                        26     -9       26
  MONTH TO DATE  811                       806      5      671
  SINCE MAR 1    811                       806      5      671
  SINCE JUL 1   4856                      5741   -885     4831

 COOLING
  YESTERDAY        0                         0      0        0
  MONTH TO DATE    0                         0      0        0
  SINCE MAR 1      0                         0      0        0
  SINCE JAN 1      0                         0      0        0
..................................................................


WIND (MPH)
  RESULTANT WIND SPEED   6   RESULTANT WIND DIRECTION  SE (120)
  HIGHEST WIND SPEED    15   HIGHEST WIND DIRECTION     E (110)
  HIGHEST GUST SPEED    19   HIGHEST GUST DIRECTION     E (100)
  AVERAGE WIND SPEED     7.6


SKY COVER
  AVERAGE SKY COVER 1.0


WEATHER CONDITIONS
 THE FOLLOWING WEATHER WAS RECORDED YESTERDAY.
  LIGHT RAIN
  FOG
  HAZE


RELATIVE HUMIDITY (PERCENT)
 HIGHEST    92           300 AM
 LOWEST     82           900 AM
 AVERAGE    87

..........................................................


THE LANSING MI CLIMATE NORMALS FOR TODAY
                         NORMAL    RECORD    YEAR
 MAXIMUM TEMPERATURE (F)   49        78      1989
                                             1945
 MINIMUM TEMPERATURE (F)   30        -6      1965


SUNRISE AND SUNSET
MARCH 27 2017.........SUNRISE   729 AM EDT   SUNSET   759 PM EDT
MARCH 28 2017.........SUNRISE   727 AM EDT   SUNSET   800 PM EDT


-  INDICATES NEGATIVE NUMBERS.
R  INDICATES RECORD WAS SET OR TIED.
MM INDICATES DATA IS MISSING.
T  INDICATES TRACE AMOUNT.




$$
