000
CDUS43 KGRR 212229
CLILAN


CLIMATE REPORT
NATIONAL WEATHER SERVICE GRAND RAPIDS, MI
529 PM EST WED JAN 21 2015


...................................

...THE LANSING MI CLIMATE SUMMARY FOR JANUARY 21 2015...
VALID TODAY AS OF 0500 PM LOCAL TIME.

CLIMATE NORMAL PERIOD 1981 TO 2010
CLIMATE RECORD PERIOD 1864 TO 2015


WEATHER ITEM   OBSERVED TIME   RECORD YEAR NORMAL DEPARTURE LAST
                VALUE   (LST)  VALUE       VALUE  FROM      YEAR
                                                  NORMAL
..................................................................
TEMPERATURE (F)
 TODAY
  MAXIMUM         28    159 AM  60    1906  30     -2        9
  MINIMUM         25    459 PM -19    1883  16      9       -5
  AVERAGE         27                        23      4        2

PRECIPITATION (IN)
  TODAY           MM             0.58 1959   0.05  MM        0.00
  MONTH TO DATE    1.14                      1.19  -0.05     1.74
  SINCE DEC 1      2.70                      3.06  -0.36     3.62
  SINCE JAN 1      1.14                      1.19  -0.05     1.74

SNOWFALL (IN)
  TODAY           MM            10.0  1904   0.5   MM        0.0
  MONTH TO DATE    8.5                       9.5   -1.0     17.1
  SINCE DEC 1     10.0                      22.5  -12.5     32.9
  SINCE JUL 1     16.2                      26.3  -10.1     33.6
  SNOW DEPTH       0

DEGREE DAYS
 HEATING
  TODAY           38                        42     -4       63
  MONTH TO DATE  963                       873     90      985
  SINCE DEC 1   1992                      2011    -19     2202
  SINCE JUL 1   3588                      3425    163     3648

 COOLING
  TODAY            0                         0      0        0
  MONTH TO DATE    0                         0      0        0
  SINCE DEC 1      0                         0      0        0
  SINCE JAN 1      0                         0      0        0
..................................................................


WIND (MPH)
  RESULTANT WIND SPEED   5   RESULTANT WIND DIRECTION   E (80)
  HIGHEST WIND SPEED    12   HIGHEST WIND DIRECTION     E (100)
  HIGHEST GUST SPEED    13   HIGHEST GUST DIRECTION     E (110)
  AVERAGE WIND SPEED     6.2


SKY COVER
  AVERAGE SKY COVER 1.0


WEATHER CONDITIONS
 THE FOLLOWING WEATHER WAS RECORDED TODAY.
  LT FREEZING RAIN
  SNOW
  LIGHT SNOW
  FOG
  FOG W/VISIBILITY <= 1/4 MILE
  HAZE


RELATIVE HUMIDITY (PERCENT)
 HIGHEST    92           800 AM
 LOWEST     78           200 AM
 AVERAGE    85

..........................................................


THE LANSING MI CLIMATE NORMALS FOR TOMORROW
                         NORMAL    RECORD    YEAR
 MAXIMUM TEMPERATURE (F)   30        56      1906
 MINIMUM TEMPERATURE (F)   16       -15      2000


SUNRISE AND SUNSET
JANUARY 21 2015.......SUNRISE   803 AM EST   SUNSET   537 PM EST
JANUARY 22 2015.......SUNRISE   802 AM EST   SUNSET   538 PM EST


-  INDICATES NEGATIVE NUMBERS.
R  INDICATES RECORD WAS SET OR TIED.
MM INDICATES DATA IS MISSING.
T  INDICATES TRACE AMOUNT.




$$
