000
CDUS43 KGRR 201836
CLILAN


CLIMATE REPORT...CORRECTED
NATIONAL WEATHER SERVICE GRAND RAPIDS, MI
233 PM EDT MON OCT 20 2014


...................................

...THE LANSING MI CLIMATE SUMMARY FOR OCTOBER 19 2014...

CLIMATE NORMAL PERIOD 1981 TO 2010
CLIMATE RECORD PERIOD 1864 TO 2014


WEATHER ITEM   OBSERVED TIME   RECORD YEAR NORMAL DEPARTURE LAST
                VALUE   (LST)  VALUE       VALUE  FROM      YEAR
                                                  NORMAL
..................................................................
TEMPERATURE (F)
 YESTERDAY
  MAXIMUM         53    250 PM  82    1920  59     -6       50
  MINIMUM         28    717 AM  16    1972  40    -12       40
  AVERAGE         41                        49     -8       45

PRECIPITATION (IN)
  YESTERDAY        0.00          1.34 1888   0.07  -0.07     0.11
  MONTH TO DATE    3.22                      1.58   1.64     1.60
  SINCE SEP 1      5.76                      5.08   0.68     2.58
  SINCE JAN 1     32.98                     26.17   6.81    35.50

SNOWFALL (IN)
  YESTERDAY        0.0           3.9  1989   0.1   -0.1      0.0
  MONTH TO DATE    0.0                       0.2   -0.2      0.0
  SINCE SEP 1      0.0                       0.2   -0.2      0.0
  SINCE JUL 1      0.0                       0.2   -0.2      0.0
  SNOW DEPTH       0

DEGREE DAYS
 HEATING
  YESTERDAY       24                        16      8       20
  MONTH TO DATE  253                       247      6      159
  SINCE SEP 1    413                       400     13      315
  SINCE JUL 1    453                       435     18      350

 COOLING
  YESTERDAY        0                         0      0        0
  MONTH TO DATE    0                         4     -4       10
  SINCE SEP 1     43                        65    -22       73
  SINCE JAN 1    488                       622   -134      661
..................................................................


WIND (MPH)
  RESULTANT WIND SPEED   5   RESULTANT WIND DIRECTION  SW (220)
  HIGHEST WIND SPEED    15   HIGHEST WIND DIRECTION    SW (230)
  HIGHEST GUST SPEED    18   HIGHEST GUST DIRECTION    SW (240)
  AVERAGE WIND SPEED     5.9


SKY COVER
  AVERAGE SKY COVER 0.2


WEATHER CONDITIONS
 THE FOLLOWING WEATHER WAS RECORDED YESTERDAY.
  FOG


RELATIVE HUMIDITY (PERCENT)
 HIGHEST   100           800 AM
 LOWEST     54           100 PM
 AVERAGE    77

..........................................................


THE LANSING MI CLIMATE NORMALS FOR TODAY
                         NORMAL    RECORD    YEAR
 MAXIMUM TEMPERATURE (F)   58        82      1953
                                             1920
 MINIMUM TEMPERATURE (F)   40        17      1972


SUNRISE AND SUNSET
OCTOBER 20 2014.......SUNRISE   758 AM EDT   SUNSET   648 PM EDT
OCTOBER 21 2014.......SUNRISE   759 AM EDT   SUNSET   647 PM EDT


-  INDICATES NEGATIVE NUMBERS.
R  INDICATES RECORD WAS SET OR TIED.
MM INDICATES DATA IS MISSING.
T  INDICATES TRACE AMOUNT.




$$
