000
CDUS43 KGRR 130517
CLILAN


CLIMATE REPORT
NATIONAL WEATHER SERVICE GRAND RAPIDS, MI
116 AM EDT SUN APR 13 2014


...................................

...THE LANSING MI CLIMATE SUMMARY FOR APRIL 12 2014...

CLIMATE NORMAL PERIOD 1981 TO 2010
CLIMATE RECORD PERIOD 1864 TO 2014


WEATHER ITEM   OBSERVED TIME   RECORD YEAR NORMAL DEPARTURE LAST
                VALUE   (LST)  VALUE       VALUE  FROM      YEAR
                                                  NORMAL
..................................................................
TEMPERATURE (F)
 YESTERDAY
  MAXIMUM         72   1150 AM  83    1977  56     16       41
  MINIMUM         39    446 AM  11    1868  36      3       33
  AVERAGE         56                        46     10       37

PRECIPITATION (IN)
  YESTERDAY        T             1.25 1889   0.11  -0.11     0.30
  MONTH TO DATE    0.37                      1.20  -0.83     3.71
  SINCE MAR 1      2.06                      3.26  -1.20     4.67
  SINCE JAN 1      5.98                      6.38  -0.40     9.89

SNOWFALL (IN)
  YESTERDAY        0.0           2.0  1932   0.1   -0.1      0.0
  MONTH TO DATE    T                         1.2   -1.2       T
  SINCE MAR 1     10.4                       8.2    2.2      5.2
  SINCE JUL 1     68.4                      50.4   18.0     29.7
  SNOW DEPTH       0

DEGREE DAYS
 HEATING
  YESTERDAY        9                        19    -10       28
  MONTH TO DATE  242                       254    -12      317
  SINCE MAR 1   1452                      1183    269     1365
  SINCE JUL 1   6993                      6118    875     6043

 COOLING
  YESTERDAY        0                         0      0        0
  MONTH TO DATE    0                         0      0        0
  SINCE MAR 1      0                         1     -1        0
  SINCE JAN 1      0                         1     -1        0
..................................................................


WIND (MPH)
  RESULTANT WIND SPEED   2   RESULTANT WIND DIRECTION   E (110)
  HIGHEST WIND SPEED    35   HIGHEST WIND DIRECTION     N (340)
  HIGHEST GUST SPEED    48   HIGHEST GUST DIRECTION     N (340)
  AVERAGE WIND SPEED     8.0


SKY COVER
  AVERAGE SKY COVER 0.5


WEATHER CONDITIONS
 THE FOLLOWING WEATHER WAS RECORDED YESTERDAY.
  LIGHT RAIN


RELATIVE HUMIDITY (PERCENT)
 HIGHEST    86          1000 PM
 LOWEST     22          1200 PM
 AVERAGE    54

..........................................................


THE LANSING MI CLIMATE NORMALS FOR TODAY
                         NORMAL    RECORD    YEAR
 MAXIMUM TEMPERATURE (F)   57        82      1941
 MINIMUM TEMPERATURE (F)   36        17      1950
                                             1869


SUNRISE AND SUNSET
APRIL 13 2014.........SUNRISE   700 AM EDT   SUNSET   818 PM EDT
APRIL 14 2014.........SUNRISE   659 AM EDT   SUNSET   819 PM EDT


-  INDICATES NEGATIVE NUMBERS.
R  INDICATES RECORD WAS SET OR TIED.
MM INDICATES DATA IS MISSING.
T  INDICATES TRACE AMOUNT.




$$
