000
CDUS43 KGRR 190511
CLILAN


CLIMATE REPORT
NATIONAL WEATHER SERVICE GRAND RAPIDS, MI
111 AM EDT TUE AUG 19 2014


...................................

...THE LANSING MI CLIMATE SUMMARY FOR AUGUST 18 2014...

CLIMATE NORMAL PERIOD 1981 TO 2010
CLIMATE RECORD PERIOD 1864 TO 2014


WEATHER ITEM   OBSERVED TIME   RECORD YEAR NORMAL DEPARTURE LAST
                VALUE   (LST)  VALUE       VALUE  FROM      YEAR
                                                  NORMAL
..................................................................
TEMPERATURE (F)
 YESTERDAY
  MAXIMUM         79    414 PM  95    1947  80     -1       81
                                      1899
  MINIMUM         58    626 AM  40    1896  60     -2       53
                                      1895
  AVERAGE         69                        70     -1       67

PRECIPITATION (IN)
  YESTERDAY        0.00          1.26 1988   0.10  -0.10     0.00
  MONTH TO DATE    3.16                      1.90   1.26     1.30
  SINCE JUN 1     14.42                      8.19   6.23    11.45
  SINCE JAN 1     25.63                     19.76   5.87    29.45

SNOWFALL (IN)
  YESTERDAY        0.0           0.0    MM   0.0    0.0      0.0
  MONTH TO DATE    0.0                       0.0    0.0      0.0
  SINCE JUN 1      0.0                       0.0    0.0      0.0
  SINCE JUL 1      0.0                       0.0    0.0      0.0
  SNOW DEPTH       0

DEGREE DAYS
 HEATING
  YESTERDAY        0                         1     -1        0
  MONTH TO DATE   10                        14     -4       19
  SINCE JUN 1     63                        80    -17       85
  SINCE JUL 1     39                        25     14       35

 COOLING
  YESTERDAY        4                         5     -1        2
  MONTH TO DATE   61                       107    -46       41
  SINCE JUN 1    312                       452   -140      400
  SINCE JAN 1    351                       493   -142      473
..................................................................


WIND (MPH)
  RESULTANT WIND SPEED   4   RESULTANT WIND DIRECTION   E (110)
  HIGHEST WIND SPEED    14   HIGHEST WIND DIRECTION    SE (140)
  HIGHEST GUST SPEED    20   HIGHEST GUST DIRECTION    NE (60)
  AVERAGE WIND SPEED     5.6


SKY COVER
  AVERAGE SKY COVER 0.5


WEATHER CONDITIONS
 THE FOLLOWING WEATHER WAS RECORDED YESTERDAY.
  NO SIGNIFICANT WEATHER WAS OBSERVED.


RELATIVE HUMIDITY (PERCENT)
 HIGHEST    93           600 AM
 LOWEST     58           300 PM
 AVERAGE    76

..........................................................


THE LANSING MI CLIMATE NORMALS FOR TODAY
                         NORMAL    RECORD    YEAR
 MAXIMUM TEMPERATURE (F)   80        98      1955
 MINIMUM TEMPERATURE (F)   59        37      1977


SUNRISE AND SUNSET
AUGUST 19 2014........SUNRISE   649 AM EDT   SUNSET   834 PM EDT
AUGUST 20 2014........SUNRISE   650 AM EDT   SUNSET   833 PM EDT


-  INDICATES NEGATIVE NUMBERS.
R  INDICATES RECORD WAS SET OR TIED.
MM INDICATES DATA IS MISSING.
T  INDICATES TRACE AMOUNT.




$$
