000
CDUS43 KGRR 102245
CLILAN


CLIMATE REPORT
NATIONAL WEATHER SERVICE GRAND RAPIDS, MI
544 PM EST SAT FEB 10 2018


...................................

...THE LANSING MI CLIMATE SUMMARY FOR FEBRUARY 10 2018...
VALID TODAY AS OF 0500 PM LOCAL TIME.

CLIMATE NORMAL PERIOD 1981 TO 2010
CLIMATE RECORD PERIOD 1864 TO 2018


WEATHER ITEM   OBSERVED TIME   RECORD YEAR NORMAL DEPARTURE LAST
                VALUE   (LST)  VALUE       VALUE  FROM      YEAR
                                                  NORMAL
..................................................................
TEMPERATURE (F)
 TODAY
  MAXIMUM         20    459 PM  60    2009  32    -12       36
  MINIMUM         17   1142 AM -28    1868  18     -1       14
  AVERAGE         19                        25     -6       25

PRECIPITATION (IN)
  TODAY            0.08          1.25 1881   0.05   0.03      T
  MONTH TO DATE    0.94                      0.46   0.48     0.78
  SINCE DEC 1      4.24                      3.98   0.26     6.19
  SINCE JAN 1      2.92                      2.11   0.81     4.43

SNOWFALL (IN)
  TODAY            1.2           5.0  1892   0.4    0.8       T
  MONTH TO DATE   11.6                       4.3    7.3      1.9
  SINCE DEC 1     41.2                      31.1   10.1     27.1
  SINCE JUL 1     41.6                      34.9    6.7     27.1
  SNOW DEPTH      10

DEGREE DAYS
 HEATING
  TODAY           46                        40      6       40
  MONTH TO DATE  474                       408     66      398
  SINCE DEC 1   2993                      2834    159     2648
  SINCE JUL 1   4249                      4248      1     3623

 COOLING
  TODAY            0                         0      0        0
  MONTH TO DATE    0                         0      0        0
  SINCE DEC 1      0                         0      0        0
  SINCE JAN 1      0                         0      0        0
..................................................................


WIND (MPH)
  RESULTANT WIND SPEED   5   RESULTANT WIND DIRECTION   N (0)
  HIGHEST WIND SPEED    10   HIGHEST WIND DIRECTION     N (360)
  HIGHEST GUST SPEED    12   HIGHEST GUST DIRECTION     N (360)
  AVERAGE WIND SPEED     4.8


SKY COVER
  AVERAGE SKY COVER 1.0


WEATHER CONDITIONS
 THE FOLLOWING WEATHER WAS RECORDED TODAY.
  LIGHT SNOW
  FOG


RELATIVE HUMIDITY (PERCENT)
 HIGHEST    92          1200 AM
 LOWEST     77           500 PM
 AVERAGE    85

..........................................................


THE LANSING MI CLIMATE NORMALS FOR TOMORROW
                         NORMAL    RECORD    YEAR
 MAXIMUM TEMPERATURE (F)   32        69      1999
 MINIMUM TEMPERATURE (F)   18       -22      1899
                                             1885


SUNRISE AND SUNSET
FEBRUARY 10 2018......SUNRISE   742 AM EST   SUNSET   604 PM EST
FEBRUARY 11 2018......SUNRISE   741 AM EST   SUNSET   605 PM EST


-  INDICATES NEGATIVE NUMBERS.
R  INDICATES RECORD WAS SET OR TIED.
MM INDICATES DATA IS MISSING.
T  INDICATES TRACE AMOUNT.




$$

JAM
