000
CDUS43 KGRR 150532
CLILAN


CLIMATE REPORT
NATIONAL WEATHER SERVICE GRAND RAPIDS, MI
131 AM EDT WED MAR 15 2017


...................................

...THE LANSING MI CLIMATE SUMMARY FOR MARCH 14 2017...

CLIMATE NORMAL PERIOD 1981 TO 2010
CLIMATE RECORD PERIOD 1864 TO 2017


WEATHER ITEM   OBSERVED TIME   RECORD YEAR NORMAL DEPARTURE LAST
                VALUE   (LST)  VALUE       VALUE  FROM      YEAR
                                                  NORMAL
..................................................................
TEMPERATURE (F)
 YESTERDAY
  MAXIMUM         24    411 PM  79    2012  43    -19       52
  MINIMUM         13    720 AM  -2    1877  25    -12       45
  AVERAGE         19                        34    -15       49

PRECIPITATION (IN)
  YESTERDAY        T             0.90 1904   0.07  -0.07     0.04
  MONTH TO DATE    0.61                      0.85  -0.24     1.77
  SINCE MAR 1      0.61                      0.85  -0.24     1.77
  SINCE JAN 1      6.89                      3.97   2.92     4.93

SNOWFALL (IN)
  YESTERDAY        T            10.0  1904   0.2   -0.2      0.0
  MONTH TO DATE    1.6                       4.0   -2.4      8.9
  SINCE MAR 1      1.6                       4.0   -2.4      8.9
  SINCE JUL 1     29.2                      46.2  -17.0     42.5
  SNOW DEPTH       1

DEGREE DAYS
 HEATING
  YESTERDAY       46                        31     15       16
  MONTH TO DATE  476                       467      9      369
  SINCE MAR 1    476                       467      9      369
  SINCE JUL 1   4521                      5402   -881     4529

 COOLING
  YESTERDAY        0                         0      0        0
  MONTH TO DATE    0                         0      0        0
  SINCE MAR 1      0                         0      0        0
  SINCE JAN 1      0                         0      0        0
..................................................................


WIND (MPH)
  RESULTANT WIND SPEED  11   RESULTANT WIND DIRECTION   N (350)
  HIGHEST WIND SPEED    22   HIGHEST WIND DIRECTION     N (360)
  HIGHEST GUST SPEED    32   HIGHEST GUST DIRECTION     N (340)
  AVERAGE WIND SPEED    11.0


SKY COVER
  AVERAGE SKY COVER 0.3


WEATHER CONDITIONS
 THE FOLLOWING WEATHER WAS RECORDED YESTERDAY.
  LIGHT SNOW
  FOG


RELATIVE HUMIDITY (PERCENT)
 HIGHEST    88           100 AM
 LOWEST     34           500 PM
 AVERAGE    61

..........................................................


THE LANSING MI CLIMATE NORMALS FOR TODAY
                         NORMAL    RECORD    YEAR
 MAXIMUM TEMPERATURE (F)   44        78      2012
 MINIMUM TEMPERATURE (F)   26       -10      1900


SUNRISE AND SUNSET
MARCH 15 2017.........SUNRISE   750 AM EDT   SUNSET   745 PM EDT
MARCH 16 2017.........SUNRISE   748 AM EDT   SUNSET   746 PM EDT


-  INDICATES NEGATIVE NUMBERS.
R  INDICATES RECORD WAS SET OR TIED.
MM INDICATES DATA IS MISSING.
T  INDICATES TRACE AMOUNT.




$$
