000
CDUS43 KGRR 170523
CLILAN


CLIMATE REPORT
NATIONAL WEATHER SERVICE GRAND RAPIDS, MI
123 AM EDT SUN JUL 17 2016


...................................

...THE LANSING MI CLIMATE SUMMARY FOR JULY 16 2016...

CLIMATE NORMAL PERIOD 1981 TO 2010
CLIMATE RECORD PERIOD 1864 TO 2016


WEATHER ITEM   OBSERVED TIME   RECORD YEAR NORMAL DEPARTURE LAST
                VALUE   (LST)  VALUE       VALUE  FROM      YEAR
                                                  NORMAL
..................................................................
TEMPERATURE (F)
 YESTERDAY
  MAXIMUM         77    609 PM  98    1988  83     -6       76
                                      1895
  MINIMUM         56   1136 PM  39    1896  61     -5       52
                                      1865
  AVERAGE         67                        72     -5       64

PRECIPITATION (IN)
  YESTERDAY        0.00          1.33 1988   0.09  -0.09      T
  MONTH TO DATE    1.87                      1.46   0.41     1.71
  SINCE JUN 1      2.46                      4.91  -2.45    10.78
  SINCE JAN 1     15.37                     16.48  -1.11    18.83

SNOWFALL (IN)
  YESTERDAY        0.0           0.0    MM   0.0    0.0      0.0
  MONTH TO DATE    0.0                       0.0    0.0      0.0
  SINCE JUN 1      0.0                       0.0    0.0      0.0
  SINCE JUL 1      0.0                       0.0    0.0      0.0
  SNOW DEPTH       0

DEGREE DAYS
 HEATING
  YESTERDAY        0                         0      0        1
  MONTH TO DATE    3                         2      1       12
  SINCE JUN 1     37                        57    -20       48
  SINCE JUL 1      3                         2      1       12

 COOLING
  YESTERDAY        2                         7     -5        0
  MONTH TO DATE  119                       112      7       44
  SINCE JUN 1    267                       244     23      131
  SINCE JAN 1    329                       285     44      190
..................................................................


WIND (MPH)
  RESULTANT WIND SPEED   3   RESULTANT WIND DIRECTION   N (350)
  HIGHEST WIND SPEED    10   HIGHEST WIND DIRECTION     W (290)
  HIGHEST GUST SPEED    14   HIGHEST GUST DIRECTION     W (270)
  AVERAGE WIND SPEED     4.4


SKY COVER
  AVERAGE SKY COVER 0.5


WEATHER CONDITIONS
 THE FOLLOWING WEATHER WAS RECORDED YESTERDAY.
  NO SIGNIFICANT WEATHER WAS OBSERVED.


RELATIVE HUMIDITY (PERCENT)
 HIGHEST    90           600 AM
 LOWEST     36           700 PM
 AVERAGE    63

..........................................................


THE LANSING MI CLIMATE NORMALS FOR TODAY
                         NORMAL    RECORD    YEAR
 MAXIMUM TEMPERATURE (F)   83       101      1868
 MINIMUM TEMPERATURE (F)   61        41      1863


SUNRISE AND SUNSET
JULY 17 2016..........SUNRISE   616 AM EDT   SUNSET   913 PM EDT
JULY 18 2016..........SUNRISE   617 AM EDT   SUNSET   912 PM EDT


-  INDICATES NEGATIVE NUMBERS.
R  INDICATES RECORD WAS SET OR TIED.
MM INDICATES DATA IS MISSING.
T  INDICATES TRACE AMOUNT.




$$
