000
CDUS43 KGRR 120515
CLILAN


CLIMATE REPORT
NATIONAL WEATHER SERVICE GRAND RAPIDS, MI
115 AM EDT SAT APR 12 2014


...................................

...THE LANSING MI CLIMATE SUMMARY FOR APRIL 11 2014...

CLIMATE NORMAL PERIOD 1981 TO 2010
CLIMATE RECORD PERIOD 1864 TO 2014


WEATHER ITEM   OBSERVED TIME   RECORD YEAR NORMAL DEPARTURE LAST
                VALUE   (LST)  VALUE       VALUE  FROM      YEAR
                                                  NORMAL
..................................................................
TEMPERATURE (F)
 YESTERDAY
  MAXIMUM         66    411 PM  82    1977  56     10       37
  MINIMUM         33    637 AM  13    1874  36     -3       34
  AVERAGE         50                        46      4       36

PRECIPITATION (IN)
  YESTERDAY        0.00          1.60 1871   0.10  -0.10     1.16
  MONTH TO DATE    0.37                      1.09  -0.72     3.41
  SINCE MAR 1      2.06                      3.15  -1.09     4.37
  SINCE JAN 1      5.98                      6.27  -0.29     9.59

SNOWFALL (IN)
  YESTERDAY        0.0           5.2  2007   0.1   -0.1      0.0
  MONTH TO DATE    T                         1.1   -1.1       T
  SINCE MAR 1     10.4                       8.1    2.3      5.2
  SINCE JUL 1     68.4                      50.3   18.1     29.7
  SNOW DEPTH       0

DEGREE DAYS
 HEATING
  YESTERDAY       15                        19     -4       29
  MONTH TO DATE  233                       235     -2      289
  SINCE MAR 1   1443                      1164    279     1337
  SINCE JUL 1   6984                      6099    885     6015

 COOLING
  YESTERDAY        0                         0      0        0
  MONTH TO DATE    0                         0      0        0
  SINCE MAR 1      0                         1     -1        0
  SINCE JAN 1      0                         1     -1        0
..................................................................


WIND (MPH)
  RESULTANT WIND SPEED   3   RESULTANT WIND DIRECTION   W (280)
  HIGHEST WIND SPEED    25   HIGHEST WIND DIRECTION     W (280)
  HIGHEST GUST SPEED    32   HIGHEST GUST DIRECTION     W (290)
  AVERAGE WIND SPEED     4.3


SKY COVER
  AVERAGE SKY COVER 0.1


WEATHER CONDITIONS
 THE FOLLOWING WEATHER WAS RECORDED YESTERDAY.
  NO SIGNIFICANT WEATHER WAS OBSERVED.


RELATIVE HUMIDITY (PERCENT)
 HIGHEST    89           700 AM
 LOWEST     18           400 PM
 AVERAGE    54

..........................................................


THE LANSING MI CLIMATE NORMALS FOR TODAY
                         NORMAL    RECORD    YEAR
 MAXIMUM TEMPERATURE (F)   56        83      1977
 MINIMUM TEMPERATURE (F)   36        11      1868


SUNRISE AND SUNSET
APRIL 12 2014.........SUNRISE   702 AM EDT   SUNSET   817 PM EDT
APRIL 13 2014.........SUNRISE   700 AM EDT   SUNSET   818 PM EDT


-  INDICATES NEGATIVE NUMBERS.
R  INDICATES RECORD WAS SET OR TIED.
MM INDICATES DATA IS MISSING.
T  INDICATES TRACE AMOUNT.




$$
