553
CDUS43 KGRR 240520
CLILAN


CLIMATE REPORT
NATIONAL WEATHER SERVICE GRAND RAPIDS, MI
1219 AM EST FRI FEB 24 2017


...................................

...THE LANSING MI CLIMATE SUMMARY FOR FEBRUARY 23 2017...

CLIMATE NORMAL PERIOD 1981 TO 2010
CLIMATE RECORD PERIOD 1864 TO 2017


WEATHER ITEM   OBSERVED TIME   RECORD YEAR NORMAL DEPARTURE LAST
                VALUE   (LST)  VALUE       VALUE  FROM      YEAR
                                                  NORMAL
..................................................................
TEMPERATURE (F)
 YESTERDAY
  MAXIMUM         58    342 AM  64    1984  36     22       45
  MINIMUM         42   1159 PM -17    1894  20     22       22
  AVERAGE         50                        28     22       34

PRECIPITATION (IN)
  YESTERDAY        0.06          1.60 1985   0.06   0.00     0.00
  MONTH TO DATE    1.16                      1.16   0.00     0.81
  SINCE DEC 1      6.57                      4.68   1.89     4.98
  SINCE JAN 1      4.81                      2.81   2.00     2.26

SNOWFALL (IN)
  YESTERDAY        0.0           4.5  1893   0.4   -0.4      0.0
  MONTH TO DATE    2.3                       9.7   -7.4      5.3
  SINCE DEC 1     27.5                      36.5   -9.0     15.0
  SINCE JUL 1     27.5                      40.3  -12.8     23.2
  SNOW DEPTH       0

DEGREE DAYS
 HEATING
  YESTERDAY       15                        37    -22       31
  MONTH TO DATE  695                       912   -217      853
  SINCE DEC 1   2945                      3338   -393     2861
  SINCE JUL 1   3920                      4752   -832     3969

 COOLING
  YESTERDAY        0                         0      0        0
  MONTH TO DATE    0                         0      0        0
  SINCE DEC 1      0                         0      0        0
  SINCE JAN 1      0                         0      0        0
..................................................................


WIND (MPH)
  RESULTANT WIND SPEED   5   RESULTANT WIND DIRECTION   W (270)
  HIGHEST WIND SPEED    21   HIGHEST WIND DIRECTION    SW (210)
  HIGHEST GUST SPEED    28   HIGHEST GUST DIRECTION    SW (210)
  AVERAGE WIND SPEED    10.7


SKY COVER
  AVERAGE SKY COVER 0.3


WEATHER CONDITIONS
 THE FOLLOWING WEATHER WAS RECORDED YESTERDAY.
  LIGHT RAIN


RELATIVE HUMIDITY (PERCENT)
 HIGHEST    86          1200 AM
 LOWEST     55           200 PM
 AVERAGE    71

..........................................................


THE LANSING MI CLIMATE NORMALS FOR TODAY
                         NORMAL    RECORD    YEAR
 MAXIMUM TEMPERATURE (F)   36        57      1871
 MINIMUM TEMPERATURE (F)   20       -12      1881


SUNRISE AND SUNSET
FEBRUARY 24 2017......SUNRISE   722 AM EST   SUNSET   622 PM EST
FEBRUARY 25 2017......SUNRISE   720 AM EST   SUNSET   623 PM EST


-  INDICATES NEGATIVE NUMBERS.
R  INDICATES RECORD WAS SET OR TIED.
MM INDICATES DATA IS MISSING.
T  INDICATES TRACE AMOUNT.




$$
