000
CDUS43 KGRR 250526
CLILAN


CLIMATE REPORT
NATIONAL WEATHER SERVICE GRAND RAPIDS, MI
1226 AM EST WED FEB 25 2015


...................................

...THE LANSING MI CLIMATE SUMMARY FOR FEBRUARY 24 2015...

CLIMATE NORMAL PERIOD 1981 TO 2010
CLIMATE RECORD PERIOD 1864 TO 2015


WEATHER ITEM   OBSERVED TIME   RECORD YEAR NORMAL DEPARTURE LAST
                VALUE   (LST)  VALUE       VALUE  FROM      YEAR
                                                  NORMAL
..................................................................
TEMPERATURE (F)
 YESTERDAY
  MAXIMUM         23   1003 PM  57    1871  36    -13       22
  MINIMUM          5    538 AM -12    1881  20    -15       14
  AVERAGE         14                        28    -14       18

PRECIPITATION (IN)
  YESTERDAY        0.06          0.83 2001   0.06   0.00      T
  MONTH TO DATE    0.87                      1.22  -0.35     1.70
  SINCE DEC 1      3.78                      4.74  -0.96     5.74
  SINCE JAN 1      2.22                      2.87  -0.65     3.86

SNOWFALL (IN)
  YESTERDAY        1.1           7.0  1881   0.4    0.7      0.3
  MONTH TO DATE   14.5                      10.1    4.4     17.0
  SINCE DEC 1     27.2                      36.9   -9.7     56.3
  SINCE JUL 1     33.4                      40.7   -7.3     57.0
  SNOW DEPTH       7

DEGREE DAYS
 HEATING
  YESTERDAY       51                        37     14       47
  MONTH TO DATE 1261                       949    312     1119
  SINCE DEC 1   3668                      3375    293     3865
  SINCE JUL 1   5264                      4789    475     5311

 COOLING
  YESTERDAY        0                         0      0        0
  MONTH TO DATE    0                         0      0        0
  SINCE DEC 1      0                         0      0        0
  SINCE JAN 1      0                         0      0        0
..................................................................


WIND (MPH)
  RESULTANT WIND SPEED  18   RESULTANT WIND DIRECTION  SW (220)
  HIGHEST WIND SPEED    29   HIGHEST WIND DIRECTION    SW (230)
  HIGHEST GUST SPEED    36   HIGHEST GUST DIRECTION    SW (210)
  AVERAGE WIND SPEED    17.6


SKY COVER
  AVERAGE SKY COVER 0.6


WEATHER CONDITIONS
 THE FOLLOWING WEATHER WAS RECORDED YESTERDAY.
  SNOW
  LIGHT SNOW
  FOG
  HAZE


RELATIVE HUMIDITY (PERCENT)
 HIGHEST    77           800 PM
 LOWEST     45          1000 AM
 AVERAGE    61

..........................................................


THE LANSING MI CLIMATE NORMALS FOR TODAY
                         NORMAL    RECORD    YEAR
 MAXIMUM TEMPERATURE (F)   36        63      1976
 MINIMUM TEMPERATURE (F)   20       -16      1993


SUNRISE AND SUNSET
FEBRUARY 25 2015......SUNRISE   721 AM EST   SUNSET   623 PM EST
FEBRUARY 26 2015......SUNRISE   719 AM EST   SUNSET   624 PM EST


-  INDICATES NEGATIVE NUMBERS.
R  INDICATES RECORD WAS SET OR TIED.
MM INDICATES DATA IS MISSING.
T  INDICATES TRACE AMOUNT.




$$
