000
CDUS43 KGRR 101430
CLILAN


CLIMATE REPORT
NATIONAL WEATHER SERVICE GRAND RAPIDS, MI
927 AM EST WED JAN 10 2018


...................................

...THE LANSING MI CLIMATE SUMMARY FOR JANUARY 10 2018...
VALID AS OF 0900 AM LOCAL TIME.

CLIMATE NORMAL PERIOD 1981 TO 2010
CLIMATE RECORD PERIOD 1864 TO 2018


WEATHER ITEM   OBSERVED TIME   RECORD YEAR NORMAL DEPARTURE LAST
                VALUE   (LST)  VALUE       VALUE  FROM      YEAR
                                                  NORMAL
..................................................................
TEMPERATURE (F)
 TODAY
  MAXIMUM         32    859 AM  55    1975  30      2       47
  MINIMUM         27    349 AM -18    1984  17     10       26
  AVERAGE         30                        24      6       37

PRECIPITATION (IN)
  TODAY            0.00          0.70 1924   0.06  -0.06     0.43
  MONTH TO DATE    0.21                      0.60  -0.39     1.05
  SINCE DEC 1      1.53                      2.47  -0.94     2.81
  SINCE JAN 1      0.21                      0.60  -0.39     1.05

SNOWFALL (IN)
  TODAY            0.0           7.0  1895   0.4   -0.4      2.1
  MONTH TO DATE    1.4                       4.5   -3.1      3.6
  SINCE DEC 1     18.8                      17.5    1.3     19.7
  SINCE JUL 1     19.2                      21.3   -2.1     19.7
  SNOW DEPTH       5

DEGREE DAYS
 HEATING
  TODAY           35                        42     -7       28
  MONTH TO DATE  506                       411     95      423
  SINCE DEC 1   1769                      1549    220     1565
  SINCE JUL 1   3025                      2963     62     2540

 COOLING
  TODAY            0                         0      0        0
  MONTH TO DATE    0                         0      0        0
  SINCE DEC 1      0                         0      0        0
  SINCE JAN 1      0                         0      0        0
..................................................................


WIND (MPH)
  RESULTANT WIND SPEED  12   RESULTANT WIND DIRECTION  SE (150)
  HIGHEST WIND SPEED    17   HIGHEST WIND DIRECTION     S (160)
  HIGHEST GUST SPEED    22   HIGHEST GUST DIRECTION    SE (150)
  AVERAGE WIND SPEED    12.2


SKY COVER
  AVERAGE SKY COVER 0.9


WEATHER CONDITIONS
 THE FOLLOWING WEATHER WAS RECORDED TODAY.
  FOG


RELATIVE HUMIDITY (PERCENT)
 HIGHEST   100           100 AM
 LOWEST     92          1200 AM
 AVERAGE    96

..........................................................


THE LANSING MI CLIMATE NORMALS FOR TOMORROW
                         NORMAL    RECORD    YEAR
 MAXIMUM TEMPERATURE (F)   30        63      1890
 MINIMUM TEMPERATURE (F)   17       -18      1984


SUNRISE AND SUNSET
JANUARY 10 2018.......SUNRISE   808 AM EST   SUNSET   524 PM EST
JANUARY 11 2018.......SUNRISE   808 AM EST   SUNSET   525 PM EST


-  INDICATES NEGATIVE NUMBERS.
R  INDICATES RECORD WAS SET OR TIED.
MM INDICATES DATA IS MISSING.
T  INDICATES TRACE AMOUNT.




$$

63
