000
CDUS43 KGRR 102138
CLILAN


CLIMATE REPORT
NATIONAL WEATHER SERVICE GRAND RAPIDS, MI
536 PM EDT THU AUG 10 2017


...................................

...THE LANSING MI CLIMATE SUMMARY FOR AUGUST 10 2017...
VALID TODAY AS OF 0500 PM LOCAL TIME.

CLIMATE NORMAL PERIOD 1981 TO 2010
CLIMATE RECORD PERIOD 1864 TO 2017


WEATHER ITEM   OBSERVED TIME   RECORD YEAR NORMAL DEPARTURE LAST
                VALUE   (LST)  VALUE       VALUE  FROM      YEAR
                                                  NORMAL
..................................................................
TEMPERATURE (F)
 TODAY
  MAXIMUM         83    343 PM  98    1864  81      2       93
  MINIMUM         59    633 AM  40    1972  60     -1       63
  AVERAGE         71                        70      1       78

PRECIPITATION (IN)
  TODAY            0.00          3.77 2015   0.11  -0.11     0.00
  MONTH TO DATE    0.71                      1.04  -0.33     0.00
  SINCE JUN 1      7.16                      7.33  -0.17     3.94
  SINCE JAN 1     24.22                     18.90   5.32    16.85

SNOWFALL (IN)
  TODAY            0.0           T    1950   0.0    0.0      0.0
  MONTH TO DATE    0.0                       0.0    0.0      0.0
  SINCE JUN 1      0.0                       0.0    0.0      0.0
  SINCE JUL 1      0.0                       0.0    0.0      0.0
  SNOW DEPTH       0

DEGREE DAYS
 HEATING
  TODAY            0                         1     -1        0
  MONTH TO DATE    2                         6     -4        0
  SINCE JUN 1     15                        72    -57       37
  SINCE JUL 1      2                        17    -15        3

 COOLING
  TODAY            6                         6      0       13
  MONTH TO DATE   44                        60    -16       99
  SINCE JUN 1    511                       405    106      521
  SINCE JAN 1    546                       446    100      583
..................................................................


WIND (MPH)
  RESULTANT WIND SPEED   3   RESULTANT WIND DIRECTION  SW (210)
  HIGHEST WIND SPEED    14   HIGHEST WIND DIRECTION    SW (240)
  HIGHEST GUST SPEED    17   HIGHEST GUST DIRECTION     S (190)
  AVERAGE WIND SPEED     3.2


SKY COVER
  AVERAGE SKY COVER 0.2


WEATHER CONDITIONS
 THE FOLLOWING WEATHER WAS RECORDED TODAY.
  NO SIGNIFICANT WEATHER WAS OBSERVED.


RELATIVE HUMIDITY (PERCENT)
 HIGHEST    90           100 AM
 LOWEST     33           300 PM
 AVERAGE    62

..........................................................


THE LANSING MI CLIMATE NORMALS FOR TOMORROW
                         NORMAL    RECORD    YEAR
 MAXIMUM TEMPERATURE (F)   81       101      1874
                                             1864
 MINIMUM TEMPERATURE (F)   60        39      1868
                                             1865


SUNRISE AND SUNSET
AUGUST 10 2017........SUNRISE   640 AM EDT   SUNSET   847 PM EDT
AUGUST 11 2017........SUNRISE   641 AM EDT   SUNSET   846 PM EDT


-  INDICATES NEGATIVE NUMBERS.
R  INDICATES RECORD WAS SET OR TIED.
MM INDICATES DATA IS MISSING.
T  INDICATES TRACE AMOUNT.




$$
