000
CDUS43 KGRR 180517
CLILAN


CLIMATE REPORT
NATIONAL WEATHER SERVICE GRAND RAPIDS, MI
116 AM EDT SUN SEP 18 2016


...................................

...THE LANSING MI CLIMATE SUMMARY FOR SEPTEMBER 17 2016...

CLIMATE NORMAL PERIOD 1981 TO 2010
CLIMATE RECORD PERIOD 1864 TO 2016


WEATHER ITEM   OBSERVED TIME   RECORD YEAR NORMAL DEPARTURE LAST
                VALUE   (LST)  VALUE       VALUE  FROM      YEAR
                                                  NORMAL
..................................................................
TEMPERATURE (F)
 YESTERDAY
  MAXIMUM         78    319 PM  93    1955  72      6       83
                                      1906
  MINIMUM         64   1159 PM  26    1875  51     13       58
                                      1868
  AVERAGE         71                        62      9       71

PRECIPITATION (IN)
  YESTERDAY        0.64          1.74 1905   0.12   0.52      T
  MONTH TO DATE    1.43                      1.94  -0.51     0.57
  SINCE SEP 1      1.43                      1.94  -0.51     0.57
  SINCE JAN 1     24.91                     23.03   1.88    26.90

SNOWFALL (IN)
  YESTERDAY        0.0           9.0    MM   0.0    0.0      0.0
  MONTH TO DATE    0.0                       0.0    0.0      0.0
  SINCE SEP 1      0.0                       0.0    0.0      0.0
  SINCE JUL 1      0.0                       0.0    0.0      0.0
  SNOW DEPTH       0

DEGREE DAYS
 HEATING
  YESTERDAY        0                         5     -5        0
  MONTH TO DATE   10                        55    -45       28
  SINCE SEP 1     10                        55    -45       28
  SINCE JUL 1     13                        90    -77       59

 COOLING
  YESTERDAY        6                         2      4        6
  MONTH TO DATE   68                        47     21      106
  SINCE SEP 1     68                        47     21      106
  SINCE JAN 1    834                       604    230      599
..................................................................


WIND (MPH)
  RESULTANT WIND SPEED   8   RESULTANT WIND DIRECTION  SW (220)
  HIGHEST WIND SPEED    16   HIGHEST WIND DIRECTION     W (250)
  HIGHEST GUST SPEED    20   HIGHEST GUST DIRECTION    SW (220)
  AVERAGE WIND SPEED     8.6


SKY COVER
  AVERAGE SKY COVER 0.6


WEATHER CONDITIONS
 THE FOLLOWING WEATHER WAS RECORDED YESTERDAY.
  RAIN
  LIGHT RAIN
  FOG


RELATIVE HUMIDITY (PERCENT)
 HIGHEST    93           900 AM
 LOWEST     64           300 PM
 AVERAGE    79

..........................................................


THE LANSING MI CLIMATE NORMALS FOR TODAY
                         NORMAL    RECORD    YEAR
 MAXIMUM TEMPERATURE (F)   72        93      1955
                                             1906
 MINIMUM TEMPERATURE (F)   50        25      1863


SUNRISE AND SUNSET
SEPTEMBER 18 2016.....SUNRISE   722 AM EDT   SUNSET   742 PM EDT
SEPTEMBER 19 2016.....SUNRISE   723 AM EDT   SUNSET   740 PM EDT


-  INDICATES NEGATIVE NUMBERS.
R  INDICATES RECORD WAS SET OR TIED.
MM INDICATES DATA IS MISSING.
T  INDICATES TRACE AMOUNT.




$$
