000
CDUS43 KGRR 210519
CLILAN


CLIMATE REPORT
NATIONAL WEATHER SERVICE GRAND RAPIDS, MI
119 AM EDT SAT MAY 21 2016


...................................

...THE LANSING MI CLIMATE SUMMARY FOR MAY 20 2016...

CLIMATE NORMAL PERIOD 1981 TO 2010
CLIMATE RECORD PERIOD 1864 TO 2016


WEATHER ITEM   OBSERVED TIME   RECORD YEAR NORMAL DEPARTURE LAST
                VALUE   (LST)  VALUE       VALUE  FROM      YEAR
                                                  NORMAL
..................................................................
TEMPERATURE (F)
 YESTERDAY
  MAXIMUM         70    247 PM  93    1977  70      0       59
  MINIMUM         43    520 AM  25    1895  48     -5       34
  AVERAGE         57                        59     -2       47

PRECIPITATION (IN)
  YESTERDAY        0.00          1.94 1996   0.11  -0.11     0.00
  MONTH TO DATE    2.66                      2.11   0.55     2.16
  SINCE MAR 1      9.42                      7.20   2.22     4.19
  SINCE JAN 1     12.58                     10.32   2.26     6.44

SNOWFALL (IN)
  YESTERDAY        0.0           T    2002   0.0    0.0      0.0
  MONTH TO DATE    T                         0.0    0.0      0.0
  SINCE MAR 1     16.4                       8.9    7.5      1.9
  SINCE JUL 1     50.0                      51.1   -1.1     35.6
  SNOW DEPTH       0

DEGREE DAYS
 HEATING
  YESTERDAY        8                         7      1       18
  MONTH TO DATE  234                       195     39      125
  SINCE MAR 1   1599                      1658    -59     1637
  SINCE JUL 1   5759                      6593   -834     7131

 COOLING
  YESTERDAY        0                         1     -1        0
  MONTH TO DATE    0                        14    -14       31
  SINCE MAR 1      1                        21    -20       31
  SINCE JAN 1      1                        21    -20       31
..................................................................


WIND (MPH)
  RESULTANT WIND SPEED   5   RESULTANT WIND DIRECTION   E (100)
  HIGHEST WIND SPEED    14   HIGHEST WIND DIRECTION    NE (50)
  HIGHEST GUST SPEED    19   HIGHEST GUST DIRECTION    NE (50)
  AVERAGE WIND SPEED     5.6


SKY COVER
  AVERAGE SKY COVER 0.0


WEATHER CONDITIONS
 THE FOLLOWING WEATHER WAS RECORDED YESTERDAY.
  NO SIGNIFICANT WEATHER WAS OBSERVED.


RELATIVE HUMIDITY (PERCENT)
 HIGHEST    83           500 AM
 LOWEST     33           400 PM
 AVERAGE    58

..........................................................


THE LANSING MI CLIMATE NORMALS FOR TODAY
                         NORMAL    RECORD    YEAR
 MAXIMUM TEMPERATURE (F)   70        94      1977
 MINIMUM TEMPERATURE (F)   48        27      1869


SUNRISE AND SUNSET
MAY 21 2016...........SUNRISE   610 AM EDT   SUNSET   901 PM EDT
MAY 22 2016...........SUNRISE   609 AM EDT   SUNSET   902 PM EDT


-  INDICATES NEGATIVE NUMBERS.
R  INDICATES RECORD WAS SET OR TIED.
MM INDICATES DATA IS MISSING.
T  INDICATES TRACE AMOUNT.




$$
