000
CDUS43 KGRR 082125
CLILAN


CLIMATE REPORT
NATIONAL WEATHER SERVICE GRAND RAPIDS, MI
525 PM EDT TUE APR 8 2014


...................................

...THE LANSING MI CLIMATE SUMMARY FOR APRIL 8 2014...
VALID TODAY AS OF 0500 PM LOCAL TIME.

CLIMATE NORMAL PERIOD 1981 TO 2010
CLIMATE RECORD PERIOD 1864 TO 2014


WEATHER ITEM   OBSERVED TIME   RECORD YEAR NORMAL DEPARTURE LAST
                VALUE   (LST)  VALUE       VALUE  FROM      YEAR
                                                  NORMAL
..................................................................
TEMPERATURE (F)
 TODAY
  MAXIMUM         61    331 PM  80    1875  55      6       61
  MINIMUM         36    642 AM   2    1868  35      1       31
  AVERAGE         49                        45      4       46

PRECIPITATION (IN)
  TODAY            0.00          0.91 1938   0.10  -0.10     0.35
  MONTH TO DATE    0.37                      0.77  -0.40     0.35
  SINCE MAR 1      2.06                      2.83  -0.77     1.31
  SINCE JAN 1      5.98                      5.95   0.03     6.53

SNOWFALL (IN)
  TODAY            0.0           5.1  1938   0.1   -0.1      0.0
  MONTH TO DATE    T                         0.9   -0.9       T
  SINCE MAR 1     10.4                       7.9    2.5      5.2
  SINCE JUL 1     68.4                      50.1   18.3     29.7
  SNOW DEPTH       0

DEGREE DAYS
 HEATING
  TODAY           16                        21     -5       19
  MONTH TO DATE  187                       176     11      213
  SINCE MAR 1   1397                      1105    292     1261
  SINCE JUL 1   6938                      6040    898     5939

 COOLING
  TODAY            0                         0      0        0
  MONTH TO DATE    0                         0      0        0
  SINCE MAR 1      0                         1     -1        0
  SINCE JAN 1      0                         1     -1        0
..................................................................


WIND (MPH)
  RESULTANT WIND SPEED   7   RESULTANT WIND DIRECTION  NW (300)
  HIGHEST WIND SPEED    17   HIGHEST WIND DIRECTION     W (290)
  HIGHEST GUST SPEED    25   HIGHEST GUST DIRECTION    NW (330)
  AVERAGE WIND SPEED     8.6


SKY COVER
  AVERAGE SKY COVER 0.5


WEATHER CONDITIONS
 THE FOLLOWING WEATHER WAS RECORDED TODAY.
  NO SIGNIFICANT WEATHER WAS OBSERVED.


RELATIVE HUMIDITY (PERCENT)
 HIGHEST    64          1200 AM
 LOWEST     30          1200 PM
 AVERAGE    47

..........................................................


THE LANSING MI CLIMATE NORMALS FOR TOMORROW
                         NORMAL    RECORD    YEAR
 MAXIMUM TEMPERATURE (F)   55        80      1931
 MINIMUM TEMPERATURE (F)   35        11      1868


SUNRISE AND SUNSET
APRIL  8 2014.........SUNRISE   709 AM EDT   SUNSET   813 PM EDT
APRIL  9 2014.........SUNRISE   707 AM EDT   SUNSET   814 PM EDT


-  INDICATES NEGATIVE NUMBERS.
R  INDICATES RECORD WAS SET OR TIED.
MM INDICATES DATA IS MISSING.
T  INDICATES TRACE AMOUNT.




$$
