000
CDUS43 KGRR 190523
CLILAN


CLIMATE REPORT
NATIONAL WEATHER SERVICE GRAND RAPIDS, MI
122 AM EDT SUN MAR 19 2017


...................................

...THE LANSING MI CLIMATE SUMMARY FOR MARCH 18 2017...

CLIMATE NORMAL PERIOD 1981 TO 2010
CLIMATE RECORD PERIOD 1864 TO 2017


WEATHER ITEM   OBSERVED TIME   RECORD YEAR NORMAL DEPARTURE LAST
                VALUE   (LST)  VALUE       VALUE  FROM      YEAR
                                                  NORMAL
..................................................................
TEMPERATURE (F)
 YESTERDAY
  MAXIMUM         39    408 PM  75    1894  45     -6       48
  MINIMUM         33    643 AM  -3    1885  27      6       29
  AVERAGE         36                        36      0       39

PRECIPITATION (IN)
  YESTERDAY        0.09          1.23 1925   0.07   0.02      T
  MONTH TO DATE    0.82                      1.10  -0.28     1.89
  SINCE MAR 1      0.82                      1.10  -0.28     1.89
  SINCE JAN 1      7.10                      4.22   2.88     5.05

SNOWFALL (IN)
  YESTERDAY        0.4           5.0  1977   0.2    0.2       T
  MONTH TO DATE    2.2                       4.9   -2.7      8.9
  SINCE MAR 1      2.2                       4.9   -2.7      8.9
  SINCE JUL 1     29.8                      47.1  -17.3     42.5
  SNOW DEPTH       1

DEGREE DAYS
 HEATING
  YESTERDAY       29                        29      0       26
  MONTH TO DATE  621                       587     34      448
  SINCE MAR 1    621                       587     34      448
  SINCE JUL 1   4666                      5522   -856     4608

 COOLING
  YESTERDAY        0                         0      0        0
  MONTH TO DATE    0                         0      0        0
  SINCE MAR 1      0                         0      0        0
  SINCE JAN 1      0                         0      0        0
..................................................................


WIND (MPH)
  RESULTANT WIND SPEED   5   RESULTANT WIND DIRECTION  NW (300)
  HIGHEST WIND SPEED    15   HIGHEST WIND DIRECTION    NW (310)
  HIGHEST GUST SPEED    25   HIGHEST GUST DIRECTION    NW (300)
  AVERAGE WIND SPEED     5.5


SKY COVER
  AVERAGE SKY COVER 1.0


WEATHER CONDITIONS
 THE FOLLOWING WEATHER WAS RECORDED YESTERDAY.
  LIGHT RAIN
  SNOW
  LIGHT SNOW
  FOG
  FOG W/VISIBILITY <= 1/4 MILE


RELATIVE HUMIDITY (PERCENT)
 HIGHEST   100           100 AM
 LOWEST     79           300 PM
 AVERAGE    90

..........................................................


THE LANSING MI CLIMATE NORMALS FOR TODAY
                         NORMAL    RECORD    YEAR
 MAXIMUM TEMPERATURE (F)   45        79      2012
 MINIMUM TEMPERATURE (F)   27       -11      1885


SUNRISE AND SUNSET
MARCH 19 2017.........SUNRISE   743 AM EDT   SUNSET   750 PM EDT
MARCH 20 2017.........SUNRISE   741 AM EDT   SUNSET   751 PM EDT


-  INDICATES NEGATIVE NUMBERS.
R  INDICATES RECORD WAS SET OR TIED.
MM INDICATES DATA IS MISSING.
T  INDICATES TRACE AMOUNT.




$$

JAM
