000
CDUS43 KGRR 290605
CLILAN


CLIMATE REPORT
NATIONAL WEATHER SERVICE GRAND RAPIDS, MI
105 AM EST TUE NOV 29 2016


...................................

...THE LANSING MI CLIMATE SUMMARY FOR NOVEMBER 28 2016...

CLIMATE NORMAL PERIOD 1981 TO 2010
CLIMATE RECORD PERIOD 1864 TO 2016


WEATHER ITEM   OBSERVED TIME   RECORD YEAR NORMAL DEPARTURE LAST
                VALUE   (LST)  VALUE       VALUE  FROM      YEAR
                                                  NORMAL
..................................................................
TEMPERATURE (F)
 YESTERDAY
  MAXIMUM         50   1159 PM  71    1905  41      9       35
  MINIMUM         37    358 AM   0    1891  28      9       23
  AVERAGE         44                        34     10       29

PRECIPITATION (IN)
  YESTERDAY        0.49          1.34 1937   0.08   0.41     0.00
  MONTH TO DATE    2.93                      2.61   0.32     1.93
  SINCE SEP 1      9.48                      8.64   0.84     5.47
  SINCE JAN 1     32.96                     29.73   3.23    31.80

SNOWFALL (IN)
  YESTERDAY       MM             3.4  1937   0.2   MM        0.0
  MONTH TO DATE    T                         2.9   -2.9      8.2
  SINCE SEP 1      T                         3.3   -3.3      8.2
  SINCE JUL 1      T                         3.3   -3.3      8.2
  SNOW DEPTH       0

DEGREE DAYS
 HEATING
  YESTERDAY       21                        31    -10       36
  MONTH TO DATE  550                       702   -152      538
  SINCE SEP 1    940                      1317   -377     1009
  SINCE JUL 1    943                      1352   -409     1040

 COOLING
  YESTERDAY        0                         0      0        0
  MONTH TO DATE    0                         0      0        0
  SINCE SEP 1    103                        68     35      122
  SINCE JAN 1    869                       625    244      615
..................................................................


WIND (MPH)
  RESULTANT WIND SPEED  15   RESULTANT WIND DIRECTION  SE (150)
  HIGHEST WIND SPEED    30   HIGHEST WIND DIRECTION     S (160)
  HIGHEST GUST SPEED    40   HIGHEST GUST DIRECTION     S (160)
  AVERAGE WIND SPEED    16.1


SKY COVER
  AVERAGE SKY COVER 0.8


WEATHER CONDITIONS
 THE FOLLOWING WEATHER WAS RECORDED YESTERDAY.
  RAIN
  LIGHT RAIN
  FOG
  HAZE


RELATIVE HUMIDITY (PERCENT)
 HIGHEST    92           700 PM
 LOWEST     64           600 AM
 AVERAGE    78

..........................................................


THE LANSING MI CLIMATE NORMALS FOR TODAY
                         NORMAL    RECORD    YEAR
 MAXIMUM TEMPERATURE (F)   40        65      1998
                                             1864
 MINIMUM TEMPERATURE (F)   28         0      1867


SUNRISE AND SUNSET
NOVEMBER 29 2016......SUNRISE   748 AM EST   SUNSET   506 PM EST
NOVEMBER 30 2016......SUNRISE   749 AM EST   SUNSET   506 PM EST


-  INDICATES NEGATIVE NUMBERS.
R  INDICATES RECORD WAS SET OR TIED.
MM INDICATES DATA IS MISSING.
T  INDICATES TRACE AMOUNT.




$$
