000
CDUS43 KGRR 140558
CLILAN


CLIMATE REPORT
NATIONAL WEATHER SERVICE GRAND RAPIDS, MI
1257 AM EST WED FEB 14 2018


...................................

...THE LANSING MI CLIMATE SUMMARY FOR FEBRUARY 13 2018...

CLIMATE NORMAL PERIOD 1981 TO 2010
CLIMATE RECORD PERIOD 1864 TO 2018


WEATHER ITEM   OBSERVED TIME   RECORD YEAR NORMAL DEPARTURE LAST
                VALUE   (LST)  VALUE       VALUE  FROM      YEAR
                                                  NORMAL
..................................................................
TEMPERATURE (F)
 YESTERDAY
  MAXIMUM         28    717 PM  59    1876  33     -5       43
  MINIMUM          4    105 AM -25    1875  18    -14       26
  AVERAGE         16                        25     -9       35

PRECIPITATION (IN)
  YESTERDAY        0.00          1.97 1938   0.05  -0.05     0.00
  MONTH TO DATE    1.35                      0.61   0.74     0.98
  SINCE DEC 1      4.65                      4.13   0.52     6.39
  SINCE JAN 1      3.33                      2.26   1.07     4.63

SNOWFALL (IN)
  YESTERDAY        0.0           5.9  1946   0.4   -0.4      0.0
  MONTH TO DATE   14.9                       5.6    9.3      1.9
  SINCE DEC 1     44.5                      32.4   12.1     27.1
  SINCE JUL 1     44.9                      36.2    8.7     27.1
  SNOW DEPTH       0

DEGREE DAYS
 HEATING
  YESTERDAY       49                        40      9       30
  MONTH TO DATE  617                       528     89      481
  SINCE DEC 1   3136                      2954    182     2731
  SINCE JUL 1   4392                      4368     24     3706

 COOLING
  YESTERDAY        0                         0      0        0
  MONTH TO DATE    0                         0      0        0
  SINCE DEC 1      0                         0      0        0
  SINCE JAN 1      0                         0      0        0
..................................................................


WIND (MPH)
  RESULTANT WIND SPEED   7   RESULTANT WIND DIRECTION  SE (150)
  HIGHEST WIND SPEED    16   HIGHEST WIND DIRECTION    SE (150)
  HIGHEST GUST SPEED    20   HIGHEST GUST DIRECTION    SE (150)
  AVERAGE WIND SPEED     7.2


SKY COVER
  AVERAGE SKY COVER 0.4


WEATHER CONDITIONS
 THE FOLLOWING WEATHER WAS RECORDED YESTERDAY.
  FOG
  HAZE


RELATIVE HUMIDITY (PERCENT)
 HIGHEST    91           300 AM
 LOWEST     55           200 PM
 AVERAGE    73

..........................................................


THE LANSING MI CLIMATE NORMALS FOR TODAY
                         NORMAL    RECORD    YEAR
 MAXIMUM TEMPERATURE (F)   33        52      1918
 MINIMUM TEMPERATURE (F)   18       -21      1875


SUNRISE AND SUNSET
FEBRUARY 14 2018......SUNRISE   737 AM EST   SUNSET   609 PM EST
FEBRUARY 15 2018......SUNRISE   735 AM EST   SUNSET   610 PM EST


-  INDICATES NEGATIVE NUMBERS.
R  INDICATES RECORD WAS SET OR TIED.
MM INDICATES DATA IS MISSING.
T  INDICATES TRACE AMOUNT.




$$
