000
CDUS43 KGRR 250521
CLILAN


CLIMATE REPORT
NATIONAL WEATHER SERVICE GRAND RAPIDS, MI
121 AM EDT TUE APR 25 2017


...................................

...THE LANSING MI CLIMATE SUMMARY FOR APRIL 24 2017...

CLIMATE NORMAL PERIOD 1981 TO 2010
CLIMATE RECORD PERIOD 1864 TO 2017


WEATHER ITEM   OBSERVED TIME   RECORD YEAR NORMAL DEPARTURE LAST
                VALUE   (LST)  VALUE       VALUE  FROM      YEAR
                                                  NORMAL
..................................................................
TEMPERATURE (F)
 YESTERDAY
  MAXIMUM         72    420 PM  87    1915  61     11       68
  MINIMUM         37    606 AM  23    1999  40     -3       40
                                      1892
                                      1883
  AVERAGE         55                        51      4       54

PRECIPITATION (IN)
  YESTERDAY        0.00          1.08 1950   0.09  -0.09     0.00
  MONTH TO DATE    3.73                      2.43   1.30     1.53
  SINCE MAR 1      7.36                      4.49   2.87     5.78
  SINCE JAN 1     13.64                      7.61   6.03     8.94

SNOWFALL (IN)
  YESTERDAY        0.0           3.4  2005   0.0    0.0      0.0
  MONTH TO DATE    0.4                       1.8   -1.4      7.5
  SINCE MAR 1      2.6                       8.8   -6.2     16.4
  SINCE JUL 1     30.2                      51.0  -20.8     50.0
  SNOW DEPTH       0

DEGREE DAYS
 HEATING
  YESTERDAY       10                        15     -5       11
  MONTH TO DATE  320                       453   -133      501
  SINCE MAR 1   1245                      1382   -137     1264
  SINCE JUL 1   5290                      6317  -1027     5424

 COOLING
  YESTERDAY        0                         0      0        0
  MONTH TO DATE    2                         0      2        1
  SINCE MAR 1      2                         1      1        1
  SINCE JAN 1      2                         1      1        1
..................................................................


WIND (MPH)
  RESULTANT WIND SPEED   7   RESULTANT WIND DIRECTION   E (110)
  HIGHEST WIND SPEED    17   HIGHEST WIND DIRECTION    SE (140)
  HIGHEST GUST SPEED    23   HIGHEST GUST DIRECTION     E (100)
  AVERAGE WIND SPEED     8.1


SKY COVER
  AVERAGE SKY COVER 0.0


WEATHER CONDITIONS
 THE FOLLOWING WEATHER WAS RECORDED YESTERDAY.
  NO SIGNIFICANT WEATHER WAS OBSERVED.


RELATIVE HUMIDITY (PERCENT)
 HIGHEST    85           300 AM
 LOWEST     20           400 PM
 AVERAGE    53

..........................................................


THE LANSING MI CLIMATE NORMALS FOR TODAY
                         NORMAL    RECORD    YEAR
 MAXIMUM TEMPERATURE (F)   62        86      1915
 MINIMUM TEMPERATURE (F)   40        17      1909


SUNRISE AND SUNSET
APRIL 25 2017.........SUNRISE   641 AM EDT   SUNSET   832 PM EDT
APRIL 26 2017.........SUNRISE   639 AM EDT   SUNSET   834 PM EDT


-  INDICATES NEGATIVE NUMBERS.
R  INDICATES RECORD WAS SET OR TIED.
MM INDICATES DATA IS MISSING.
T  INDICATES TRACE AMOUNT.




$$
