000
CDUS43 KGRR 160516
CLILAN


CLIMATE REPORT
NATIONAL WEATHER SERVICE GRAND RAPIDS, MI
116 AM EDT THU OCT 16 2014


...................................

...THE LANSING MI CLIMATE SUMMARY FOR OCTOBER 15 2014...

CLIMATE NORMAL PERIOD 1981 TO 2010
CLIMATE RECORD PERIOD 1864 TO 2014


WEATHER ITEM   OBSERVED TIME   RECORD YEAR NORMAL DEPARTURE LAST
                VALUE   (LST)  VALUE       VALUE  FROM      YEAR
                                                  NORMAL
..................................................................
TEMPERATURE (F)
 YESTERDAY
  MAXIMUM         63    403 PM  86    1897  60      3       64
  MINIMUM         51   1142 PM  21    1869  41     10       38
  AVERAGE         57                        50      7       51

PRECIPITATION (IN)
  YESTERDAY        0.00          1.36 1881   0.07  -0.07     0.20
  MONTH TO DATE    3.20                      1.28   1.92     1.21
  SINCE SEP 1      5.74                      4.78   0.96     2.19
  SINCE JAN 1     32.96                     25.87   7.09    35.11

SNOWFALL (IN)
  YESTERDAY        0.0           T    1991   0.0    0.0      0.0
                                      1937
  MONTH TO DATE    0.0                       0.1   -0.1      0.0
  SINCE SEP 1      0.0                       0.1   -0.1      0.0
  SINCE JUL 1      0.0                       0.1   -0.1      0.0
  SNOW DEPTH       0

DEGREE DAYS
 HEATING
  YESTERDAY        8                        15     -7       14
  MONTH TO DATE  183                       185     -2       96
  SINCE SEP 1    343                       338      5      252
  SINCE JUL 1    383                       373     10      287

 COOLING
  YESTERDAY        0                         0      0        0
  MONTH TO DATE    0                         4     -4       10
  SINCE SEP 1     43                        65    -22       73
  SINCE JAN 1    488                       622   -134      661
..................................................................


WIND (MPH)
  RESULTANT WIND SPEED   2   RESULTANT WIND DIRECTION   S (170)
  HIGHEST WIND SPEED    10   HIGHEST WIND DIRECTION    SE (140)
  HIGHEST GUST SPEED    13   HIGHEST GUST DIRECTION    SE (150)
  AVERAGE WIND SPEED     4.3


SKY COVER
  AVERAGE SKY COVER 0.9


WEATHER CONDITIONS
 THE FOLLOWING WEATHER WAS RECORDED YESTERDAY.
  FOG


RELATIVE HUMIDITY (PERCENT)
 HIGHEST    93          1200 AM
 LOWEST     67           100 PM
 AVERAGE    80

..........................................................


THE LANSING MI CLIMATE NORMALS FOR TODAY
                         NORMAL    RECORD    YEAR
 MAXIMUM TEMPERATURE (F)   60        85      1938
 MINIMUM TEMPERATURE (F)   41        22      1864


SUNRISE AND SUNSET
OCTOBER 16 2014.......SUNRISE   753 AM EDT   SUNSET   654 PM EDT
OCTOBER 17 2014.......SUNRISE   754 AM EDT   SUNSET   653 PM EDT


-  INDICATES NEGATIVE NUMBERS.
R  INDICATES RECORD WAS SET OR TIED.
MM INDICATES DATA IS MISSING.
T  INDICATES TRACE AMOUNT.




$$
