000
CDUS43 KGRR 261348
CLILAN


CLIMATE REPORT
NATIONAL WEATHER SERVICE GRAND RAPIDS, MI
947 AM EDT WED JUL 26 2017


...................................

...THE LANSING MI CLIMATE SUMMARY FOR JULY 26 2017...
VALID AS OF 0900 AM LOCAL TIME.

CLIMATE NORMAL PERIOD 1981 TO 2010
CLIMATE RECORD PERIOD 1864 TO 2017


WEATHER ITEM   OBSERVED TIME   RECORD YEAR NORMAL DEPARTURE LAST
                VALUE   (LST)  VALUE       VALUE  FROM      YEAR
                                                  NORMAL
..................................................................
TEMPERATURE (F)
 TODAY
  MAXIMUM         67    759 AM  97    1966  82    -15       87
  MINIMUM         62    617 AM  42    1891  61      1       61
  AVERAGE         65                        71     -6       74

PRECIPITATION (IN)
  TODAY            0.00          4.34 1897   0.10  -0.10     0.00
  MONTH TO DATE    2.70                      2.36   0.34     3.16
  SINCE JUN 1      6.45                      5.81   0.64     3.75
  SINCE JAN 1     23.51                     17.38   6.13    16.66

SNOWFALL (IN)
  TODAY            0.0           0.0    MM   0.0    0.0      0.0
  MONTH TO DATE    0.0                       0.0    0.0      0.0
  SINCE JUN 1      0.0                       0.0    0.0      0.0
  SINCE JUL 1      0.0                       0.0    0.0      0.0
  SNOW DEPTH       0

DEGREE DAYS
 HEATING
  TODAY            0                         0      0        0
  MONTH TO DATE    0                         2     -2        3
  SINCE JUN 1     13                        57    -44       37
  SINCE JUL 1      0                         2     -2        3

 COOLING
  TODAY            0                         7     -7        9
  MONTH TO DATE  229                       182     47      236
  SINCE JUN 1    434                       314    120      384
  SINCE JAN 1    469                       355    114      446
..................................................................


WIND (MPH)
  RESULTANT WIND SPEED   7   RESULTANT WIND DIRECTION   S (180)
  HIGHEST WIND SPEED    12   HIGHEST WIND DIRECTION     S (190)
  HIGHEST GUST SPEED    14   HIGHEST GUST DIRECTION     S (190)
  AVERAGE WIND SPEED     7.5


SKY COVER
  AVERAGE SKY COVER 0.0


WEATHER CONDITIONS
 THE FOLLOWING WEATHER WAS RECORDED TODAY.
  NO SIGNIFICANT WEATHER WAS OBSERVED.


RELATIVE HUMIDITY (PERCENT)
 HIGHEST    78           200 AM
 LOWEST     63          1200 AM
 AVERAGE    71

..........................................................


THE LANSING MI CLIMATE NORMALS FOR TOMORROW
                         NORMAL    RECORD    YEAR
 MAXIMUM TEMPERATURE (F)   82       100      1894
 MINIMUM TEMPERATURE (F)   61        42      1977


SUNRISE AND SUNSET
JULY 26 2017..........SUNRISE   624 AM EDT   SUNSET   905 PM EDT
JULY 27 2017..........SUNRISE   625 AM EDT   SUNSET   904 PM EDT


-  INDICATES NEGATIVE NUMBERS.
R  INDICATES RECORD WAS SET OR TIED.
MM INDICATES DATA IS MISSING.
T  INDICATES TRACE AMOUNT.




$$
