000
CDUS43 KGRR 102136
CLILAN


CLIMATE REPORT
NATIONAL WEATHER SERVICE GRAND RAPIDS, MI
535 PM EDT THU APR 10 2014


...................................

...THE LANSING MI CLIMATE SUMMARY FOR APRIL 10 2014...
VALID TODAY AS OF 0500 PM LOCAL TIME.

CLIMATE NORMAL PERIOD 1981 TO 2010
CLIMATE RECORD PERIOD 1864 TO 2014


WEATHER ITEM   OBSERVED TIME   RECORD YEAR NORMAL DEPARTURE LAST
                VALUE   (LST)  VALUE       VALUE  FROM      YEAR
                                                  NORMAL
..................................................................
TEMPERATURE (F)
 TODAY
  MAXIMUM         67    107 PM  83    2011  56     11       41
  MINIMUM         49    700 AM  14    1989  35     14       36
  AVERAGE         58                        45     13       39

PRECIPITATION (IN)
  TODAY            T             1.17 1864   0.11  -0.11     0.51
  MONTH TO DATE    0.37                      0.99  -0.62     2.25
  SINCE MAR 1      2.06                      3.05  -0.99     3.21
  SINCE JAN 1      5.98                      6.17  -0.19     8.43

SNOWFALL (IN)
  TODAY            0.0           3.2  1942   0.0    0.0      0.0
  MONTH TO DATE    T                         1.0   -1.0       T
  SINCE MAR 1     10.4                       8.0    2.4      5.2
  SINCE JUL 1     68.4                      50.2   18.2     29.7
  SNOW DEPTH       0

DEGREE DAYS
 HEATING
  TODAY            7                        20    -13       26
  MONTH TO DATE  214                       216     -2      260
  SINCE MAR 1   1424                      1145    279     1308
  SINCE JUL 1   6965                      6080    885     5986

 COOLING
  TODAY            0                         0      0        0
  MONTH TO DATE    0                         0      0        0
  SINCE MAR 1      0                         1     -1        0
  SINCE JAN 1      0                         1     -1        0
..................................................................


WIND (MPH)
  RESULTANT WIND SPEED  17   RESULTANT WIND DIRECTION  SW (230)
  HIGHEST WIND SPEED    30   HIGHEST WIND DIRECTION     W (260)
  HIGHEST GUST SPEED    38   HIGHEST GUST DIRECTION    SW (230)
  AVERAGE WIND SPEED    18.4


SKY COVER
  AVERAGE SKY COVER 0.2


WEATHER CONDITIONS
 THE FOLLOWING WEATHER WAS RECORDED TODAY.
  NO SIGNIFICANT WEATHER WAS OBSERVED.


RELATIVE HUMIDITY (PERCENT)
 HIGHEST    56           400 AM
 LOWEST     34          1200 PM
 AVERAGE    45

..........................................................


THE LANSING MI CLIMATE NORMALS FOR TOMORROW
                         NORMAL    RECORD    YEAR
 MAXIMUM TEMPERATURE (F)   56        82      1977
 MINIMUM TEMPERATURE (F)   36        13      1874


SUNRISE AND SUNSET
APRIL 10 2014.........SUNRISE   705 AM EDT   SUNSET   815 PM EDT
APRIL 11 2014.........SUNRISE   704 AM EDT   SUNSET   816 PM EDT


-  INDICATES NEGATIVE NUMBERS.
R  INDICATES RECORD WAS SET OR TIED.
MM INDICATES DATA IS MISSING.
T  INDICATES TRACE AMOUNT.




$$

WALTON
