000
CDUS43 KGRR 130519
CLILAN


CLIMATE REPORT
NATIONAL WEATHER SERVICE GRAND RAPIDS, MI
119 AM EDT TUE JUN 13 2017


...................................

...THE LANSING MI CLIMATE SUMMARY FOR JUNE 12 2017...

CLIMATE NORMAL PERIOD 1981 TO 2010
CLIMATE RECORD PERIOD 1864 TO 2017


WEATHER ITEM   OBSERVED TIME   RECORD YEAR NORMAL DEPARTURE LAST
                VALUE   (LST)  VALUE       VALUE  FROM      YEAR
                                                  NORMAL
..................................................................
TEMPERATURE (F)
 YESTERDAY
  MAXIMUM         95R   329 PM  95    1876  78     17       81
  MINIMUM         72    607 AM  31    1864  56     16       56
  AVERAGE         84                        67     17       69

PRECIPITATION (IN)
  YESTERDAY        0.00          1.83 2013   0.11  -0.11     0.00
  MONTH TO DATE    0.13                      1.39  -1.26     0.24
  SINCE JUN 1      0.13                      1.39  -1.26     0.24
  SINCE JAN 1     17.19                     12.96   4.23    13.15

SNOWFALL (IN)
  YESTERDAY        0.0           0.0    MM   0.0    0.0      0.0
  MONTH TO DATE    0.0                       0.0    0.0      0.0
  SINCE JUN 1      0.0                       0.0    0.0      0.0
  SINCE JUL 1     30.2                      51.1  -20.9     50.0
  SNOW DEPTH       0

DEGREE DAYS
 HEATING
  YESTERDAY        0                         2     -2        0
  MONTH TO DATE    7                        36    -29       24
  SINCE JUN 1      7                        36    -29       24
  SINCE JUL 1   5596                      6693  -1097     5796

 COOLING
  YESTERDAY       19                         4     15        4
  MONTH TO DATE   71                        36     35       43
  SINCE JUN 1     71                        36     35       43
  SINCE JAN 1    106                        77     29      105
..................................................................


WIND (MPH)
  RESULTANT WIND SPEED  10   RESULTANT WIND DIRECTION  SW (220)
  HIGHEST WIND SPEED    24   HIGHEST WIND DIRECTION    SW (210)
  HIGHEST GUST SPEED    33   HIGHEST GUST DIRECTION     S (200)
  AVERAGE WIND SPEED    11.1


SKY COVER
  AVERAGE SKY COVER 0.2


WEATHER CONDITIONS
 THE FOLLOWING WEATHER WAS RECORDED YESTERDAY.
  NO SIGNIFICANT WEATHER WAS OBSERVED.


RELATIVE HUMIDITY (PERCENT)
 HIGHEST    66           500 AM
 LOWEST     33           500 PM
 AVERAGE    50

..........................................................


THE LANSING MI CLIMATE NORMALS FOR TODAY
                         NORMAL    RECORD    YEAR
 MAXIMUM TEMPERATURE (F)   78        95      1956
 MINIMUM TEMPERATURE (F)   56        35      1864


SUNRISE AND SUNSET
JUNE 13 2017..........SUNRISE   559 AM EDT   SUNSET   918 PM EDT
JUNE 14 2017..........SUNRISE   559 AM EDT   SUNSET   918 PM EDT


-  INDICATES NEGATIVE NUMBERS.
R  INDICATES RECORD WAS SET OR TIED.
MM INDICATES DATA IS MISSING.
T  INDICATES TRACE AMOUNT.




$$
