000
CDUS43 KGRR 112225
CLILAN


CLIMATE REPORT
NATIONAL WEATHER SERVICE GRAND RAPIDS, MI
524 PM EST SAT FEB 11 2017


...................................

...THE LANSING MI CLIMATE SUMMARY FOR FEBRUARY 11 2017...
VALID TODAY AS OF 0500 PM LOCAL TIME.

CLIMATE NORMAL PERIOD 1981 TO 2010
CLIMATE RECORD PERIOD 1864 TO 2017


WEATHER ITEM   OBSERVED TIME   RECORD YEAR NORMAL DEPARTURE LAST
                VALUE   (LST)  VALUE       VALUE  FROM      YEAR
                                                  NORMAL
..................................................................
TEMPERATURE (F)
 TODAY
  MAXIMUM         45    345 PM  69    1999  32     13       23
  MINIMUM         35    537 AM -22    1899  18     17       10
                                      1885
  AVERAGE         40                        25     15       17

PRECIPITATION (IN)
  TODAY            0.00          1.30 1887   0.05  -0.05      T
  MONTH TO DATE    0.78                      0.51   0.27     0.71
  SINCE DEC 1      6.19                      4.03   2.16     4.88
  SINCE JAN 1      4.43                      2.16   2.27     2.16

SNOWFALL (IN)
  TODAY            0.0           7.7  1985   0.4   -0.4       T
  MONTH TO DATE    1.9                       4.7   -2.8      3.5
  SINCE DEC 1     27.1                      31.5   -4.4     13.2
  SINCE JUL 1     27.1                      35.3   -8.2     21.4
  SNOW DEPTH       0

DEGREE DAYS
 HEATING
  TODAY           25                        40    -15       48
  MONTH TO DATE  423                       448    -25      392
  SINCE DEC 1   2673                      2874   -201     2400
  SINCE JUL 1   3648                      4288   -640     3508

 COOLING
  TODAY            0                         0      0        0
  MONTH TO DATE    0                         0      0        0
  SINCE DEC 1      0                         0      0        0
  SINCE JAN 1      0                         0      0        0
..................................................................


WIND (MPH)
  RESULTANT WIND SPEED   4   RESULTANT WIND DIRECTION   W (260)
  HIGHEST WIND SPEED    15   HIGHEST WIND DIRECTION    SW (240)
  HIGHEST GUST SPEED    18   HIGHEST GUST DIRECTION     W (250)
  AVERAGE WIND SPEED     5.0


SKY COVER
  AVERAGE SKY COVER 0.4


WEATHER CONDITIONS
 THE FOLLOWING WEATHER WAS RECORDED TODAY.
  HAZE


RELATIVE HUMIDITY (PERCENT)
 HIGHEST    82           300 AM
 LOWEST     62           300 PM
 AVERAGE    72

..........................................................


THE LANSING MI CLIMATE NORMALS FOR TOMORROW
                         NORMAL    RECORD    YEAR
 MAXIMUM TEMPERATURE (F)   32        60      1869
 MINIMUM TEMPERATURE (F)   18       -24      1967
                                             1899


SUNRISE AND SUNSET
FEBRUARY 11 2017......SUNRISE   741 AM EST   SUNSET   605 PM EST
FEBRUARY 12 2017......SUNRISE   739 AM EST   SUNSET   606 PM EST


-  INDICATES NEGATIVE NUMBERS.
R  INDICATES RECORD WAS SET OR TIED.
MM INDICATES DATA IS MISSING.
T  INDICATES TRACE AMOUNT.




$$
