000
CDUS43 KGRR 200517
CLILAN


CLIMATE REPORT
NATIONAL WEATHER SERVICE GRAND RAPIDS, MI
117 AM EDT TUE SEP 20 2016


...................................

...THE LANSING MI CLIMATE SUMMARY FOR SEPTEMBER 19 2016...

CLIMATE NORMAL PERIOD 1981 TO 2010
CLIMATE RECORD PERIOD 1864 TO 2016


WEATHER ITEM   OBSERVED TIME   RECORD YEAR NORMAL DEPARTURE LAST
                VALUE   (LST)  VALUE       VALUE  FROM      YEAR
                                                  NORMAL
..................................................................
TEMPERATURE (F)
 YESTERDAY
  MAXIMUM         83    338 PM  94    1895  72     11       70
  MINIMUM         53    420 AM  27    1896  50      3       50
  AVERAGE         68                        61      7       60

PRECIPITATION (IN)
  YESTERDAY        0.00          1.58 1880   0.12  -0.12     0.10
  MONTH TO DATE    1.43                      2.19  -0.76     1.31
  SINCE SEP 1      1.43                      2.19  -0.76     1.31
  SINCE JAN 1     24.91                     23.28   1.63    27.64

SNOWFALL (IN)
  YESTERDAY        0.0           T    1962   0.0    0.0      0.0
  MONTH TO DATE    0.0                       0.0    0.0      0.0
  SINCE SEP 1      0.0                       0.0    0.0      0.0
  SINCE JUL 1      0.0                       0.0    0.0      0.0
  SNOW DEPTH       0

DEGREE DAYS
 HEATING
  YESTERDAY        0                         6     -6        5
  MONTH TO DATE   10                        67    -57       33
  SINCE SEP 1     10                        67    -57       33
  SINCE JUL 1     13                       102    -89       64

 COOLING
  YESTERDAY        3                         2      1        0
  MONTH TO DATE   74                        51     23      111
  SINCE SEP 1     74                        51     23      111
  SINCE JAN 1    840                       608    232      604
..................................................................


WIND (MPH)
  RESULTANT WIND SPEED   5   RESULTANT WIND DIRECTION  SW (210)
  HIGHEST WIND SPEED    17   HIGHEST WIND DIRECTION     S (200)
  HIGHEST GUST SPEED    21   HIGHEST GUST DIRECTION     S (200)
  AVERAGE WIND SPEED     6.2


SKY COVER
  AVERAGE SKY COVER 0.0


WEATHER CONDITIONS
 THE FOLLOWING WEATHER WAS RECORDED YESTERDAY.
  FOG


RELATIVE HUMIDITY (PERCENT)
 HIGHEST    93          1200 AM
 LOWEST     40           200 PM
 AVERAGE    67

..........................................................


THE LANSING MI CLIMATE NORMALS FOR TODAY
                         NORMAL    RECORD    YEAR
 MAXIMUM TEMPERATURE (F)   71        94      1895
 MINIMUM TEMPERATURE (F)   49        22      1868


SUNRISE AND SUNSET
SEPTEMBER 20 2016.....SUNRISE   724 AM EDT   SUNSET   738 PM EDT
SEPTEMBER 21 2016.....SUNRISE   725 AM EDT   SUNSET   737 PM EDT


-  INDICATES NEGATIVE NUMBERS.
R  INDICATES RECORD WAS SET OR TIED.
MM INDICATES DATA IS MISSING.
T  INDICATES TRACE AMOUNT.




$$
