000
CDUS43 KGRR 260515
CLILAN


CLIMATE REPORT
NATIONAL WEATHER SERVICE GRAND RAPIDS, MI
115 AM EDT WED AUG 26 2015


...................................

...THE LANSING MI CLIMATE SUMMARY FOR AUGUST 25 2015...

CLIMATE NORMAL PERIOD 1981 TO 2010
CLIMATE RECORD PERIOD 1864 TO 2015


WEATHER ITEM   OBSERVED TIME   RECORD YEAR NORMAL DEPARTURE LAST
                VALUE   (LST)  VALUE       VALUE  FROM      YEAR
                                                  NORMAL
..................................................................
TEMPERATURE (F)
 YESTERDAY
  MAXIMUM         62    241 PM  96    1948  79    -17       85
  MINIMUM         54    615 AM  38    1977  58     -4       67
  AVERAGE         58                        69    -11       76

PRECIPITATION (IN)
  YESTERDAY        T             2.27 1940   0.10  -0.10     0.00
  MONTH TO DATE    6.60                      2.60   4.00     3.93
  SINCE JUN 1     18.06                      8.89   9.17    15.19
  SINCE JAN 1     26.11                     20.46   5.65    26.40

SNOWFALL (IN)
  YESTERDAY        0.0           0.0    MM   0.0    0.0      0.0
  MONTH TO DATE    0.0                       0.0    0.0      0.0
  SINCE JUN 1      0.0                       0.0    0.0      0.0
  SINCE JUL 1      0.0                       0.0    0.0      0.0
  SNOW DEPTH       0

DEGREE DAYS
 HEATING
  YESTERDAY        7                         1      6        0
  MONTH TO DATE    8                        21    -13       10
  SINCE JUN 1     56                        87    -31       63
  SINCE JUL 1     20                        32    -12       39

 COOLING
  YESTERDAY        0                         5     -5       11
  MONTH TO DATE  153                       142     11      116
  SINCE JUN 1    420                       487    -67      367
  SINCE JAN 1    479                       528    -49      406
..................................................................


WIND (MPH)
  RESULTANT WIND SPEED   8   RESULTANT WIND DIRECTION   W (270)
  HIGHEST WIND SPEED    20   HIGHEST WIND DIRECTION     W (270)
  HIGHEST GUST SPEED    24   HIGHEST GUST DIRECTION     W (270)
  AVERAGE WIND SPEED     8.7


SKY COVER
  AVERAGE SKY COVER 1.0


WEATHER CONDITIONS
 THE FOLLOWING WEATHER WAS RECORDED YESTERDAY.
  NO SIGNIFICANT WEATHER WAS OBSERVED.


RELATIVE HUMIDITY (PERCENT)
 HIGHEST    93           500 AM
 LOWEST     69           300 PM
 AVERAGE    81

..........................................................


THE LANSING MI CLIMATE NORMALS FOR TODAY
                         NORMAL    RECORD    YEAR
 MAXIMUM TEMPERATURE (F)   79        96      1948
 MINIMUM TEMPERATURE (F)   58        32      1883


SUNRISE AND SUNSET
AUGUST 26 2015........SUNRISE   656 AM EDT   SUNSET   823 PM EDT
AUGUST 27 2015........SUNRISE   657 AM EDT   SUNSET   822 PM EDT


-  INDICATES NEGATIVE NUMBERS.
R  INDICATES RECORD WAS SET OR TIED.
MM INDICATES DATA IS MISSING.
T  INDICATES TRACE AMOUNT.




$$
