000
CDUS43 KGRR 241343
CLILAN


CLIMATE REPORT
NATIONAL WEATHER SERVICE GRAND RAPIDS, MI
941 AM EDT TUE MAR 24 2015


...................................

...THE LANSING MI CLIMATE SUMMARY FOR MARCH 24 2015...
VALID AS OF 0900 AM LOCAL TIME.

CLIMATE NORMAL PERIOD 1981 TO 2010
CLIMATE RECORD PERIOD 1864 TO 2015


WEATHER ITEM   OBSERVED TIME   RECORD YEAR NORMAL DEPARTURE LAST
                VALUE   (LST)  VALUE       VALUE  FROM      YEAR
                                                  NORMAL
..................................................................
TEMPERATURE (F)
 TODAY
  MAXIMUM         21   1221 AM  82    1910  48    -27       30
  MINIMUM         14    659 AM -10    1965  29    -15       11
  AVERAGE         18                        38    -20       21

PRECIPITATION (IN)
  TODAY            0.00          1.10 1893   0.07  -0.07      T
  MONTH TO DATE    0.25                      1.51  -1.26     1.43
  SINCE MAR 1      0.25                      1.51  -1.26     1.43
  SINCE JAN 1      2.50                      4.63  -2.13     5.35

SNOWFALL (IN)
  TODAY            0.0           5.1  1947   0.2   -0.2       T
  MONTH TO DATE    1.9                       6.0   -4.1     10.2
  SINCE MAR 1      1.9                       6.0   -4.1     10.2
  SINCE JUL 1     35.6                      48.2  -12.6     68.2
  SNOW DEPTH       0

DEGREE DAYS
 HEATING
  TODAY           47                        27     20       44
  MONTH TO DATE  788                       754     34      990
  SINCE MAR 1    788                       754     34      990
  SINCE JUL 1   6282                      5689    593     6531

 COOLING
  TODAY            0                         0      0        0
  MONTH TO DATE    0                         0      0        0
  SINCE MAR 1      0                         0      0        0
  SINCE JAN 1      0                         0      0        0
..................................................................


WIND (MPH)
  RESULTANT WIND SPEED   4   RESULTANT WIND DIRECTION   E (70)
  HIGHEST WIND SPEED     7   HIGHEST WIND DIRECTION     E (80)
  HIGHEST GUST SPEED    10   HIGHEST GUST DIRECTION    NE (40)
  AVERAGE WIND SPEED     4.1


SKY COVER
  AVERAGE SKY COVER 0.2


WEATHER CONDITIONS
 THE FOLLOWING WEATHER WAS RECORDED TODAY.
  NO SIGNIFICANT WEATHER WAS OBSERVED.


RELATIVE HUMIDITY (PERCENT)
 HIGHEST    80           700 AM
 LOWEST     67           100 AM
 AVERAGE    74

..........................................................


THE LANSING MI CLIMATE NORMALS FOR TOMORROW
                         NORMAL    RECORD    YEAR
 MAXIMUM TEMPERATURE (F)   48        77      1945
 MINIMUM TEMPERATURE (F)   29        -3      1983


SUNRISE AND SUNSET
MARCH 24 2015.........SUNRISE   735 AM EDT   SUNSET   755 PM EDT
MARCH 25 2015.........SUNRISE   733 AM EDT   SUNSET   756 PM EDT


-  INDICATES NEGATIVE NUMBERS.
R  INDICATES RECORD WAS SET OR TIED.
MM INDICATES DATA IS MISSING.
T  INDICATES TRACE AMOUNT.




$$

63
