000
CDUS43 KGRR 140520
CLILAN


CLIMATE REPORT
NATIONAL WEATHER SERVICE GRAND RAPIDS, MI
1219 AM EST SAT JAN 14 2017


...................................

...THE LANSING MI CLIMATE SUMMARY FOR JANUARY 13 2017...

CLIMATE NORMAL PERIOD 1981 TO 2010
CLIMATE RECORD PERIOD 1864 TO 2017


WEATHER ITEM   OBSERVED TIME   RECORD YEAR NORMAL DEPARTURE LAST
                VALUE   (LST)  VALUE       VALUE  FROM      YEAR
                                                  NORMAL
..................................................................
TEMPERATURE (F)
 YESTERDAY
  MAXIMUM         24   1219 AM  59    1950  30     -6       18
  MINIMUM         17    848 AM -17    1912  17      0       12
  AVERAGE         21                        23     -2       15

PRECIPITATION (IN)
  YESTERDAY        0.00          1.59 2005   0.05  -0.05     0.03
  MONTH TO DATE    1.81                      0.77   1.04     1.09
  SINCE DEC 1      3.57                      2.64   0.93     3.81
  SINCE JAN 1      1.81                      0.77   1.04     1.09

SNOWFALL (IN)
  YESTERDAY        0.0          10.3  1979   0.4   -0.4      0.5
  MONTH TO DATE    3.7                       5.9   -2.2      5.7
  SINCE DEC 1     19.8                      18.9    0.9      7.6
  SINCE JUL 1     19.8                      22.7   -2.9     15.8
  SNOW DEPTH       T

DEGREE DAYS
 HEATING
  YESTERDAY       44                        42      2       50
  MONTH TO DATE  528                       537     -9      510
  SINCE DEC 1   1670                      1675     -5     1307
  SINCE JUL 1   2645                      3089   -444     2415

 COOLING
  YESTERDAY        0                         0      0        0
  MONTH TO DATE    0                         0      0        0
  SINCE DEC 1      0                         0      0        0
  SINCE JAN 1      0                         0      0        0
..................................................................


WIND (MPH)
  RESULTANT WIND SPEED   4   RESULTANT WIND DIRECTION   N (340)
  HIGHEST WIND SPEED    16   HIGHEST WIND DIRECTION    NW (310)
  HIGHEST GUST SPEED    22   HIGHEST GUST DIRECTION    NW (320)
  AVERAGE WIND SPEED     6.3


SKY COVER
  AVERAGE SKY COVER 0.2


WEATHER CONDITIONS
 THE FOLLOWING WEATHER WAS RECORDED YESTERDAY.
  NO SIGNIFICANT WEATHER WAS OBSERVED.


RELATIVE HUMIDITY (PERCENT)
 HIGHEST    74           900 PM
 LOWEST     61           600 AM
 AVERAGE    68

..........................................................


THE LANSING MI CLIMATE NORMALS FOR TODAY
                         NORMAL    RECORD    YEAR
 MAXIMUM TEMPERATURE (F)   30        55      1995
 MINIMUM TEMPERATURE (F)   17       -16      1893


SUNRISE AND SUNSET
JANUARY 14 2017.......SUNRISE   807 AM EST   SUNSET   529 PM EST
JANUARY 15 2017.......SUNRISE   806 AM EST   SUNSET   530 PM EST


-  INDICATES NEGATIVE NUMBERS.
R  INDICATES RECORD WAS SET OR TIED.
MM INDICATES DATA IS MISSING.
T  INDICATES TRACE AMOUNT.




$$

JAM
