000
CDUS43 KGRR 070522
CLILAN


CLIMATE REPORT
NATIONAL WEATHER SERVICE GRAND RAPIDS, MI
121 AM EDT MON APR 7 2014


...................................

...THE LANSING MI CLIMATE SUMMARY FOR APRIL 6 2014...

CLIMATE NORMAL PERIOD 1981 TO 2010
CLIMATE RECORD PERIOD 1864 TO 2014


WEATHER ITEM   OBSERVED TIME   RECORD YEAR NORMAL DEPARTURE LAST
                VALUE   (LST)  VALUE       VALUE  FROM      YEAR
                                                  NORMAL
..................................................................
TEMPERATURE (F)
 YESTERDAY
  MAXIMUM         55    506 PM  82    1929  54      1       56
  MINIMUM         26    542 AM  13    1920  34     -8       30
  AVERAGE         41                        44     -3       43

PRECIPITATION (IN)
  YESTERDAY        0.00          1.99 1988   0.10  -0.10      T
  MONTH TO DATE    0.37                      0.57  -0.20      T
  SINCE MAR 1      2.06                      2.63  -0.57     0.96
  SINCE JAN 1      5.98                      5.75   0.23     6.18

SNOWFALL (IN)
  YESTERDAY        0.0           5.0  1886   0.1   -0.1       T
  MONTH TO DATE    T                         0.7   -0.7       T
  SINCE MAR 1     10.4                       7.7    2.7      5.2
  SINCE JUL 1     68.4                      49.9   18.5     29.7
  SNOW DEPTH       0

DEGREE DAYS
 HEATING
  YESTERDAY       24                        21      3       22
  MONTH TO DATE  149                       134     15      174
  SINCE MAR 1   1359                      1063    296     1222
  SINCE JUL 1   6900                      5998    902     5900

 COOLING
  YESTERDAY        0                         0      0        0
  MONTH TO DATE    0                         0      0        0
  SINCE MAR 1      0                         1     -1        0
  SINCE JAN 1      0                         1     -1        0
..................................................................


WIND (MPH)
  RESULTANT WIND SPEED   3   RESULTANT WIND DIRECTION   S (190)
  HIGHEST WIND SPEED    15   HIGHEST WIND DIRECTION     S (170)
  HIGHEST GUST SPEED    20   HIGHEST GUST DIRECTION     S (180)
  AVERAGE WIND SPEED     4.3


SKY COVER
  AVERAGE SKY COVER 0.0


WEATHER CONDITIONS
 THE FOLLOWING WEATHER WAS RECORDED YESTERDAY.
  NO SIGNIFICANT WEATHER WAS OBSERVED.


RELATIVE HUMIDITY (PERCENT)
 HIGHEST    75           500 AM
 LOWEST     26           500 PM
 AVERAGE    51

..........................................................


THE LANSING MI CLIMATE NORMALS FOR TODAY
                         NORMAL    RECORD    YEAR
 MAXIMUM TEMPERATURE (F)   54        81      1991
                                             1929
 MINIMUM TEMPERATURE (F)   34        -2      1982


SUNRISE AND SUNSET
APRIL  7 2014.........SUNRISE   710 AM EDT   SUNSET   811 PM EDT
APRIL  8 2014.........SUNRISE   709 AM EDT   SUNSET   813 PM EDT


-  INDICATES NEGATIVE NUMBERS.
R  INDICATES RECORD WAS SET OR TIED.
MM INDICATES DATA IS MISSING.
T  INDICATES TRACE AMOUNT.




$$
