000
CDUS43 KGRR 230513
CLILAN


CLIMATE REPORT
NATIONAL WEATHER SERVICE GRAND RAPIDS, MI
1213 AM EST FRI JAN 23 2015


...................................

...THE LANSING MI CLIMATE SUMMARY FOR JANUARY 22 2015...

CLIMATE NORMAL PERIOD 1981 TO 2010
CLIMATE RECORD PERIOD 1864 TO 2015


WEATHER ITEM   OBSERVED TIME   RECORD YEAR NORMAL DEPARTURE LAST
                VALUE   (LST)  VALUE       VALUE  FROM      YEAR
                                                  NORMAL
..................................................................
TEMPERATURE (F)
 YESTERDAY
  MAXIMUM         30    146 PM  56    1906  30      0       11
  MINIMUM         20    552 AM -15    2000  16      4       -3
  AVERAGE         25                        23      2        4

PRECIPITATION (IN)
  YESTERDAY        T             1.40 1887   0.05  -0.05     0.05
  MONTH TO DATE    1.30                      1.24   0.06     1.79
  SINCE DEC 1      2.86                      3.11  -0.25     3.67
  SINCE JAN 1      1.30                      1.24   0.06     1.79

SNOWFALL (IN)
  YESTERDAY        T            12.6  2005   0.4   -0.4      0.4
  MONTH TO DATE   10.7                       9.9    0.8     17.5
  SINCE DEC 1     12.2                      22.9  -10.7     33.3
  SINCE JUL 1     18.4                      26.7   -8.3     34.0
  SNOW DEPTH       5

DEGREE DAYS
 HEATING
  YESTERDAY       40                        42     -2       61
  MONTH TO DATE 1005                       915     90     1046
  SINCE DEC 1   2034                      2053    -19     2263
  SINCE JUL 1   3630                      3467    163     3709

 COOLING
  YESTERDAY        0                         0      0        0
  MONTH TO DATE    0                         0      0        0
  SINCE DEC 1      0                         0      0        0
  SINCE JAN 1      0                         0      0        0
..................................................................


WIND (MPH)
  RESULTANT WIND SPEED   5   RESULTANT WIND DIRECTION   W (270)
  HIGHEST WIND SPEED    13   HIGHEST WIND DIRECTION     W (260)
  HIGHEST GUST SPEED    15   HIGHEST GUST DIRECTION    NW (300)
  AVERAGE WIND SPEED     5.5


SKY COVER
  AVERAGE SKY COVER 0.9


WEATHER CONDITIONS
 THE FOLLOWING WEATHER WAS RECORDED YESTERDAY.
  LIGHT SNOW
  FOG


RELATIVE HUMIDITY (PERCENT)
 HIGHEST    92           700 AM
 LOWEST     63           100 PM
 AVERAGE    78

..........................................................


THE LANSING MI CLIMATE NORMALS FOR TODAY
                         NORMAL    RECORD    YEAR
 MAXIMUM TEMPERATURE (F)   30        60      1909
 MINIMUM TEMPERATURE (F)   16       -14      1963
                                             1883


SUNRISE AND SUNSET
JANUARY 23 2015.......SUNRISE   801 AM EST   SUNSET   539 PM EST
JANUARY 24 2015.......SUNRISE   801 AM EST   SUNSET   541 PM EST


-  INDICATES NEGATIVE NUMBERS.
R  INDICATES RECORD WAS SET OR TIED.
MM INDICATES DATA IS MISSING.
T  INDICATES TRACE AMOUNT.




$$
