000
CDUS43 KGRR 060519
CLILAN


CLIMATE REPORT
NATIONAL WEATHER SERVICE GRAND RAPIDS, MI
118 AM EDT SUN AUG 6 2017


...................................

...THE LANSING MI CLIMATE SUMMARY FOR AUGUST 5 2017...

CLIMATE NORMAL PERIOD 1981 TO 2010
CLIMATE RECORD PERIOD 1864 TO 2017


WEATHER ITEM   OBSERVED TIME   RECORD YEAR NORMAL DEPARTURE LAST
                VALUE   (LST)  VALUE       VALUE  FROM      YEAR
                                                  NORMAL
..................................................................
TEMPERATURE (F)
 YESTERDAY
  MAXIMUM         76    330 PM 100    1881  81     -5       90
  MINIMUM         53    446 AM  35    1864  61     -8       66
  AVERAGE         65                        71     -6       78

PRECIPITATION (IN)
  YESTERDAY        0.11          2.55 1882   0.10   0.01     0.00
  MONTH TO DATE    0.66                      0.51   0.15     0.00
  SINCE JUN 1      7.11                      6.80   0.31     3.94
  SINCE JAN 1     24.17                     18.37   5.80    16.85

SNOWFALL (IN)
  YESTERDAY        0.0           0.0    MM   0.0    0.0      0.0
  MONTH TO DATE    0.0                       0.0    0.0      0.0
  SINCE JUN 1      0.0                       0.0    0.0      0.0
  SINCE JUL 1      0.0                       0.0    0.0      0.0
  SNOW DEPTH       0

DEGREE DAYS
 HEATING
  YESTERDAY        0                         1     -1        0
  MONTH TO DATE    2                         1      1        0
  SINCE JUN 1     15                        67    -52       37
  SINCE JUL 1      2                        12    -10        3

 COOLING
  YESTERDAY        0                         6     -6       13
  MONTH TO DATE   27                        30     -3       58
  SINCE JUN 1    494                       375    119      480
  SINCE JAN 1    529                       416    113      542
..................................................................


WIND (MPH)
  RESULTANT WIND SPEED   6   RESULTANT WIND DIRECTION   W (280)
  HIGHEST WIND SPEED    17   HIGHEST WIND DIRECTION     W (280)
  HIGHEST GUST SPEED    23   HIGHEST GUST DIRECTION     W (280)
  AVERAGE WIND SPEED     6.8


SKY COVER
  AVERAGE SKY COVER 0.2


WEATHER CONDITIONS
 THE FOLLOWING WEATHER WAS RECORDED YESTERDAY.
  HEAVY RAIN
  LIGHT RAIN


RELATIVE HUMIDITY (PERCENT)
 HIGHEST    93           500 AM
 LOWEST     38           300 PM
 AVERAGE    66

..........................................................


THE LANSING MI CLIMATE NORMALS FOR TODAY
                         NORMAL    RECORD    YEAR
 MAXIMUM TEMPERATURE (F)   81       102      1918
 MINIMUM TEMPERATURE (F)   60        35      1869


SUNRISE AND SUNSET
AUGUST  6 2017........SUNRISE   635 AM EDT   SUNSET   852 PM EDT
AUGUST  7 2017........SUNRISE   636 AM EDT   SUNSET   851 PM EDT


-  INDICATES NEGATIVE NUMBERS.
R  INDICATES RECORD WAS SET OR TIED.
MM INDICATES DATA IS MISSING.
T  INDICATES TRACE AMOUNT.




$$
