000
CDUS43 KGRR 150522
CLILAN


CLIMATE REPORT
NATIONAL WEATHER SERVICE GRAND RAPIDS, MI
1222 AM EST MON DEC 15 2014


...................................

...THE LANSING MI CLIMATE SUMMARY FOR DECEMBER 14 2014...

CLIMATE NORMAL PERIOD 1981 TO 2010
CLIMATE RECORD PERIOD 1864 TO 2014


WEATHER ITEM   OBSERVED TIME   RECORD YEAR NORMAL DEPARTURE LAST
                VALUE   (LST)  VALUE       VALUE  FROM      YEAR
                                                  NORMAL
..................................................................
TEMPERATURE (F)
 YESTERDAY
  MAXIMUM         49    506 PM  60    1975  34     15       21
  MINIMUM         43    442 AM -18    1904  23     20       13
  AVERAGE         46                        28     18       17

PRECIPITATION (IN)
  YESTERDAY        0.00          0.93 1975   0.06  -0.06     0.19
  MONTH TO DATE    0.15                      0.91  -0.76     0.39
  SINCE DEC 1      0.15                      0.91  -0.76     0.39
  SINCE JAN 1     36.07                     30.81   5.26    39.97

SNOWFALL (IN)
  YESTERDAY        0.0           6.0  1907   0.4   -0.4      3.0
  MONTH TO DATE    0.7                       5.2   -4.5      5.7
  SINCE DEC 1      0.7                       5.2   -4.5      5.7
  SINCE JUL 1      6.9                       9.0   -2.1      6.4
  SNOW DEPTH       0

DEGREE DAYS
 HEATING
  YESTERDAY       19                        36    -17       48
  MONTH TO DATE  472                       478     -6      557
  SINCE DEC 1    472                       478     -6      557
  SINCE JUL 1   2068                      1892    176     2003

 COOLING
  YESTERDAY        0                         0      0        0
  MONTH TO DATE    0                         0      0        0
  SINCE DEC 1      0                         0      0        0
  SINCE JAN 1    488                       625   -137      661
..................................................................


WIND (MPH)
  RESULTANT WIND SPEED   7   RESULTANT WIND DIRECTION   W (270)
  HIGHEST WIND SPEED    21   HIGHEST WIND DIRECTION     W (290)
  HIGHEST GUST SPEED    27   HIGHEST GUST DIRECTION     W (270)
  AVERAGE WIND SPEED     7.3


SKY COVER
  AVERAGE SKY COVER 1.0


WEATHER CONDITIONS
 THE FOLLOWING WEATHER WAS RECORDED YESTERDAY.
  FOG


RELATIVE HUMIDITY (PERCENT)
 HIGHEST   100           800 PM
 LOWEST     86          1000 AM
 AVERAGE    93

..........................................................


THE LANSING MI CLIMATE NORMALS FOR TODAY
                         NORMAL    RECORD    YEAR
 MAXIMUM TEMPERATURE (F)   34        64      1971
 MINIMUM TEMPERATURE (F)   22       -13      1917
                                             1868


SUNRISE AND SUNSET
DECEMBER 15 2014......SUNRISE   802 AM EST   SUNSET   505 PM EST
DECEMBER 16 2014......SUNRISE   803 AM EST   SUNSET   505 PM EST


-  INDICATES NEGATIVE NUMBERS.
R  INDICATES RECORD WAS SET OR TIED.
MM INDICATES DATA IS MISSING.
T  INDICATES TRACE AMOUNT.




$$
