000
CDUS43 KGRR 141357
CLILAN


CLIMATE REPORT
NATIONAL WEATHER SERVICE GRAND RAPIDS, MI
957 AM EDT WED SEP 14 2016


...................................

...THE LANSING MI CLIMATE SUMMARY FOR SEPTEMBER 14 2016...
VALID AS OF 0900 AM LOCAL TIME.

CLIMATE NORMAL PERIOD 1981 TO 2010
CLIMATE RECORD PERIOD 1864 TO 2016


WEATHER ITEM   OBSERVED TIME   RECORD YEAR NORMAL DEPARTURE LAST
                VALUE   (LST)  VALUE       VALUE  FROM      YEAR
                                                  NORMAL
..................................................................
TEMPERATURE (F)
 TODAY
  MAXIMUM         66   1204 AM  94    1927  74     -8       76
  MINIMUM         57    732 AM  28    1866  52      5       50
  AVERAGE         62                        63     -1       63

PRECIPITATION (IN)
  TODAY            0.03          2.71 2008   0.12  -0.09     0.00
  MONTH TO DATE    0.79                      1.58  -0.79     0.57
  SINCE SEP 1      0.79                      1.58  -0.79     0.57
  SINCE JAN 1     24.27                     22.67   1.60    26.90

SNOWFALL (IN)
  TODAY            0.0           0.0    MM   0.0    0.0      0.0
  MONTH TO DATE    0.0                       0.0    0.0      0.0
  SINCE SEP 1      0.0                       0.0    0.0      0.0
  SINCE JUL 1      0.0                       0.0    0.0      0.0
  SNOW DEPTH       0

DEGREE DAYS
 HEATING
  TODAY            3                         4     -1        2
  MONTH TO DATE    9                        40    -31       28
  SINCE SEP 1      9                        40    -31       28
  SINCE JUL 1     12                        75    -63       59

 COOLING
  TODAY            0                         2     -2        0
  MONTH TO DATE   61                        41     20       89
  SINCE SEP 1     61                        41     20       89
  SINCE JAN 1    827                       598    229      582
..................................................................


WIND (MPH)
  RESULTANT WIND SPEED   6   RESULTANT WIND DIRECTION   N (10)
  HIGHEST WIND SPEED    14   HIGHEST WIND DIRECTION     N (360)
  HIGHEST GUST SPEED    17   HIGHEST GUST DIRECTION     N (350)
  AVERAGE WIND SPEED     6.6


SKY COVER
  AVERAGE SKY COVER 0.9


WEATHER CONDITIONS
 THE FOLLOWING WEATHER WAS RECORDED TODAY.
  LIGHT RAIN
  FOG


RELATIVE HUMIDITY (PERCENT)
 HIGHEST    90           300 AM
 LOWEST     78           800 AM
 AVERAGE    84

..........................................................


THE LANSING MI CLIMATE NORMALS FOR TOMORROW
                         NORMAL    RECORD    YEAR
 MAXIMUM TEMPERATURE (F)   73        94      1939
                                             1927
 MINIMUM TEMPERATURE (F)   52        35      1995
                                             1864


SUNRISE AND SUNSET
SEPTEMBER 14 2016.....SUNRISE   718 AM EDT   SUNSET   749 PM EDT
SEPTEMBER 15 2016.....SUNRISE   719 AM EDT   SUNSET   747 PM EDT


-  INDICATES NEGATIVE NUMBERS.
R  INDICATES RECORD WAS SET OR TIED.
MM INDICATES DATA IS MISSING.
T  INDICATES TRACE AMOUNT.




$$
