000
CDUS43 KGRR 252124
CLILAN


CLIMATE REPORT
NATIONAL WEATHER SERVICE GRAND RAPIDS, MI
524 PM EDT SAT JUL 25 2015


...................................

...THE LANSING MI CLIMATE SUMMARY FOR JULY 25 2015...
VALID TODAY AS OF 0500 PM LOCAL TIME.

CLIMATE NORMAL PERIOD 1981 TO 2010
CLIMATE RECORD PERIOD 1864 TO 2015


WEATHER ITEM   OBSERVED TIME   RECORD YEAR NORMAL DEPARTURE LAST
                VALUE   (LST)  VALUE       VALUE  FROM      YEAR
                                                  NORMAL
..................................................................
TEMPERATURE (F)
 TODAY
  MAXIMUM         86    331 PM  97    1966  82      4       77
                                      1940
                                      1934
  MINIMUM         67    523 AM  45    1913  61      6       51
                                      1895
  AVERAGE         77                        71      6       64

PRECIPITATION (IN)
  TODAY            0.00          2.07 1993   0.09  -0.09     0.00
  MONTH TO DATE    2.39                      2.26   0.13     4.40
  SINCE JUN 1     11.46                      5.71   5.75    10.80
  SINCE JAN 1     19.51                     17.28   2.23    22.01

SNOWFALL (IN)
  TODAY            0.0           0.0    MM   0.0    0.0      0.0
  MONTH TO DATE    0.0                       0.0    0.0      0.0
  SINCE JUN 1      0.0                       0.0    0.0      0.0
  SINCE JUL 1      0.0                       0.0    0.0      0.0
  SNOW DEPTH       0

DEGREE DAYS
 HEATING
  TODAY            0                         0      0        1
  MONTH TO DATE   12                         2     10       19
  SINCE JUN 1     48                        57     -9       43
  SINCE JUL 1     12                         2     10       19

 COOLING
  TODAY           12                         7      5        0
  MONTH TO DATE  116                       175    -59       93
  SINCE JUN 1    203                       307   -104      240
  SINCE JAN 1    262                       348    -86      279
..................................................................


WIND (MPH)
  RESULTANT WIND SPEED  10   RESULTANT WIND DIRECTION  SW (230)
  HIGHEST WIND SPEED    17   HIGHEST WIND DIRECTION     W (260)
  HIGHEST GUST SPEED    21   HIGHEST GUST DIRECTION     W (270)
  AVERAGE WIND SPEED    10.2


SKY COVER
  AVERAGE SKY COVER 0.4


WEATHER CONDITIONS
 THE FOLLOWING WEATHER WAS RECORDED TODAY.
  NO SIGNIFICANT WEATHER WAS OBSERVED.


RELATIVE HUMIDITY (PERCENT)
 HIGHEST    87           500 AM
 LOWEST     65           300 PM
 AVERAGE    76

..........................................................


THE LANSING MI CLIMATE NORMALS FOR TOMORROW
                         NORMAL    RECORD    YEAR
 MAXIMUM TEMPERATURE (F)   82        97      1966
 MINIMUM TEMPERATURE (F)   61        42      1891


SUNRISE AND SUNSET
JULY 25 2015..........SUNRISE   623 AM EDT   SUNSET   907 PM EDT
JULY 26 2015..........SUNRISE   623 AM EDT   SUNSET   906 PM EDT


-  INDICATES NEGATIVE NUMBERS.
R  INDICATES RECORD WAS SET OR TIED.
MM INDICATES DATA IS MISSING.
T  INDICATES TRACE AMOUNT.




$$
