000
CDUS43 KGRR 182126
CLILAN


CLIMATE REPORT
NATIONAL WEATHER SERVICE GRAND RAPIDS, MI
524 PM EDT THU AUG 18 2016


...................................

...THE LANSING MI CLIMATE SUMMARY FOR AUGUST 18 2016...
VALID TODAY AS OF 0500 PM LOCAL TIME.

CLIMATE NORMAL PERIOD 1981 TO 2010
CLIMATE RECORD PERIOD 1864 TO 2016


WEATHER ITEM   OBSERVED TIME   RECORD YEAR NORMAL DEPARTURE LAST
                VALUE   (LST)  VALUE       VALUE  FROM      YEAR
                                                  NORMAL
..................................................................
TEMPERATURE (F)
 TODAY
  MAXIMUM         84    359 PM  95    1947  80      4       84
                                      1899
  MINIMUM         62    601 AM  40    1896  60      2       66
                                      1895
  AVERAGE         73                        70      3       75

PRECIPITATION (IN)
  TODAY            0.00          1.26 1988   0.10  -0.10     0.01
  MONTH TO DATE    5.26                      1.90   3.36     4.93
  SINCE JUN 1      9.20                      8.19   1.01    16.39
  SINCE JAN 1     22.11                     19.76   2.35    24.44

SNOWFALL (IN)
  TODAY            0.0           0.0    MM   0.0    0.0      0.0
  MONTH TO DATE    0.0                       0.0    0.0      0.0
  SINCE JUN 1      0.0                       0.0    0.0      0.0
  SINCE JUL 1      0.0                       0.0    0.0      0.0
  SNOW DEPTH       0

DEGREE DAYS
 HEATING
  TODAY            0                         1     -1        0
  MONTH TO DATE    0                        14    -14        0
  SINCE JUN 1     37                        80    -43       48
  SINCE JUL 1      3                        25    -22       12

 COOLING
  TODAY            8                         5      3       10
  MONTH TO DATE  194                       107     87      133
  SINCE JUN 1    616                       452    164      400
  SINCE JAN 1    678                       493    185      459
..................................................................


WIND (MPH)
  RESULTANT WIND SPEED   3   RESULTANT WIND DIRECTION  SW (230)
  HIGHEST WIND SPEED    12   HIGHEST WIND DIRECTION    SW (220)
  HIGHEST GUST SPEED    15   HIGHEST GUST DIRECTION    SW (220)
  AVERAGE WIND SPEED     3.8


SKY COVER
  AVERAGE SKY COVER 0.0


WEATHER CONDITIONS
 THE FOLLOWING WEATHER WAS RECORDED TODAY.
  FOG


RELATIVE HUMIDITY (PERCENT)
 HIGHEST    93           100 AM
 LOWEST     44           400 PM
 AVERAGE    69

..........................................................


THE LANSING MI CLIMATE NORMALS FOR TOMORROW
                         NORMAL    RECORD    YEAR
 MAXIMUM TEMPERATURE (F)   80        98      1955
 MINIMUM TEMPERATURE (F)   59        37      1977


SUNRISE AND SUNSET
AUGUST 18 2016........SUNRISE   649 AM EDT   SUNSET   835 PM EDT
AUGUST 19 2016........SUNRISE   650 AM EDT   SUNSET   833 PM EDT


-  INDICATES NEGATIVE NUMBERS.
R  INDICATES RECORD WAS SET OR TIED.
MM INDICATES DATA IS MISSING.
T  INDICATES TRACE AMOUNT.




$$

63
