000
CDUS43 KGRR 230602
CLILAN


CLIMATE REPORT
NATIONAL WEATHER SERVICE GRAND RAPIDS, MI
102 AM EST WED NOV 23 2016


...................................

...THE LANSING MI CLIMATE SUMMARY FOR NOVEMBER 22 2016...

CLIMATE NORMAL PERIOD 1981 TO 2010
CLIMATE RECORD PERIOD 1864 TO 2016


WEATHER ITEM   OBSERVED TIME   RECORD YEAR NORMAL DEPARTURE LAST
                VALUE   (LST)  VALUE       VALUE  FROM      YEAR
                                                  NORMAL
..................................................................
TEMPERATURE (F)
 YESTERDAY
  MAXIMUM         40    105 PM  65    1913  44     -4       31
  MINIMUM         20    713 AM  -2    1880  30    -10       21
  AVERAGE         30                        37     -7       26

PRECIPITATION (IN)
  YESTERDAY        0.00          1.40 1909   0.09  -0.09      T
  MONTH TO DATE    1.85                      2.09  -0.24     1.18
  SINCE SEP 1      8.40                      8.12   0.28     4.72
  SINCE JAN 1     31.88                     29.21   2.67    31.05

SNOWFALL (IN)
  YESTERDAY        0.0           7.0  1866   0.2   -0.2       T
  MONTH TO DATE    T                         1.8   -1.8      8.2
  SINCE SEP 1      T                         2.2   -2.2      8.2
  SINCE JUL 1      T                         2.2   -2.2      8.2
  SNOW DEPTH       0

DEGREE DAYS
 HEATING
  YESTERDAY       35                        28      7       39
  MONTH TO DATE  390                       525   -135      377
  SINCE SEP 1    780                      1140   -360      848
  SINCE JUL 1    783                      1175   -392      879

 COOLING
  YESTERDAY        0                         0      0        0
  MONTH TO DATE    0                         0      0        0
  SINCE SEP 1    103                        68     35      122
  SINCE JAN 1    869                       625    244      615
..................................................................


WIND (MPH)
  RESULTANT WIND SPEED   0   RESULTANT WIND DIRECTION  NW (320)
  HIGHEST WIND SPEED     9   HIGHEST WIND DIRECTION     N (20)
  HIGHEST GUST SPEED    12   HIGHEST GUST DIRECTION     N (20)
  AVERAGE WIND SPEED     3.3


SKY COVER
  AVERAGE SKY COVER 0.0


WEATHER CONDITIONS
 THE FOLLOWING WEATHER WAS RECORDED YESTERDAY.
  NO SIGNIFICANT WEATHER WAS OBSERVED.


RELATIVE HUMIDITY (PERCENT)
 HIGHEST    84           400 AM
 LOWEST     48           100 PM
 AVERAGE    66

..........................................................


THE LANSING MI CLIMATE NORMALS FOR TODAY
                         NORMAL    RECORD    YEAR
 MAXIMUM TEMPERATURE (F)   43        67      1999
                                             1931
 MINIMUM TEMPERATURE (F)   30        -3      1869


SUNRISE AND SUNSET
NOVEMBER 23 2016......SUNRISE   741 AM EST   SUNSET   509 PM EST
NOVEMBER 24 2016......SUNRISE   742 AM EST   SUNSET   508 PM EST


-  INDICATES NEGATIVE NUMBERS.
R  INDICATES RECORD WAS SET OR TIED.
MM INDICATES DATA IS MISSING.
T  INDICATES TRACE AMOUNT.




$$
