000
CDUS43 KGRR 162125
CLILAN


CLIMATE REPORT
NATIONAL WEATHER SERVICE GRAND RAPIDS, MI
525 PM EDT SAT MAY 16 2015


...................................

...THE LANSING MI CLIMATE SUMMARY FOR MAY 16 2015...
VALID TODAY AS OF 0500 PM LOCAL TIME.

CLIMATE NORMAL PERIOD 1981 TO 2010
CLIMATE RECORD PERIOD 1864 TO 2015


WEATHER ITEM   OBSERVED TIME   RECORD YEAR NORMAL DEPARTURE LAST
                VALUE   (LST)  VALUE       VALUE  FROM      YEAR
                                                  NORMAL
..................................................................
TEMPERATURE (F)
 TODAY
  MAXIMUM         77    302 PM  90    1977  69      8       52
  MINIMUM         55    517 AM  27    1866  47      8       34
  AVERAGE         66                        58      8       43

PRECIPITATION (IN)
  TODAY            T             1.73 1974   0.10  -0.10     0.00
  MONTH TO DATE    1.57                      1.67  -0.10     3.96
  SINCE MAR 1      3.60                      6.76  -3.16     7.01
  SINCE JAN 1      5.85                      9.88  -4.03    10.93

SNOWFALL (IN)
  TODAY            0.0           0.0    MM   0.0    0.0      0.0
  MONTH TO DATE    0.0                       0.0    0.0      0.0
  SINCE MAR 1      1.9                       8.9   -7.0     11.1
  SINCE JUL 1     35.6                      51.1  -15.5     69.1
  SNOW DEPTH       0

DEGREE DAYS
 HEATING
  TODAY            0                         8     -8       22
  MONTH TO DATE   89                       164    -75      180
  SINCE MAR 1   1601                      1627    -26     1924
  SINCE JUL 1   7095                      6562    533     7465

 COOLING
  TODAY            1                         1      0        0
  MONTH TO DATE   19                        10      9        6
  SINCE MAR 1     19                        17      2        6
  SINCE JAN 1     19                        17      2        6
..................................................................


WIND (MPH)
  RESULTANT WIND SPEED   2   RESULTANT WIND DIRECTION   E (110)
  HIGHEST WIND SPEED     8   HIGHEST WIND DIRECTION     S (200)
  HIGHEST GUST SPEED    11   HIGHEST GUST DIRECTION     E (90)
  AVERAGE WIND SPEED     2.0


SKY COVER
  AVERAGE SKY COVER 0.9


WEATHER CONDITIONS
 THE FOLLOWING WEATHER WAS RECORDED TODAY.
  LIGHT RAIN
  FOG
  FOG W/VISIBILITY <= 1/4 MILE
  HAZE


RELATIVE HUMIDITY (PERCENT)
 HIGHEST   100          1200 AM
 LOWEST     64           300 PM
 AVERAGE    82

..........................................................


THE LANSING MI CLIMATE NORMALS FOR TOMORROW
                         NORMAL    RECORD    YEAR
 MAXIMUM TEMPERATURE (F)   69        89      1977
                                             1962
 MINIMUM TEMPERATURE (F)   47        28      1973
                                             1867


SUNRISE AND SUNSET
MAY 16 2015...........SUNRISE   615 AM EDT   SUNSET   855 PM EDT
MAY 17 2015...........SUNRISE   614 AM EDT   SUNSET   856 PM EDT


-  INDICATES NEGATIVE NUMBERS.
R  INDICATES RECORD WAS SET OR TIED.
MM INDICATES DATA IS MISSING.
T  INDICATES TRACE AMOUNT.




$$
