089
CDUS43 KGRR 230520
CLILAN


CLIMATE REPORT
NATIONAL WEATHER SERVICE GRAND RAPIDS, MI
119 AM EDT MON MAY 23 2016


...................................

...THE LANSING MI CLIMATE SUMMARY FOR MAY 22 2016...

CLIMATE NORMAL PERIOD 1981 TO 2010
CLIMATE RECORD PERIOD 1864 TO 2016


WEATHER ITEM   OBSERVED TIME   RECORD YEAR NORMAL DEPARTURE LAST
                VALUE   (LST)  VALUE       VALUE  FROM      YEAR
                                                  NORMAL
..................................................................
TEMPERATURE (F)
 YESTERDAY
  MAXIMUM         70    545 PM  90    1964  71     -1       67
  MINIMUM         48   1148 PM  27    1866  49     -1       44
  AVERAGE         59                        60     -1       56

PRECIPITATION (IN)
  YESTERDAY        0.00          3.00 1880   0.11  -0.11     0.00
  MONTH TO DATE    2.66                      2.33   0.33     2.16
  SINCE MAR 1      9.42                      7.42   2.00     4.19
  SINCE JAN 1     12.58                     10.54   2.04     6.44

SNOWFALL (IN)
  YESTERDAY        0.0           T    1963   0.0    0.0      0.0
  MONTH TO DATE    T                         0.0    0.0      0.0
  SINCE MAR 1     16.4                       8.9    7.5      1.9
  SINCE JUL 1     50.0                      51.1   -1.1     35.6
  SNOW DEPTH       0

DEGREE DAYS
 HEATING
  YESTERDAY        6                         7     -1        9
  MONTH TO DATE  242                       209     33      144
  SINCE MAR 1   1607                      1672    -65     1656
  SINCE JUL 1   5767                      6607   -840     7150

 COOLING
  YESTERDAY        0                         1     -1        0
  MONTH TO DATE    0                        16    -16       31
  SINCE MAR 1      1                        23    -22       31
  SINCE JAN 1      1                        23    -22       31
..................................................................


WIND (MPH)
  RESULTANT WIND SPEED   6   RESULTANT WIND DIRECTION  NE (30)
  HIGHEST WIND SPEED    18   HIGHEST WIND DIRECTION    NE (30)
  HIGHEST GUST SPEED    24   HIGHEST GUST DIRECTION    NE (40)
  AVERAGE WIND SPEED     6.7


SKY COVER
  AVERAGE SKY COVER 0.3


WEATHER CONDITIONS
 THE FOLLOWING WEATHER WAS RECORDED YESTERDAY.
  NO SIGNIFICANT WEATHER WAS OBSERVED.


RELATIVE HUMIDITY (PERCENT)
 HIGHEST    72           200 AM
 LOWEST     26           400 PM
 AVERAGE    49

..........................................................


THE LANSING MI CLIMATE NORMALS FOR TODAY
                         NORMAL    RECORD    YEAR
 MAXIMUM TEMPERATURE (F)   71        91      1977
 MINIMUM TEMPERATURE (F)   49        26      1866


SUNRISE AND SUNSET
MAY 23 2016...........SUNRISE   608 AM EDT   SUNSET   903 PM EDT
MAY 24 2016...........SUNRISE   607 AM EDT   SUNSET   904 PM EDT


-  INDICATES NEGATIVE NUMBERS.
R  INDICATES RECORD WAS SET OR TIED.
MM INDICATES DATA IS MISSING.
T  INDICATES TRACE AMOUNT.




$$
