000
CDUS43 KGRR 190531
CLILAN


CLIMATE REPORT
NATIONAL WEATHER SERVICE GRAND RAPIDS, MI
131 AM EDT TUE MAY 19 2015


...................................

...THE LANSING MI CLIMATE SUMMARY FOR MAY 18 2015...

CLIMATE NORMAL PERIOD 1981 TO 2010
CLIMATE RECORD PERIOD 1864 TO 2015


WEATHER ITEM   OBSERVED TIME   RECORD YEAR NORMAL DEPARTURE LAST
                VALUE   (LST)  VALUE       VALUE  FROM      YEAR
                                                  NORMAL
..................................................................
TEMPERATURE (F)
 YESTERDAY
  MAXIMUM         83    433 PM  89    1911  69     14       67
  MINIMUM         54   1159 PM  23    1868  47      7       41
  AVERAGE         69                        58     11       54

PRECIPITATION (IN)
  YESTERDAY        0.00          3.22 2000   0.11  -0.11     0.00
  MONTH TO DATE    2.16                      1.89   0.27     3.96
  SINCE MAR 1      4.19                      6.98  -2.79     7.01
  SINCE JAN 1      6.44                     10.10  -3.66    10.93

SNOWFALL (IN)
  YESTERDAY        0.0           0.4  1915   0.0    0.0      0.0
  MONTH TO DATE    0.0                       0.0    0.0      0.0
  SINCE MAR 1      1.9                       8.9   -7.0     11.1
  SINCE JUL 1     35.6                      51.1  -15.5     69.1
  SNOW DEPTH       0

DEGREE DAYS
 HEATING
  YESTERDAY        0                         8     -8       11
  MONTH TO DATE   89                       180    -91      209
  SINCE MAR 1   1601                      1643    -42     1953
  SINCE JUL 1   7095                      6578    517     7494

 COOLING
  YESTERDAY        4                         1      3        0
  MONTH TO DATE   31                        12     19        6
  SINCE MAR 1     31                        19     12        6
  SINCE JAN 1     31                        19     12        6
..................................................................


WIND (MPH)
  RESULTANT WIND SPEED  12   RESULTANT WIND DIRECTION  SW (240)
  HIGHEST WIND SPEED    25   HIGHEST WIND DIRECTION     W (270)
  HIGHEST GUST SPEED    31   HIGHEST GUST DIRECTION     W (270)
  AVERAGE WIND SPEED    13.1


SKY COVER
  AVERAGE SKY COVER 0.2


WEATHER CONDITIONS
 THE FOLLOWING WEATHER WAS RECORDED YESTERDAY.
  FOG


RELATIVE HUMIDITY (PERCENT)
 HIGHEST    93           600 AM
 LOWEST     42           400 PM
 AVERAGE    68

..........................................................


THE LANSING MI CLIMATE NORMALS FOR TODAY
                         NORMAL    RECORD    YEAR
 MAXIMUM TEMPERATURE (F)   70        91      1911
 MINIMUM TEMPERATURE (F)   48        26      2002
                                             1868


SUNRISE AND SUNSET
MAY 19 2015...........SUNRISE   612 AM EDT   SUNSET   858 PM EDT
MAY 20 2015...........SUNRISE   611 AM EDT   SUNSET   859 PM EDT


-  INDICATES NEGATIVE NUMBERS.
R  INDICATES RECORD WAS SET OR TIED.
MM INDICATES DATA IS MISSING.
T  INDICATES TRACE AMOUNT.




$$
