000
CDUS43 KGRR 061333
CLILAN


CLIMATE REPORT
NATIONAL WEATHER SERVICE GRAND RAPIDS, MI
931 AM EDT SUN JUL 6 2014


...................................

...THE LANSING MI CLIMATE SUMMARY FOR JULY 6 2014...
VALID AS OF 0900 AM LOCAL TIME.

CLIMATE NORMAL PERIOD 1981 TO 2010
CLIMATE RECORD PERIOD 1864 TO 2014


WEATHER ITEM   OBSERVED TIME   RECORD YEAR NORMAL DEPARTURE LAST
                VALUE   (LST)  VALUE       VALUE  FROM      YEAR
                                                  NORMAL
..................................................................
TEMPERATURE (F)
 TODAY
  MAXIMUM         70    759 AM 103    2012  83    -13       84
  MINIMUM         62    200 AM  39    1972  61      1       67
  AVERAGE         66                        72     -6       76

PRECIPITATION (IN)
  TODAY            0.00          1.64 1934   0.09  -0.09      T
  MONTH TO DATE    0.83                      0.56   0.27     0.20
  SINCE JUN 1      7.23                      4.01   3.22     8.60
  SINCE JAN 1     18.44                     15.58   2.86    26.60

SNOWFALL (IN)
  TODAY            0.0           0.0    MM   0.0    0.0      0.0
  MONTH TO DATE    0.0                       0.0    0.0      0.0
  SINCE JUN 1      0.0                       0.0    0.0      0.0
  SINCE JUL 1      0.0                       0.0    0.0      0.0
  SNOW DEPTH       0

DEGREE DAYS
 HEATING
  TODAY            0                         0      0        0
  MONTH TO DATE    5                         2      3        2
  SINCE JUN 1     29                        57    -28       52
  SINCE JUL 1      5                         2      3        2

 COOLING
  TODAY            1                         7     -6       11
  MONTH TO DATE   15                        42    -27       30
  SINCE JUN 1    162                       174    -12      163
  SINCE JAN 1    201                       215    -14      236
..................................................................


WIND (MPH)
  HIGHEST WIND SPEED    14   HIGHEST WIND DIRECTION    SW (230)
  HIGHEST GUST SPEED    17   HIGHEST GUST DIRECTION    SW (230)



WEATHER CONDITIONS
 THE FOLLOWING WEATHER WAS RECORDED TODAY.
  NO SIGNIFICANT WEATHER WAS OBSERVED.


..........................................................




SUNRISE AND SUNSET
JULY  6 2014..........SUNRISE   607 AM EDT   SUNSET   919 PM EDT
JULY  7 2014..........SUNRISE   607 AM EDT   SUNSET   919 PM EDT


-  INDICATES NEGATIVE NUMBERS.
R  INDICATES RECORD WAS SET OR TIED.
MM INDICATES DATA IS MISSING.
T  INDICATES TRACE AMOUNT.




$$

63
