000
CDUS43 KGRR 111359
CLILAN


CLIMATE REPORT
NATIONAL WEATHER SERVICE GRAND RAPIDS, MI
956 AM EDT TUE JUL 11 2017


...................................

...THE LANSING MI CLIMATE SUMMARY FOR JULY 11 2017...
VALID AS OF 0900 AM LOCAL TIME.

CLIMATE NORMAL PERIOD 1981 TO 2010
CLIMATE RECORD PERIOD 1864 TO 2017


WEATHER ITEM   OBSERVED TIME   RECORD YEAR NORMAL DEPARTURE LAST
                VALUE   (LST)  VALUE       VALUE  FROM      YEAR
                                                  NORMAL
..................................................................
TEMPERATURE (F)
 TODAY
  MAXIMUM         76    759 AM  98    1868  83     -7       86
  MINIMUM         66    445 AM  40    1898  61      5       63
  AVERAGE         71                        72     -1       75

PRECIPITATION (IN)
  TODAY            0.00          3.19 1957   0.10  -0.10      T
  MONTH TO DATE    1.23                      1.02   0.21     1.45
  SINCE JUN 1      4.98                      4.47   0.51     2.04
  SINCE JAN 1     22.04                     16.04   6.00    14.95

SNOWFALL (IN)
  TODAY            0.0           0.0    MM   0.0    0.0      0.0
  MONTH TO DATE    0.0                       0.0    0.0      0.0
  SINCE JUN 1      0.0                       0.0    0.0      0.0
  SINCE JUL 1      0.0                       0.0    0.0      0.0
  SNOW DEPTH       0

DEGREE DAYS
 HEATING
  TODAY            0                         0      0        0
  MONTH TO DATE    0                         2     -2        3
  SINCE JUN 1     13                        57    -44       37
  SINCE JUL 1      0                         2     -2        3

 COOLING
  TODAY            6                         7     -1       10
  MONTH TO DATE   96                        77     19       72
  SINCE JUN 1    301                       209     92      220
  SINCE JAN 1    336                       250     86      282
..................................................................


WIND (MPH)
  RESULTANT WIND SPEED   1   RESULTANT WIND DIRECTION   E (110)
  HIGHEST WIND SPEED     5   HIGHEST WIND DIRECTION     E (100)
  HIGHEST GUST SPEED     6   HIGHEST GUST DIRECTION     S (170)
  AVERAGE WIND SPEED     0.5


SKY COVER
  AVERAGE SKY COVER 0.6


WEATHER CONDITIONS
 THE FOLLOWING WEATHER WAS RECORDED TODAY.
  FOG
  FOG W/VISIBILITY <= 1/4 MILE
  HAZE


RELATIVE HUMIDITY (PERCENT)
 HIGHEST    87           300 AM
 LOWEST     79           700 AM
 AVERAGE    83

..........................................................


THE LANSING MI CLIMATE NORMALS FOR TOMORROW
                         NORMAL    RECORD    YEAR
 MAXIMUM TEMPERATURE (F)   83        99      1936
 MINIMUM TEMPERATURE (F)   61        36      1867


SUNRISE AND SUNSET
JULY 11 2017..........SUNRISE   611 AM EDT   SUNSET   917 PM EDT
JULY 12 2017..........SUNRISE   611 AM EDT   SUNSET   916 PM EDT


-  INDICATES NEGATIVE NUMBERS.
R  INDICATES RECORD WAS SET OR TIED.
MM INDICATES DATA IS MISSING.
T  INDICATES TRACE AMOUNT.




$$
