000
CDUS43 KGRR 240515
CLILAN


CLIMATE REPORT
NATIONAL WEATHER SERVICE GRAND RAPIDS, MI
115 AM EDT WED SEP 24 2014


...................................

...THE LANSING MI CLIMATE SUMMARY FOR SEPTEMBER 23 2014...

CLIMATE NORMAL PERIOD 1981 TO 2010
CLIMATE RECORD PERIOD 1864 TO 2014


WEATHER ITEM   OBSERVED TIME   RECORD YEAR NORMAL DEPARTURE LAST
                VALUE   (LST)  VALUE       VALUE  FROM      YEAR
                                                  NORMAL
..................................................................
TEMPERATURE (F)
 YESTERDAY
  MAXIMUM         73    454 PM  90    1891  70      3       62
  MINIMUM         45    616 AM  26    1995  48     -3       37
                                      1887
  AVERAGE         59                        59      0       50

PRECIPITATION (IN)
  YESTERDAY        0.00          2.33 1945   0.13  -0.13     0.00
  MONTH TO DATE    2.31                      2.70  -0.39     0.86
  SINCE SEP 1      2.31                      2.70  -0.39     0.86
  SINCE JAN 1     29.53                     23.79   5.74    33.78

SNOWFALL (IN)
  YESTERDAY        0.0           T    1989   0.0    0.0      0.0
                                      1928
  MONTH TO DATE    0.0                       0.0    0.0      0.0
  SINCE SEP 1      0.0                       0.0    0.0      0.0
  SINCE JUL 1      0.0                       0.0    0.0      0.0
  SNOW DEPTH       0

DEGREE DAYS
 HEATING
  YESTERDAY        6                         7     -1       15
  MONTH TO DATE  133                        93     40      112
  SINCE SEP 1    133                        93     40      112
  SINCE JUL 1    173                       128     45      147

 COOLING
  YESTERDAY        0                         1     -1        0
  MONTH TO DATE   43                        55    -12       63
  SINCE SEP 1     43                        55    -12       63
  SINCE JAN 1    488                       612   -124      651
..................................................................


WIND (MPH)
  RESULTANT WIND SPEED   3   RESULTANT WIND DIRECTION  SW (240)
  HIGHEST WIND SPEED    13   HIGHEST WIND DIRECTION    SW (240)
  HIGHEST GUST SPEED    15   HIGHEST GUST DIRECTION     W (260)
  AVERAGE WIND SPEED     3.4


SKY COVER
  AVERAGE SKY COVER 0.0


WEATHER CONDITIONS
 THE FOLLOWING WEATHER WAS RECORDED YESTERDAY.
  FOG


RELATIVE HUMIDITY (PERCENT)
 HIGHEST    93           100 AM
 LOWEST     41           400 PM
 AVERAGE    67

..........................................................


THE LANSING MI CLIMATE NORMALS FOR TODAY
                         NORMAL    RECORD    YEAR
 MAXIMUM TEMPERATURE (F)   69        90      1891
 MINIMUM TEMPERATURE (F)   48        26      1976


SUNRISE AND SUNSET
SEPTEMBER 24 2014.....SUNRISE   728 AM EDT   SUNSET   732 PM EDT
SEPTEMBER 25 2014.....SUNRISE   729 AM EDT   SUNSET   730 PM EDT


-  INDICATES NEGATIVE NUMBERS.
R  INDICATES RECORD WAS SET OR TIED.
MM INDICATES DATA IS MISSING.
T  INDICATES TRACE AMOUNT.




$$
