519
CDUS43 KGRR 190519
CLILAN


CLIMATE REPORT
NATIONAL WEATHER SERVICE GRAND RAPIDS, MI
1218 AM EST SUN FEB 19 2017


...................................

...THE LANSING MI CLIMATE SUMMARY FOR FEBRUARY 18 2017...

CLIMATE NORMAL PERIOD 1981 TO 2010
CLIMATE RECORD PERIOD 1864 TO 2017


WEATHER ITEM   OBSERVED TIME   RECORD YEAR NORMAL DEPARTURE LAST
                VALUE   (LST)  VALUE       VALUE  FROM      YEAR
                                                  NORMAL
..................................................................
TEMPERATURE (F)
 YESTERDAY
  MAXIMUM         65R   425 PM  56    2011  34     31       34
  MINIMUM         43   1108 PM -26    1875  19     24        4
  AVERAGE         54                        26     28       19

PRECIPITATION (IN)
  YESTERDAY        0.00          0.84 1926   0.05  -0.05      T
  MONTH TO DATE    1.04                      0.87   0.17     0.81
  SINCE DEC 1      6.45                      4.39   2.06     4.98
  SINCE JAN 1      4.69                      2.52   2.17     2.26

SNOWFALL (IN)
  YESTERDAY        0.0           8.5  1926   0.4   -0.4      0.0
  MONTH TO DATE    2.3                       7.7   -5.4      5.3
  SINCE DEC 1     27.5                      34.5   -7.0     15.0
  SINCE JUL 1     27.5                      38.3  -10.8     23.2
  SNOW DEPTH       0

DEGREE DAYS
 HEATING
  YESTERDAY       11                        39    -28       46
  MONTH TO DATE  618                       723   -105      727
  SINCE DEC 1   2868                      3149   -281     2735
  SINCE JUL 1   3843                      4563   -720     3843

 COOLING
  YESTERDAY        0                         0      0        0
  MONTH TO DATE    0                         0      0        0
  SINCE DEC 1      0                         0      0        0
  SINCE JAN 1      0                         0      0        0
..................................................................


WIND (MPH)
  RESULTANT WIND SPEED  12   RESULTANT WIND DIRECTION  SW (240)
  HIGHEST WIND SPEED    21   HIGHEST WIND DIRECTION     W (260)
  HIGHEST GUST SPEED    25   HIGHEST GUST DIRECTION    SW (240)
  AVERAGE WIND SPEED    12.9


SKY COVER
  AVERAGE SKY COVER 0.0


WEATHER CONDITIONS
 THE FOLLOWING WEATHER WAS RECORDED YESTERDAY.
  NO SIGNIFICANT WEATHER WAS OBSERVED.


RELATIVE HUMIDITY (PERCENT)
 HIGHEST    70          1200 AM
 LOWEST     31           400 PM
 AVERAGE    51

..........................................................


THE LANSING MI CLIMATE NORMALS FOR TODAY
                         NORMAL    RECORD    YEAR
 MAXIMUM TEMPERATURE (F)   34        60      2016
                                             1994
 MINIMUM TEMPERATURE (F)   19       -21      1978


SUNRISE AND SUNSET
FEBRUARY 19 2017......SUNRISE   729 AM EST   SUNSET   616 PM EST
FEBRUARY 20 2017......SUNRISE   728 AM EST   SUNSET   617 PM EST


-  INDICATES NEGATIVE NUMBERS.
R  INDICATES RECORD WAS SET OR TIED.
MM INDICATES DATA IS MISSING.
T  INDICATES TRACE AMOUNT.




$$
