000
CDUS43 KGRR 010518
CLILAN


CLIMATE REPORT
NATIONAL WEATHER SERVICE GRAND RAPIDS, MI
118 AM EDT WED JUL 1 2015


...................................

...THE LANSING MI CLIMATE SUMMARY FOR JUNE 30 2015...

CLIMATE NORMAL PERIOD 1981 TO 2010
CLIMATE RECORD PERIOD 1864 TO 2015


WEATHER ITEM   OBSERVED TIME   RECORD YEAR NORMAL DEPARTURE LAST
                VALUE   (LST)  VALUE       VALUE  FROM      YEAR
                                                  NORMAL
..................................................................
TEMPERATURE (F)
 YESTERDAY
  MAXIMUM         72    446 PM  98    1913  82    -10       84
  MINIMUM         59    103 AM  41    1943  60     -1       68
  AVERAGE         66                        71     -5       76

PRECIPITATION (IN)
  YESTERDAY        0.17          4.00 1870   0.10   0.07     0.01
  MONTH TO DATE    9.07                      3.45   5.62     6.40
  SINCE JUN 1      9.07                      3.45   5.62     6.40
  SINCE JAN 1     17.12                     15.02   2.10    17.61

SNOWFALL (IN)
  YESTERDAY        0.0           0.0    MM   0.0    0.0      0.0
  MONTH TO DATE    0.0                       0.0    0.0      0.0
  SINCE JUN 1      0.0                       0.0    0.0      0.0
  SINCE JUL 1     35.6                      51.1  -15.5     69.1
  SNOW DEPTH       0

DEGREE DAYS
 HEATING
  YESTERDAY        0                         1     -1        0
  MONTH TO DATE   36                        57    -21       24
  SINCE JUN 1     36                        55    -19       24
  SINCE JUL 1   7211                      6712    499     7543

 COOLING
  YESTERDAY        1                         7     -6       11
  MONTH TO DATE   88                       132    -44      147
  SINCE JUN 1     88                       132    -44      147
  SINCE JAN 1    147                       173    -26      186
..................................................................


WIND (MPH)
  RESULTANT WIND SPEED   0   RESULTANT WIND DIRECTION   N (340)
  HIGHEST WIND SPEED    12   HIGHEST WIND DIRECTION     W (290)
  HIGHEST GUST SPEED    14   HIGHEST GUST DIRECTION     W (280)
  AVERAGE WIND SPEED     2.9


SKY COVER
  AVERAGE SKY COVER 0.9


WEATHER CONDITIONS
 THE FOLLOWING WEATHER WAS RECORDED YESTERDAY.
  THUNDERSTORM
  HEAVY RAIN
  RAIN
  LIGHT RAIN
  FOG
  HAZE


RELATIVE HUMIDITY (PERCENT)
 HIGHEST    93          1000 PM
 LOWEST     68          1000 AM
 AVERAGE    81

..........................................................


THE LANSING MI CLIMATE NORMALS FOR TODAY
                         NORMAL    RECORD    YEAR
 MAXIMUM TEMPERATURE (F)   82        97      1910
 MINIMUM TEMPERATURE (F)   60        38      1895


SUNRISE AND SUNSET
JULY  1 2015..........SUNRISE   604 AM EDT   SUNSET   921 PM EDT
JULY  2 2015..........SUNRISE   604 AM EDT   SUNSET   920 PM EDT


-  INDICATES NEGATIVE NUMBERS.
R  INDICATES RECORD WAS SET OR TIED.
MM INDICATES DATA IS MISSING.
T  INDICATES TRACE AMOUNT.




$$
