000
CDUS43 KGRR 200518
CLILAN


CLIMATE REPORT
NATIONAL WEATHER SERVICE GRAND RAPIDS, MI
118 AM EDT SAT MAY 20 2017


...................................

...THE LANSING MI CLIMATE SUMMARY FOR MAY 19 2017...

CLIMATE NORMAL PERIOD 1981 TO 2010
CLIMATE RECORD PERIOD 1864 TO 2017


WEATHER ITEM   OBSERVED TIME   RECORD YEAR NORMAL DEPARTURE LAST
                VALUE   (LST)  VALUE       VALUE  FROM      YEAR
                                                  NORMAL
..................................................................
TEMPERATURE (F)
 YESTERDAY
  MAXIMUM         53    340 PM  91    1911  70    -17       71
  MINIMUM         43    655 AM  26    2002  48     -5       40
                                      1868
  AVERAGE         48                        59    -11       56

PRECIPITATION (IN)
  YESTERDAY        0.06          1.60 1957   0.11  -0.05     0.00
  MONTH TO DATE    1.13                      2.00  -0.87     2.66
  SINCE MAR 1      9.42                      7.09   2.33     9.42
  SINCE JAN 1     15.70                     10.21   5.49    12.58

SNOWFALL (IN)
  YESTERDAY        0.0           0.0    MM   0.0    0.0      0.0
  MONTH TO DATE    0.0                       0.0    0.0       T
  SINCE MAR 1      2.6                       8.9   -6.3     16.4
  SINCE JUL 1     30.2                      51.1  -20.9     50.0
  SNOW DEPTH       0

DEGREE DAYS
 HEATING
  YESTERDAY       17                         8      9        9
  MONTH TO DATE  208                       188     20      226
  SINCE MAR 1   1507                      1651   -144     1591
  SINCE JUL 1   5552                      6586  -1034     5751

 COOLING
  YESTERDAY        0                         1     -1        0
  MONTH TO DATE   20                        13      7        0
  SINCE MAR 1     28                        20      8        1
  SINCE JAN 1     28                        20      8        1
..................................................................


WIND (MPH)
  RESULTANT WIND SPEED   9   RESULTANT WIND DIRECTION  NE (30)
  HIGHEST WIND SPEED    22   HIGHEST WIND DIRECTION    NE (50)
  HIGHEST GUST SPEED    27   HIGHEST GUST DIRECTION    NE (60)
  AVERAGE WIND SPEED    10.3


SKY COVER
  AVERAGE SKY COVER 0.9


WEATHER CONDITIONS
 THE FOLLOWING WEATHER WAS RECORDED YESTERDAY.
  LIGHT RAIN


RELATIVE HUMIDITY (PERCENT)
 HIGHEST    77           500 PM
 LOWEST     49          1000 PM
 AVERAGE    63

..........................................................


THE LANSING MI CLIMATE NORMALS FOR TODAY
                         NORMAL    RECORD    YEAR
 MAXIMUM TEMPERATURE (F)   70        93      1977
 MINIMUM TEMPERATURE (F)   48        25      1895


SUNRISE AND SUNSET
MAY 20 2017...........SUNRISE   611 AM EDT   SUNSET   900 PM EDT
MAY 21 2017...........SUNRISE   610 AM EDT   SUNSET   901 PM EDT


-  INDICATES NEGATIVE NUMBERS.
R  INDICATES RECORD WAS SET OR TIED.
MM INDICATES DATA IS MISSING.
T  INDICATES TRACE AMOUNT.




$$
