000
CDUS43 KGRR 160532
CLILAN


CLIMATE REPORT
NATIONAL WEATHER SERVICE GRAND RAPIDS, MI
131 AM EDT MON MAY 16 2016


...................................

...THE LANSING MI CLIMATE SUMMARY FOR MAY 15 2016...

CLIMATE NORMAL PERIOD 1981 TO 2010
CLIMATE RECORD PERIOD 1864 TO 2016


WEATHER ITEM   OBSERVED TIME   RECORD YEAR NORMAL DEPARTURE LAST
                VALUE   (LST)  VALUE       VALUE  FROM      YEAR
                                                  NORMAL
..................................................................
TEMPERATURE (F)
 YESTERDAY
  MAXIMUM         48    550 PM  88    1991  69    -21       73
  MINIMUM         33    628 AM  24    1895  46    -13       50
  AVERAGE         41                        57    -16       62

PRECIPITATION (IN)
  YESTERDAY        T             1.75 2001   0.11  -0.11     0.36
  MONTH TO DATE    2.65                      1.57   1.08     1.57
  SINCE MAR 1      9.41                      6.66   2.75     3.60
  SINCE JAN 1     12.57                      9.78   2.79     5.85

SNOWFALL (IN)
  YESTERDAY        T   R         0.0    MM   0.0    0.0      0.0
  MONTH TO DATE    T                         0.0    0.0      0.0
  SINCE MAR 1     16.4                       8.9    7.5      1.9
  SINCE JUL 1     50.0                      51.1   -1.1     35.6
  SNOW DEPTH       0

DEGREE DAYS
 HEATING
  YESTERDAY       24                         9     15        3
  MONTH TO DATE  182                       156     26       89
  SINCE MAR 1   1547                      1619    -72     1601
  SINCE JUL 1   5707                      6554   -847     7095

 COOLING
  YESTERDAY        0                         1     -1        0
  MONTH TO DATE    0                         9     -9       18
  SINCE MAR 1      1                        16    -15       18
  SINCE JAN 1      1                        16    -15       18
..................................................................


WIND (MPH)
  RESULTANT WIND SPEED  10   RESULTANT WIND DIRECTION   W (290)
  HIGHEST WIND SPEED    24   HIGHEST WIND DIRECTION    NW (300)
  HIGHEST GUST SPEED    32   HIGHEST GUST DIRECTION     W (290)
  AVERAGE WIND SPEED    10.9


SKY COVER
  AVERAGE SKY COVER 0.8


WEATHER CONDITIONS
 THE FOLLOWING WEATHER WAS RECORDED YESTERDAY.
  LIGHT RAIN
  LIGHT SNOW
  HAZE


RELATIVE HUMIDITY (PERCENT)
 HIGHEST    82           400 AM
 LOWEST     38           600 PM
 AVERAGE    60

..........................................................


THE LANSING MI CLIMATE NORMALS FOR TODAY
                         NORMAL    RECORD    YEAR
 MAXIMUM TEMPERATURE (F)   69        90      1977
 MINIMUM TEMPERATURE (F)   47        27      1866


SUNRISE AND SUNSET
MAY 16 2016...........SUNRISE   614 AM EDT   SUNSET   856 PM EDT
MAY 17 2016...........SUNRISE   613 AM EDT   SUNSET   857 PM EDT


-  INDICATES NEGATIVE NUMBERS.
R  INDICATES RECORD WAS SET OR TIED.
MM INDICATES DATA IS MISSING.
T  INDICATES TRACE AMOUNT.




$$
