000
CDUS43 KGRR 060520
CLILAN


CLIMATE REPORT
NATIONAL WEATHER SERVICE GRAND RAPIDS, MI
120 AM EDT SUN APR 6 2014


...................................

...THE LANSING MI CLIMATE SUMMARY FOR APRIL 5 2014...

CLIMATE NORMAL PERIOD 1981 TO 2010
CLIMATE RECORD PERIOD 1864 TO 2014


WEATHER ITEM   OBSERVED TIME   RECORD YEAR NORMAL DEPARTURE LAST
                VALUE   (LST)  VALUE       VALUE  FROM      YEAR
                                                  NORMAL
..................................................................
TEMPERATURE (F)
 YESTERDAY
  MAXIMUM         48    502 PM  82    1873  53     -5       48
  MINIMUM         30   1159 PM   4    1868  33     -3       31
  AVERAGE         39                        43     -4       40

PRECIPITATION (IN)
  YESTERDAY        0.00          2.60 1947   0.09  -0.09     0.00
  MONTH TO DATE    0.37                      0.47  -0.10      T
  SINCE MAR 1      2.06                      2.53  -0.47     0.96
  SINCE JAN 1      5.98                      5.65   0.33     6.18

SNOWFALL (IN)
  YESTERDAY        0.0           7.8  1952   0.1   -0.1      0.0
  MONTH TO DATE    T                         0.6   -0.6       T
  SINCE MAR 1     10.4                       7.6    2.8      5.2
  SINCE JUL 1     68.4                      49.8   18.6     29.7
  SNOW DEPTH       0

DEGREE DAYS
 HEATING
  YESTERDAY       26                        22      4       25
  MONTH TO DATE  125                       113     12      152
  SINCE MAR 1   1335                      1042    293     1200
  SINCE JUL 1   6876                      5977    899     5878

 COOLING
  YESTERDAY        0                         0      0        0
  MONTH TO DATE    0                         0      0        0
  SINCE MAR 1      0                         1     -1        0
  SINCE JAN 1      0                         1     -1        0
..................................................................


WIND (MPH)
  RESULTANT WIND SPEED  11   RESULTANT WIND DIRECTION   W (290)
  HIGHEST WIND SPEED    26   HIGHEST WIND DIRECTION     W (290)
  HIGHEST GUST SPEED    35   HIGHEST GUST DIRECTION     W (290)
  AVERAGE WIND SPEED    10.5


SKY COVER
  AVERAGE SKY COVER 0.5


WEATHER CONDITIONS
 THE FOLLOWING WEATHER WAS RECORDED YESTERDAY.
  HAZE


RELATIVE HUMIDITY (PERCENT)
 HIGHEST    75          1200 AM
 LOWEST     34           400 PM
 AVERAGE    55

..........................................................


THE LANSING MI CLIMATE NORMALS FOR TODAY
                         NORMAL    RECORD    YEAR
 MAXIMUM TEMPERATURE (F)   54        82      1929
 MINIMUM TEMPERATURE (F)   34        13      1920


SUNRISE AND SUNSET
APRIL  6 2014.........SUNRISE   712 AM EDT   SUNSET   810 PM EDT
APRIL  7 2014.........SUNRISE   710 AM EDT   SUNSET   811 PM EDT


-  INDICATES NEGATIVE NUMBERS.
R  INDICATES RECORD WAS SET OR TIED.
MM INDICATES DATA IS MISSING.
T  INDICATES TRACE AMOUNT.




$$
