000
CDUS43 KGRR 242227
CLILAN


CLIMATE REPORT
NATIONAL WEATHER SERVICE GRAND RAPIDS, MI
527 PM EST SAT JAN 24 2015


...................................

...THE LANSING MI CLIMATE SUMMARY FOR JANUARY 24 2015...
VALID TODAY AS OF 0500 PM LOCAL TIME.

CLIMATE NORMAL PERIOD 1981 TO 2010
CLIMATE RECORD PERIOD 1864 TO 2015


WEATHER ITEM   OBSERVED TIME   RECORD YEAR NORMAL DEPARTURE LAST
                VALUE   (LST)  VALUE       VALUE  FROM      YEAR
                                                  NORMAL
..................................................................
TEMPERATURE (F)
 TODAY
  MAXIMUM         37    459 PM  66    1967  30      7       19
  MINIMUM         25   1216 AM -22    1884  16      9       -1
  AVERAGE         31                        23      8        9

PRECIPITATION (IN)
  TODAY            0.00          0.43 1938   0.05  -0.05      T
  MONTH TO DATE    1.30                      1.33  -0.03     1.79
  SINCE DEC 1      2.86                      3.20  -0.34     3.67
  SINCE JAN 1      1.30                      1.33  -0.03     1.79

SNOWFALL (IN)
  TODAY            0.0           6.3  1894   0.5   -0.5       T
  MONTH TO DATE   10.7                      10.8   -0.1     17.6
  SINCE DEC 1     12.2                      23.8  -11.6     33.4
  SINCE JUL 1     18.4                      27.6   -9.2     34.1
  SNOW DEPTH       5

DEGREE DAYS
 HEATING
  TODAY           34                        42     -8       56
  MONTH TO DATE 1077                       999     78     1161
  SINCE DEC 1   2106                      2137    -31     2378
  SINCE JUL 1   3702                      3551    151     3824

 COOLING
  TODAY            0                         0      0        0
  MONTH TO DATE    0                         0      0        0
  SINCE DEC 1      0                         0      0        0
  SINCE JAN 1      0                         0      0        0
..................................................................


WIND (MPH)
  RESULTANT WIND SPEED  10   RESULTANT WIND DIRECTION   W (250)
  HIGHEST WIND SPEED    18   HIGHEST WIND DIRECTION     W (270)
  HIGHEST GUST SPEED    24   HIGHEST GUST DIRECTION     W (270)
  AVERAGE WIND SPEED    10.5


SKY COVER
  AVERAGE SKY COVER 1.0


WEATHER CONDITIONS
 THE FOLLOWING WEATHER WAS RECORDED TODAY.
  FOG
  HAZE


RELATIVE HUMIDITY (PERCENT)
 HIGHEST    92           900 AM
 LOWEST     70           300 PM
 AVERAGE    81

..........................................................


THE LANSING MI CLIMATE NORMALS FOR TOMORROW
                         NORMAL    RECORD    YEAR
 MAXIMUM TEMPERATURE (F)   30        65      1950
 MINIMUM TEMPERATURE (F)   16       -16      2004
                                             1883


SUNRISE AND SUNSET
JANUARY 24 2015.......SUNRISE   801 AM EST   SUNSET   541 PM EST
JANUARY 25 2015.......SUNRISE   800 AM EST   SUNSET   542 PM EST


-  INDICATES NEGATIVE NUMBERS.
R  INDICATES RECORD WAS SET OR TIED.
MM INDICATES DATA IS MISSING.
T  INDICATES TRACE AMOUNT.




$$
