000
CDUS43 KGRR 092126
CLILAN


CLIMATE REPORT
NATIONAL WEATHER SERVICE GRAND RAPIDS, MI
525 PM EDT SAT SEP 9 2017


...................................

...THE LANSING MI CLIMATE SUMMARY FOR SEPTEMBER 9 2017...
VALID TODAY AS OF 0500 PM LOCAL TIME.

CLIMATE NORMAL PERIOD 1981 TO 2010
CLIMATE RECORD PERIOD 1864 TO 2017


WEATHER ITEM   OBSERVED TIME   RECORD YEAR NORMAL DEPARTURE LAST
                VALUE   (LST)  VALUE       VALUE  FROM      YEAR
                                                  NORMAL
..................................................................
TEMPERATURE (F)
 TODAY
  MAXIMUM         67    334 PM  94    1897  75     -8       80
                                      1874
  MINIMUM         39    605 AM  30    1879  54    -15       65
  AVERAGE         53                        65    -12       73

PRECIPITATION (IN)
  TODAY            0.00          1.73 1875   0.11  -0.11     0.04
  MONTH TO DATE    0.29                      1.01  -0.72     0.54
  SINCE SEP 1      0.29                      1.01  -0.72     0.54
  SINCE JAN 1     25.59                     22.10   3.49    24.02

SNOWFALL (IN)
  TODAY            0.0           0.0    MM   0.0    0.0      0.0
  MONTH TO DATE    0.0                       0.0    0.0      0.0
  SINCE SEP 1      0.0                       0.0    0.0      0.0
  SINCE JUL 1      0.0                       0.0    0.0      0.0
  SNOW DEPTH       0

DEGREE DAYS
 HEATING
  TODAY           12                         3      9        0
  MONTH TO DATE   56                        21     35        4
  SINCE SEP 1     56                        21     35        4
  SINCE JUL 1     85                        56     29        7

 COOLING
  TODAY            0                         3     -3        8
  MONTH TO DATE    8                        30    -22       55
  SINCE SEP 1      8                        30    -22       55
  SINCE JAN 1    642                       587     55      821
..................................................................


WIND (MPH)
  RESULTANT WIND SPEED   2   RESULTANT WIND DIRECTION   E (80)
  HIGHEST WIND SPEED    13   HIGHEST WIND DIRECTION     E (100)
  HIGHEST GUST SPEED    19   HIGHEST GUST DIRECTION    NE (60)
  AVERAGE WIND SPEED     2.6


SKY COVER
  AVERAGE SKY COVER 0.2


WEATHER CONDITIONS
 THE FOLLOWING WEATHER WAS RECORDED TODAY.
  FOG


RELATIVE HUMIDITY (PERCENT)
 HIGHEST    93           500 AM
 LOWEST     40           300 PM
 AVERAGE    67

..........................................................


THE LANSING MI CLIMATE NORMALS FOR TOMORROW
                         NORMAL    RECORD    YEAR
 MAXIMUM TEMPERATURE (F)   75        93      1978
                                             1895
                                             1874
 MINIMUM TEMPERATURE (F)   54        32      1867


SUNRISE AND SUNSET
SEPTEMBER  9 2017.....SUNRISE   712 AM EDT   SUNSET   758 PM EDT
SEPTEMBER 10 2017.....SUNRISE   713 AM EDT   SUNSET   757 PM EDT


-  INDICATES NEGATIVE NUMBERS.
R  INDICATES RECORD WAS SET OR TIED.
MM INDICATES DATA IS MISSING.
T  INDICATES TRACE AMOUNT.




$$
