000
CDUS43 KGRR 240520
CLILAN


CLIMATE REPORT
NATIONAL WEATHER SERVICE GRAND RAPIDS, MI
119 AM EDT SAT SEP 24 2016


...................................

...THE LANSING MI CLIMATE SUMMARY FOR SEPTEMBER 23 2016...

CLIMATE NORMAL PERIOD 1981 TO 2010
CLIMATE RECORD PERIOD 1864 TO 2016


WEATHER ITEM   OBSERVED TIME   RECORD YEAR NORMAL DEPARTURE LAST
                VALUE   (LST)  VALUE       VALUE  FROM      YEAR
                                                  NORMAL
..................................................................
TEMPERATURE (F)
 YESTERDAY
  MAXIMUM         71   1209 AM  90    1891  70      1       77
  MINIMUM         58   1159 PM  26    1995  48     10       49
                                      1887
  AVERAGE         65                        59      6       63

PRECIPITATION (IN)
  YESTERDAY        0.00          2.33 1945   0.13  -0.13     0.00
  MONTH TO DATE    1.48                      2.70  -1.22     1.31
  SINCE SEP 1      1.48                      2.70  -1.22     1.31
  SINCE JAN 1     24.96                     23.79   1.17    27.64

SNOWFALL (IN)
  YESTERDAY        0.0           T    1989   0.0    0.0      0.0
                                      1928
  MONTH TO DATE    0.0                       0.0    0.0      0.0
  SINCE SEP 1      0.0                       0.0    0.0      0.0
  SINCE JUL 1      0.0                       0.0    0.0      0.0
  SNOW DEPTH       0

DEGREE DAYS
 HEATING
  YESTERDAY        0                         7     -7        2
  MONTH TO DATE   10                        93    -83       52
  SINCE SEP 1     10                        93    -83       52
  SINCE JUL 1     13                       128   -115       83

 COOLING
  YESTERDAY        0                         1     -1        0
  MONTH TO DATE   89                        55     34      111
  SINCE SEP 1     89                        55     34      111
  SINCE JAN 1    855                       612    243      604
..................................................................


WIND (MPH)
  RESULTANT WIND SPEED   7   RESULTANT WIND DIRECTION  NE (40)
  HIGHEST WIND SPEED    18   HIGHEST WIND DIRECTION     N (10)
  HIGHEST GUST SPEED    22   HIGHEST GUST DIRECTION     N (10)
  AVERAGE WIND SPEED     7.5


SKY COVER
  AVERAGE SKY COVER 0.8


WEATHER CONDITIONS
 THE FOLLOWING WEATHER WAS RECORDED YESTERDAY.
  FOG
  HAZE


RELATIVE HUMIDITY (PERCENT)
 HIGHEST    93           300 AM
 LOWEST     72           700 PM
 AVERAGE    83

..........................................................


THE LANSING MI CLIMATE NORMALS FOR TODAY
                         NORMAL    RECORD    YEAR
 MAXIMUM TEMPERATURE (F)   69        90      1891
 MINIMUM TEMPERATURE (F)   48        26      1976


SUNRISE AND SUNSET
SEPTEMBER 24 2016.....SUNRISE   728 AM EDT   SUNSET   731 PM EDT
SEPTEMBER 25 2016.....SUNRISE   729 AM EDT   SUNSET   729 PM EDT


-  INDICATES NEGATIVE NUMBERS.
R  INDICATES RECORD WAS SET OR TIED.
MM INDICATES DATA IS MISSING.
T  INDICATES TRACE AMOUNT.




$$
