000
CDUS43 KGRR 202124
CLILAN


CLIMATE REPORT
NATIONAL WEATHER SERVICE GRAND RAPIDS, MI
524 PM EDT WED AUG 20 2014


...................................

...THE LANSING MI CLIMATE SUMMARY FOR AUGUST 20 2014...
VALID TODAY AS OF 0500 PM LOCAL TIME.

CLIMATE NORMAL PERIOD 1981 TO 2010
CLIMATE RECORD PERIOD 1864 TO 2014


WEATHER ITEM   OBSERVED TIME   RECORD YEAR NORMAL DEPARTURE LAST
                VALUE   (LST)  VALUE       VALUE  FROM      YEAR
                                                  NORMAL
..................................................................
TEMPERATURE (F)
 TODAY
  MAXIMUM         81    312 PM  98    1916  80      1       86
  MINIMUM         64    431 AM  33    1885  59      5       60
  AVERAGE         73                        70      3       73

PRECIPITATION (IN)
  TODAY            T             2.53 2007   0.10  -0.10     0.00
  MONTH TO DATE    3.92                      2.11   1.81     1.30
  SINCE JUN 1     15.18                      8.40   6.78    11.45
  SINCE JAN 1     26.39                     19.97   6.42    29.45

SNOWFALL (IN)
  TODAY            0.0           0.0    MM   0.0    0.0      0.0
  MONTH TO DATE    0.0                       0.0    0.0      0.0
  SINCE JUN 1      0.0                       0.0    0.0      0.0
  SINCE JUL 1      0.0                       0.0    0.0      0.0
  SNOW DEPTH       0

DEGREE DAYS
 HEATING
  TODAY            0                         1     -1        0
  MONTH TO DATE   10                        16     -6       19
  SINCE JUN 1     63                        82    -19       85
  SINCE JUL 1     39                        27     12       35

 COOLING
  TODAY            8                         5      3        8
  MONTH TO DATE   75                       117    -42       53
  SINCE JUN 1    326                       462   -136      412
  SINCE JAN 1    365                       503   -138      485
..................................................................


WIND (MPH)
  RESULTANT WIND SPEED   6   RESULTANT WIND DIRECTION   W (250)
  HIGHEST WIND SPEED    20   HIGHEST WIND DIRECTION     W (270)
  HIGHEST GUST SPEED    23   HIGHEST GUST DIRECTION     W (270)
  AVERAGE WIND SPEED     6.2


SKY COVER
  AVERAGE SKY COVER 0.7


WEATHER CONDITIONS
 THE FOLLOWING WEATHER WAS RECORDED TODAY.
  LIGHT RAIN
  FOG
  FOG W/VISIBILITY <= 1/4 MILE
  HAZE


RELATIVE HUMIDITY (PERCENT)
 HIGHEST   100           800 AM
 LOWEST     54           300 PM
 AVERAGE    77

..........................................................


THE LANSING MI CLIMATE NORMALS FOR TOMORROW
                         NORMAL    RECORD    YEAR
 MAXIMUM TEMPERATURE (F)   80        99      1955
 MINIMUM TEMPERATURE (F)   59        38      1894


SUNRISE AND SUNSET
AUGUST 20 2014........SUNRISE   650 AM EDT   SUNSET   833 PM EDT
AUGUST 21 2014........SUNRISE   651 AM EDT   SUNSET   831 PM EDT


-  INDICATES NEGATIVE NUMBERS.
R  INDICATES RECORD WAS SET OR TIED.
MM INDICATES DATA IS MISSING.
T  INDICATES TRACE AMOUNT.




$$
