000
CDUS43 KGRR 171337
CLILAN


CLIMATE REPORT
NATIONAL WEATHER SERVICE GRAND RAPIDS, MI
935 AM EDT WED AUG 17 2016


...................................

...THE LANSING MI CLIMATE SUMMARY FOR AUGUST 17 2016...
VALID AS OF 0900 AM LOCAL TIME.

CLIMATE NORMAL PERIOD 1981 TO 2010
CLIMATE RECORD PERIOD 1864 TO 2016


WEATHER ITEM   OBSERVED TIME   RECORD YEAR NORMAL DEPARTURE LAST
                VALUE   (LST)  VALUE       VALUE  FROM      YEAR
                                                  NORMAL
..................................................................
TEMPERATURE (F)
 TODAY
  MAXIMUM         72    757 AM  95    1988  80     -8       87
  MINIMUM         66    455 AM  36    1864  60      6       70
  AVERAGE         69                        70     -1       79

PRECIPITATION (IN)
  TODAY            0.00          2.26 1921   0.11  -0.11     0.00
  MONTH TO DATE    5.06                      1.80   3.26     4.92
  SINCE JUN 1      9.00                      8.09   0.91    16.38
  SINCE JAN 1     21.91                     19.66   2.25    24.43

SNOWFALL (IN)
  TODAY            0.0           0.0    MM   0.0    0.0      0.0
  MONTH TO DATE    0.0                       0.0    0.0      0.0
  SINCE JUN 1      0.0                       0.0    0.0      0.0
  SINCE JUL 1      0.0                       0.0    0.0      0.0
  SNOW DEPTH       0

DEGREE DAYS
 HEATING
  TODAY            0                         1     -1        0
  MONTH TO DATE    0                        13    -13        0
  SINCE JUN 1     37                        79    -42       48
  SINCE JUL 1      3                        24    -21       12

 COOLING
  TODAY            4                         6     -2       14
  MONTH TO DATE  180                       102     78      123
  SINCE JUN 1    602                       447    155      390
  SINCE JAN 1    664                       488    176      449
..................................................................


WIND (MPH)
  RESULTANT WIND SPEED   3   RESULTANT WIND DIRECTION  SW (220)
  HIGHEST WIND SPEED    10   HIGHEST WIND DIRECTION    SW (230)
  HIGHEST GUST SPEED    12   HIGHEST GUST DIRECTION    SW (220)
  AVERAGE WIND SPEED     3.5


SKY COVER
  AVERAGE SKY COVER 0.2


WEATHER CONDITIONS
 THE FOLLOWING WEATHER WAS RECORDED TODAY.
  FOG


RELATIVE HUMIDITY (PERCENT)
 HIGHEST    93           400 AM
 LOWEST     84           100 AM
 AVERAGE    89

..........................................................


THE LANSING MI CLIMATE NORMALS FOR TOMORROW
                         NORMAL    RECORD    YEAR
 MAXIMUM TEMPERATURE (F)   80        95      1947
                                             1899
 MINIMUM TEMPERATURE (F)   60        40      1896
                                             1895


SUNRISE AND SUNSET
AUGUST 17 2016........SUNRISE   647 AM EDT   SUNSET   836 PM EDT
AUGUST 18 2016........SUNRISE   649 AM EDT   SUNSET   835 PM EDT


-  INDICATES NEGATIVE NUMBERS.
R  INDICATES RECORD WAS SET OR TIED.
MM INDICATES DATA IS MISSING.
T  INDICATES TRACE AMOUNT.




$$
