000
CDUS43 KGRR 260522
CLILAN


CLIMATE REPORT
NATIONAL WEATHER SERVICE GRAND RAPIDS, MI
122 AM EDT WED APR 26 2017


...................................

...THE LANSING MI CLIMATE SUMMARY FOR APRIL 25 2017...

CLIMATE NORMAL PERIOD 1981 TO 2010
CLIMATE RECORD PERIOD 1864 TO 2017


WEATHER ITEM   OBSERVED TIME   RECORD YEAR NORMAL DEPARTURE LAST
                VALUE   (LST)  VALUE       VALUE  FROM      YEAR
                                                  NORMAL
..................................................................
TEMPERATURE (F)
 YESTERDAY
  MAXIMUM         73    532 PM  86    1915  62     11       79
  MINIMUM         52    442 AM  17    1909  40     12       46
  AVERAGE         63                        51     12       63

PRECIPITATION (IN)
  YESTERDAY        0.00          1.83 1864   0.10  -0.10     0.20
  MONTH TO DATE    3.73                      2.53   1.20     1.73
  SINCE MAR 1      7.36                      4.59   2.77     5.98
  SINCE JAN 1     13.64                      7.71   5.93     9.14

SNOWFALL (IN)
  YESTERDAY        0.0           4.3  1976   0.0    0.0      0.0
  MONTH TO DATE    0.4                       1.8   -1.4      7.5
  SINCE MAR 1      2.6                       8.8   -6.2     16.4
  SINCE JUL 1     30.2                      51.0  -20.8     50.0
  SNOW DEPTH       0

DEGREE DAYS
 HEATING
  YESTERDAY        2                        14    -12        2
  MONTH TO DATE  322                       467   -145      503
  SINCE MAR 1   1247                      1396   -149     1266
  SINCE JUL 1   5292                      6331  -1039     5426

 COOLING
  YESTERDAY        0                         0      0        0
  MONTH TO DATE    2                         0      2        1
  SINCE MAR 1      2                         1      1        1
  SINCE JAN 1      2                         1      1        1
..................................................................


WIND (MPH)
  RESULTANT WIND SPEED  11   RESULTANT WIND DIRECTION  SE (140)
  HIGHEST WIND SPEED    17   HIGHEST WIND DIRECTION    SE (130)
  HIGHEST GUST SPEED    23   HIGHEST GUST DIRECTION    SE (150)
  AVERAGE WIND SPEED    11.0


SKY COVER
  AVERAGE SKY COVER 0.4


WEATHER CONDITIONS
 THE FOLLOWING WEATHER WAS RECORDED YESTERDAY.
  NO SIGNIFICANT WEATHER WAS OBSERVED.


RELATIVE HUMIDITY (PERCENT)
 HIGHEST    71           400 AM
 LOWEST     40          1200 AM
 AVERAGE    56

..........................................................


THE LANSING MI CLIMATE NORMALS FOR TODAY
                         NORMAL    RECORD    YEAR
 MAXIMUM TEMPERATURE (F)   62        88      1915
 MINIMUM TEMPERATURE (F)   41        22      1874


SUNRISE AND SUNSET
APRIL 26 2017.........SUNRISE   639 AM EDT   SUNSET   834 PM EDT
APRIL 27 2017.........SUNRISE   638 AM EDT   SUNSET   835 PM EDT


-  INDICATES NEGATIVE NUMBERS.
R  INDICATES RECORD WAS SET OR TIED.
MM INDICATES DATA IS MISSING.
T  INDICATES TRACE AMOUNT.




$$
