000
CDUS43 KGRR 190516
CLILAN


CLIMATE REPORT
NATIONAL WEATHER SERVICE GRAND RAPIDS, MI
116 AM EDT THU OCT 19 2017


...................................

...THE LANSING MI CLIMATE SUMMARY FOR OCTOBER 18 2017...

CLIMATE NORMAL PERIOD 1981 TO 2010
CLIMATE RECORD PERIOD 1864 TO 2017


WEATHER ITEM   OBSERVED TIME   RECORD YEAR NORMAL DEPARTURE LAST
                VALUE   (LST)  VALUE       VALUE  FROM      YEAR
                                                  NORMAL
..................................................................
TEMPERATURE (F)
 YESTERDAY
  MAXIMUM         69    337 PM  82    1938  59     10       77
                                      1910
  MINIMUM         48    708 AM  17    1976  40      8       51
                                      1896
  AVERAGE         59                        50      9       64

PRECIPITATION (IN)
  YESTERDAY        0.00          1.38 1947   0.08  -0.08     0.00
  MONTH TO DATE    5.87                      1.51   4.36     2.32
  SINCE SEP 1      6.81                      5.01   1.80     5.67
  SINCE JAN 1     32.11                     26.10   6.01    29.15

SNOWFALL (IN)
  YESTERDAY        0.0           3.0  1880   0.0    0.0      0.0
  MONTH TO DATE    0.0                       0.1   -0.1      0.0
  SINCE SEP 1      0.0                       0.1   -0.1      0.0
  SINCE JUL 1      0.0                       0.1   -0.1      0.0
  SNOW DEPTH       0

DEGREE DAYS
 HEATING
  YESTERDAY        6                        16    -10        1
  MONTH TO DATE  102                       231   -129      114
  SINCE SEP 1    205                       384   -179      164
  SINCE JUL 1    234                       419   -185      167

 COOLING
  YESTERDAY        0                         0      0        0
  MONTH TO DATE   16                         4     12       14
  SINCE SEP 1    146                        65     81      103
  SINCE JAN 1    780                       622    158      869
..................................................................


WIND (MPH)
  RESULTANT WIND SPEED  11   RESULTANT WIND DIRECTION  SW (210)
  HIGHEST WIND SPEED    22   HIGHEST WIND DIRECTION     S (200)
  HIGHEST GUST SPEED    28   HIGHEST GUST DIRECTION    SW (210)
  AVERAGE WIND SPEED    11.2


SKY COVER
  AVERAGE SKY COVER 0.0


WEATHER CONDITIONS
 THE FOLLOWING WEATHER WAS RECORDED YESTERDAY.
  NO SIGNIFICANT WEATHER WAS OBSERVED.


RELATIVE HUMIDITY (PERCENT)
 HIGHEST    71           500 AM
 LOWEST     28           300 PM
 AVERAGE    50

..........................................................


THE LANSING MI CLIMATE NORMALS FOR TODAY
                         NORMAL    RECORD    YEAR
 MAXIMUM TEMPERATURE (F)   59        82      1920
 MINIMUM TEMPERATURE (F)   40        16      1972


SUNRISE AND SUNSET
OCTOBER 19 2017.......SUNRISE   757 AM EDT   SUNSET   649 PM EDT
OCTOBER 20 2017.......SUNRISE   758 AM EDT   SUNSET   648 PM EDT


-  INDICATES NEGATIVE NUMBERS.
R  INDICATES RECORD WAS SET OR TIED.
MM INDICATES DATA IS MISSING.
T  INDICATES TRACE AMOUNT.




$$
