000
CDUS43 KGRR 180519
CLILAN


CLIMATE REPORT
NATIONAL WEATHER SERVICE GRAND RAPIDS, MI
118 AM EDT SUN JUN 18 2017


...................................

...THE LANSING MI CLIMATE SUMMARY FOR JUNE 17 2017...

CLIMATE NORMAL PERIOD 1981 TO 2010
CLIMATE RECORD PERIOD 1864 TO 2017


WEATHER ITEM   OBSERVED TIME   RECORD YEAR NORMAL DEPARTURE LAST
                VALUE   (LST)  VALUE       VALUE  FROM      YEAR
                                                  NORMAL
..................................................................
TEMPERATURE (F)
 YESTERDAY
  MAXIMUM         88    344 PM  95    1994  79      9       87
                                      1957
  MINIMUM         69    827 AM  38    1972  58     11       53
  AVERAGE         79                        68     11       70

PRECIPITATION (IN)
  YESTERDAY        2.07          2.19 1996   0.12   1.95     0.00
  MONTH TO DATE    2.35                      2.00   0.35     0.58
  SINCE JUN 1      2.35                      2.00   0.35     0.58
  SINCE JAN 1     19.41                     13.57   5.84    13.49

SNOWFALL (IN)
  YESTERDAY        0.0           T    1992   0.0    0.0      0.0
  MONTH TO DATE    0.0                       0.0    0.0      0.0
  SINCE JUN 1      0.0                       0.0    0.0      0.0
  SINCE JUL 1     30.2                      51.1  -20.9     50.0
  SNOW DEPTH       0

DEGREE DAYS
 HEATING
  YESTERDAY        0                         1     -1        0
  MONTH TO DATE    7                        44    -37       28
  SINCE JUN 1      7                        44    -37       28
  SINCE JUL 1   5596                      6701  -1105     5800

 COOLING
  YESTERDAY       14                         5      9        5
  MONTH TO DATE  142                        57     85       63
  SINCE JUN 1    142                        57     85       63
  SINCE JAN 1    177                        98     79      125
..................................................................


WIND (MPH)
  RESULTANT WIND SPEED   8   RESULTANT WIND DIRECTION   S (200)
  HIGHEST WIND SPEED    24   HIGHEST WIND DIRECTION     S (170)
  HIGHEST GUST SPEED    33   HIGHEST GUST DIRECTION     S (200)
  AVERAGE WIND SPEED     8.6


SKY COVER
  AVERAGE SKY COVER 0.4


WEATHER CONDITIONS
 THE FOLLOWING WEATHER WAS RECORDED YESTERDAY.
  THUNDERSTORM
  HEAVY RAIN
  RAIN
  LIGHT RAIN
  FOG
  HAZE


RELATIVE HUMIDITY (PERCENT)
 HIGHEST    79          1000 AM
 LOWEST     46           400 PM
 AVERAGE    63

..........................................................


THE LANSING MI CLIMATE NORMALS FOR TODAY
                         NORMAL    RECORD    YEAR
 MAXIMUM TEMPERATURE (F)   79        98      1994
 MINIMUM TEMPERATURE (F)   58        37      1999


SUNRISE AND SUNSET
JUNE 18 2017..........SUNRISE   600 AM EDT   SUNSET   920 PM EDT
JUNE 19 2017..........SUNRISE   600 AM EDT   SUNSET   920 PM EDT


-  INDICATES NEGATIVE NUMBERS.
R  INDICATES RECORD WAS SET OR TIED.
MM INDICATES DATA IS MISSING.
T  INDICATES TRACE AMOUNT.




$$
