001
CDUS43 KGRR 230522
CLILAN


CLIMATE REPORT
NATIONAL WEATHER SERVICE GRAND RAPIDS, MI
119 AM EDT SAT APR 23 2016


...................................

...THE LANSING MI CLIMATE SUMMARY FOR APRIL 22 2016...

CLIMATE NORMAL PERIOD 1981 TO 2010
CLIMATE RECORD PERIOD 1864 TO 2016


WEATHER ITEM   OBSERVED TIME   RECORD YEAR NORMAL DEPARTURE LAST
                VALUE   (LST)  VALUE       VALUE  FROM      YEAR
                                                  NORMAL
..................................................................
TEMPERATURE (F)
 YESTERDAY
  MAXIMUM         57   1016 AM  86    1980  61     -4       39
  MINIMUM         41   1154 PM  21    1875  39      2       33
  AVERAGE         49                        50     -1       36

PRECIPITATION (IN)
  YESTERDAY        T             1.47 1999   0.09  -0.09      T
  MONTH TO DATE    1.53                      2.24  -0.71     1.27
  SINCE MAR 1      5.78                      4.30   1.48     2.01
  SINCE JAN 1      8.94                      7.42   1.52     4.26

SNOWFALL (IN)
  YESTERDAY        0.0           5.0  1867   0.0    0.0       T
  MONTH TO DATE    7.5                       1.7    5.8       T
  SINCE MAR 1     16.4                       8.7    7.7      1.9
  SINCE JUL 1     50.0                      50.9   -0.9     35.6
  SNOW DEPTH       0

DEGREE DAYS
 HEATING
  YESTERDAY       16                        15      1       29
  MONTH TO DATE  471                       423     48      363
  SINCE MAR 1   1234                      1352   -118     1354
  SINCE JUL 1   5394                      6287   -893     6848

 COOLING
  YESTERDAY        0                         0      0        0
  MONTH TO DATE    1                         0      1        0
  SINCE MAR 1      1                         1      0        0
  SINCE JAN 1      1                         1      0        0
..................................................................


WIND (MPH)
  RESULTANT WIND SPEED   6   RESULTANT WIND DIRECTION  NE (30)
  HIGHEST WIND SPEED    15   HIGHEST WIND DIRECTION    NE (40)
  HIGHEST GUST SPEED    18   HIGHEST GUST DIRECTION     N (20)
  AVERAGE WIND SPEED     8.2


SKY COVER
  AVERAGE SKY COVER 0.9


WEATHER CONDITIONS
 THE FOLLOWING WEATHER WAS RECORDED YESTERDAY.
  LIGHT RAIN
  FOG
  FOG W/VISIBILITY <= 1/4 MILE


RELATIVE HUMIDITY (PERCENT)
 HIGHEST   100           100 AM
 LOWEST     74           900 PM
 AVERAGE    87

..........................................................


THE LANSING MI CLIMATE NORMALS FOR TODAY
                         NORMAL    RECORD    YEAR
 MAXIMUM TEMPERATURE (F)   61        86      1960
                                             1925
 MINIMUM TEMPERATURE (F)   40        21      1868


SUNRISE AND SUNSET
APRIL 23 2016.........SUNRISE   644 AM EDT   SUNSET   830 PM EDT
APRIL 24 2016.........SUNRISE   642 AM EDT   SUNSET   832 PM EDT


-  INDICATES NEGATIVE NUMBERS.
R  INDICATES RECORD WAS SET OR TIED.
MM INDICATES DATA IS MISSING.
T  INDICATES TRACE AMOUNT.




$$
