000
CDUS43 KGRR 100521
CLILAN


CLIMATE REPORT
NATIONAL WEATHER SERVICE GRAND RAPIDS, MI
121 AM EDT TUE OCT 10 2017


...................................

...THE LANSING MI CLIMATE SUMMARY FOR OCTOBER 9 2017...

CLIMATE NORMAL PERIOD 1981 TO 2010
CLIMATE RECORD PERIOD 1864 TO 2017


WEATHER ITEM   OBSERVED TIME   RECORD YEAR NORMAL DEPARTURE LAST
                VALUE   (LST)  VALUE       VALUE  FROM      YEAR
                                                  NORMAL
..................................................................
TEMPERATURE (F)
 YESTERDAY
  MAXIMUM         79    308 PM  84    1939  63     16       61
  MINIMUM         53    712 AM  23    1989  43     10       37
  AVERAGE         66                        53     13       49

PRECIPITATION (IN)
  YESTERDAY        T             1.28 1939   0.09  -0.09     0.00
  MONTH TO DATE    1.41                      0.80   0.61     0.87
  SINCE SEP 1      2.35                      4.30  -1.95     4.22
  SINCE JAN 1     27.65                     25.39   2.26    27.70

SNOWFALL (IN)
  YESTERDAY        0.0           T    1993   0.1   -0.1      0.0
                                      1964
                                      1925
  MONTH TO DATE    0.0                       0.1   -0.1      0.0
  SINCE SEP 1      0.0                       0.1   -0.1      0.0
  SINCE JUL 1      0.0                       0.1   -0.1      0.0
  SNOW DEPTH       0

DEGREE DAYS
 HEATING
  YESTERDAY        0                        13    -13       16
  MONTH TO DATE   26                       102    -76       51
  SINCE SEP 1    129                       255   -126      101
  SINCE JUL 1    158                       290   -132      104

 COOLING
  YESTERDAY        1                         0      1        0
  MONTH TO DATE   16                         4     12        9
  SINCE SEP 1    146                        65     81       98
  SINCE JAN 1    780                       622    158      864
..................................................................


WIND (MPH)
  RESULTANT WIND SPEED   0   RESULTANT WIND DIRECTION  NE (30)
  HIGHEST WIND SPEED     8   HIGHEST WIND DIRECTION     W (250)
  HIGHEST GUST SPEED    14   HIGHEST GUST DIRECTION     W (270)
  AVERAGE WIND SPEED     2.3


SKY COVER
  AVERAGE SKY COVER 0.2


WEATHER CONDITIONS
 THE FOLLOWING WEATHER WAS RECORDED YESTERDAY.
  LIGHT RAIN
  FOG


RELATIVE HUMIDITY (PERCENT)
 HIGHEST    93           600 AM
 LOWEST     33           500 PM
 AVERAGE    63

..........................................................


THE LANSING MI CLIMATE NORMALS FOR TODAY
                         NORMAL    RECORD    YEAR
 MAXIMUM TEMPERATURE (F)   62        83      1879
 MINIMUM TEMPERATURE (F)   42        23      1876
                                             1863


SUNRISE AND SUNSET
OCTOBER 10 2017.......SUNRISE   746 AM EDT   SUNSET   704 PM EDT
OCTOBER 11 2017.......SUNRISE   747 AM EDT   SUNSET   702 PM EDT


-  INDICATES NEGATIVE NUMBERS.
R  INDICATES RECORD WAS SET OR TIED.
MM INDICATES DATA IS MISSING.
T  INDICATES TRACE AMOUNT.




$$
