000
CDUS43 KGRR 240528
CLILAN


CLIMATE REPORT
NATIONAL WEATHER SERVICE GRAND RAPIDS, MI
127 AM EDT TUE MAR 24 2015


...................................

...THE LANSING MI CLIMATE SUMMARY FOR MARCH 23 2015...

CLIMATE NORMAL PERIOD 1981 TO 2010
CLIMATE RECORD PERIOD 1864 TO 2015


WEATHER ITEM   OBSERVED TIME   RECORD YEAR NORMAL DEPARTURE LAST
                VALUE   (LST)  VALUE       VALUE  FROM      YEAR
                                                  NORMAL
..................................................................
TEMPERATURE (F)
 YESTERDAY
  MAXIMUM         34    354 PM  71    1994  47    -13       25
  MINIMUM         21   1159 PM  -5    1965  28     -7       12
  AVERAGE         28                        38    -10       19

PRECIPITATION (IN)
  YESTERDAY        0.00          1.09 1913   0.07  -0.07      T
  MONTH TO DATE    0.25                      1.44  -1.19     1.43
  SINCE MAR 1      0.25                      1.44  -1.19     1.43
  SINCE JAN 1      2.50                      4.56  -2.06     5.35

SNOWFALL (IN)
  YESTERDAY        0.0           6.6  1968   0.2   -0.2       T
  MONTH TO DATE    1.9                       5.8   -3.9     10.2
  SINCE MAR 1      1.9                       5.8   -3.9     10.2
  SINCE JUL 1     35.6                      48.0  -12.4     68.2
  SNOW DEPTH       0

DEGREE DAYS
 HEATING
  YESTERDAY       37                        27     10       46
  MONTH TO DATE  741                       727     14      946
  SINCE MAR 1    741                       727     14      946
  SINCE JUL 1   6235                      5662    573     6487

 COOLING
  YESTERDAY        0                         0      0        0
  MONTH TO DATE    0                         0      0        0
  SINCE MAR 1      0                         0      0        0
  SINCE JAN 1      0                         0      0        0
..................................................................


WIND (MPH)
  RESULTANT WIND SPEED   8   RESULTANT WIND DIRECTION  NE (60)
  HIGHEST WIND SPEED    15   HIGHEST WIND DIRECTION     E (70)
  HIGHEST GUST SPEED    18   HIGHEST GUST DIRECTION    NE (50)
  AVERAGE WIND SPEED     8.4


SKY COVER
  AVERAGE SKY COVER 0.4


WEATHER CONDITIONS
 THE FOLLOWING WEATHER WAS RECORDED YESTERDAY.
  NO SIGNIFICANT WEATHER WAS OBSERVED.


RELATIVE HUMIDITY (PERCENT)
 HIGHEST    68          1100 PM
 LOWEST     39           600 PM
 AVERAGE    54

..........................................................


THE LANSING MI CLIMATE NORMALS FOR TODAY
                         NORMAL    RECORD    YEAR
 MAXIMUM TEMPERATURE (F)   48        82      1910
 MINIMUM TEMPERATURE (F)   29       -10      1965


SUNRISE AND SUNSET
MARCH 24 2015.........SUNRISE   735 AM EDT   SUNSET   755 PM EDT
MARCH 25 2015.........SUNRISE   733 AM EDT   SUNSET   756 PM EDT


-  INDICATES NEGATIVE NUMBERS.
R  INDICATES RECORD WAS SET OR TIED.
MM INDICATES DATA IS MISSING.
T  INDICATES TRACE AMOUNT.




$$
