000
CDUS43 KGRR 090536
CLILAN


CLIMATE REPORT
NATIONAL WEATHER SERVICE GRAND RAPIDS, MI
135 AM EDT SAT SEP 9 2017


...................................

...THE LANSING MI CLIMATE SUMMARY FOR SEPTEMBER 8 2017...

CLIMATE NORMAL PERIOD 1981 TO 2010
CLIMATE RECORD PERIOD 1864 TO 2017


WEATHER ITEM   OBSERVED TIME   RECORD YEAR NORMAL DEPARTURE LAST
                VALUE   (LST)  VALUE       VALUE  FROM      YEAR
                                                  NORMAL
..................................................................
TEMPERATURE (F)
 YESTERDAY
  MAXIMUM         68    429 PM  95    1874  76     -8       80
  MINIMUM         47   1147 PM  28    1883  54     -7       67
  AVERAGE         58                        65     -7       74

PRECIPITATION (IN)
  YESTERDAY        T             1.30 1865   0.12  -0.12     0.27
  MONTH TO DATE    0.29                      0.90  -0.61     0.50
  SINCE SEP 1      0.29                      0.90  -0.61     0.50
  SINCE JAN 1     25.59                     21.99   3.60    23.98

SNOWFALL (IN)
  YESTERDAY        0.0           0.0    MM   0.0    0.0      0.0
  MONTH TO DATE    0.0                       0.0    0.0      0.0
  SINCE SEP 1      0.0                       0.0    0.0      0.0
  SINCE JUL 1      0.0                       0.0    0.0      0.0
  SNOW DEPTH       0

DEGREE DAYS
 HEATING
  YESTERDAY        7                         3      4        0
  MONTH TO DATE   44                        18     26        4
  SINCE SEP 1     44                        18     26        4
  SINCE JUL 1     73                        53     20        7

 COOLING
  YESTERDAY        0                         3     -3        9
  MONTH TO DATE    8                        27    -19       47
  SINCE SEP 1      8                        27    -19       47
  SINCE JAN 1    642                       584     58      813
..................................................................


WIND (MPH)
  RESULTANT WIND SPEED   3   RESULTANT WIND DIRECTION  NE (30)
  HIGHEST WIND SPEED    15   HIGHEST WIND DIRECTION    NE (40)
  HIGHEST GUST SPEED    19   HIGHEST GUST DIRECTION    NE (30)
  AVERAGE WIND SPEED     5.2


SKY COVER
  AVERAGE SKY COVER 0.4


WEATHER CONDITIONS
 THE FOLLOWING WEATHER WAS RECORDED YESTERDAY.
  FOG


RELATIVE HUMIDITY (PERCENT)
 HIGHEST   100          1200 AM
 LOWEST     42           300 PM
 AVERAGE    71

..........................................................


THE LANSING MI CLIMATE NORMALS FOR TODAY
                         NORMAL    RECORD    YEAR
 MAXIMUM TEMPERATURE (F)   75        94      1897
                                             1874
 MINIMUM TEMPERATURE (F)   54        30      1879


SUNRISE AND SUNSET
SEPTEMBER  9 2017.....SUNRISE   712 AM EDT   SUNSET   758 PM EDT
SEPTEMBER 10 2017.....SUNRISE   713 AM EDT   SUNSET   757 PM EDT


-  INDICATES NEGATIVE NUMBERS.
R  INDICATES RECORD WAS SET OR TIED.
MM INDICATES DATA IS MISSING.
T  INDICATES TRACE AMOUNT.




$$
