000
CDUS43 KGRR 060513
CLILAN


CLIMATE REPORT
NATIONAL WEATHER SERVICE GRAND RAPIDS, MI
111 AM EDT SUN JUL 6 2014


...................................

...THE LANSING MI CLIMATE SUMMARY FOR JULY 5 2014...

CLIMATE NORMAL PERIOD 1981 TO 2010
CLIMATE RECORD PERIOD 1864 TO 2014


WEATHER ITEM   OBSERVED TIME   RECORD YEAR NORMAL DEPARTURE LAST
                VALUE   (LST)  VALUE       VALUE  FROM      YEAR
                                                  NORMAL
..................................................................
TEMPERATURE (F)
 YESTERDAY
  MAXIMUM         78    129 PM  99    2012  83     -5       83
                                      1988
                                      1911
  MINIMUM         53    454 AM  37    1972  60     -7       64
  AVERAGE         66                        72     -6       74

PRECIPITATION (IN)
  YESTERDAY        0.00          2.16 1901   0.09  -0.09     0.00
  MONTH TO DATE    0.83                      0.47   0.36     0.20
  SINCE JUN 1      7.23                      3.92   3.31     8.60
  SINCE JAN 1     18.44                     15.49   2.95    26.60

SNOWFALL (IN)
  YESTERDAY        0.0           0.0    MM   0.0    0.0      0.0
  MONTH TO DATE    0.0                       0.0    0.0      0.0
  SINCE JUN 1      0.0                       0.0    0.0      0.0
  SINCE JUL 1      0.0                       0.0    0.0      0.0
  SNOW DEPTH       0

DEGREE DAYS
 HEATING
  YESTERDAY        0                         0      0        0
  MONTH TO DATE    5                         2      3        2
  SINCE JUN 1     29                        57    -28       52
  SINCE JUL 1      5                         2      3        2

 COOLING
  YESTERDAY        1                         7     -6        9
  MONTH TO DATE   14                        35    -21       19
  SINCE JUN 1    161                       167     -6      152
  SINCE JAN 1    200                       208     -8      225
..................................................................


WIND (MPH)
  RESULTANT WIND SPEED   6   RESULTANT WIND DIRECTION  SW (210)
  HIGHEST WIND SPEED    16   HIGHEST WIND DIRECTION    SW (220)
  HIGHEST GUST SPEED    21   HIGHEST GUST DIRECTION    SW (230)
  AVERAGE WIND SPEED     6.5


SKY COVER
  AVERAGE SKY COVER 0.1


WEATHER CONDITIONS
 THE FOLLOWING WEATHER WAS RECORDED YESTERDAY.
  NO SIGNIFICANT WEATHER WAS OBSERVED.


RELATIVE HUMIDITY (PERCENT)
 HIGHEST    89           400 AM
 LOWEST     41          1200 PM
 AVERAGE    65

..........................................................


THE LANSING MI CLIMATE NORMALS FOR TODAY
                         NORMAL    RECORD    YEAR
 MAXIMUM TEMPERATURE (F)   83       103      2012
 MINIMUM TEMPERATURE (F)   61        39      1972


SUNRISE AND SUNSET
JULY  6 2014..........SUNRISE   607 AM EDT   SUNSET   919 PM EDT
JULY  7 2014..........SUNRISE   607 AM EDT   SUNSET   919 PM EDT


-  INDICATES NEGATIVE NUMBERS.
R  INDICATES RECORD WAS SET OR TIED.
MM INDICATES DATA IS MISSING.
T  INDICATES TRACE AMOUNT.




$$
