000
CDUS43 KGRR 170518
CLILAN


CLIMATE REPORT
NATIONAL WEATHER SERVICE GRAND RAPIDS, MI
118 AM EDT FRI OCT 17 2014


...................................

...THE LANSING MI CLIMATE SUMMARY FOR OCTOBER 16 2014...

CLIMATE NORMAL PERIOD 1981 TO 2010
CLIMATE RECORD PERIOD 1864 TO 2014


WEATHER ITEM   OBSERVED TIME   RECORD YEAR NORMAL DEPARTURE LAST
                VALUE   (LST)  VALUE       VALUE  FROM      YEAR
                                                  NORMAL
..................................................................
TEMPERATURE (F)
 YESTERDAY
  MAXIMUM         60    150 PM  85    1938  60      0       61
  MINIMUM         47    230 AM  22    1864  41      6       49
  AVERAGE         54                        50      4       55

PRECIPITATION (IN)
  YESTERDAY        0.01          1.79 1914   0.08  -0.07     0.01
  MONTH TO DATE    3.21                      1.36   1.85     1.22
  SINCE SEP 1      5.75                      4.86   0.89     2.20
  SINCE JAN 1     32.97                     25.95   7.02    35.12

SNOWFALL (IN)
  YESTERDAY        0.0           1.7  1943   0.0    0.0      0.0
  MONTH TO DATE    0.0                       0.1   -0.1      0.0
  SINCE SEP 1      0.0                       0.1   -0.1      0.0
  SINCE JUL 1      0.0                       0.1   -0.1      0.0
  SNOW DEPTH       0

DEGREE DAYS
 HEATING
  YESTERDAY       11                        15     -4       10
  MONTH TO DATE  194                       200     -6      106
  SINCE SEP 1    354                       353      1      262
  SINCE JUL 1    394                       388      6      297

 COOLING
  YESTERDAY        0                         0      0        0
  MONTH TO DATE    0                         4     -4       10
  SINCE SEP 1     43                        65    -22       73
  SINCE JAN 1    488                       622   -134      661
..................................................................


WIND (MPH)
  RESULTANT WIND SPEED   3   RESULTANT WIND DIRECTION   W (270)
  HIGHEST WIND SPEED    16   HIGHEST WIND DIRECTION     W (260)
  HIGHEST GUST SPEED    19   HIGHEST GUST DIRECTION     W (270)
  AVERAGE WIND SPEED     5.7


SKY COVER
  AVERAGE SKY COVER 1.0


WEATHER CONDITIONS
 THE FOLLOWING WEATHER WAS RECORDED YESTERDAY.
  LIGHT RAIN
  FOG
  FOG W/VISIBILITY <= 1/4 MILE
  HAZE


RELATIVE HUMIDITY (PERCENT)
 HIGHEST   100           400 AM
 LOWEST     75           400 PM
 AVERAGE    88

..........................................................


THE LANSING MI CLIMATE NORMALS FOR TODAY
                         NORMAL    RECORD    YEAR
 MAXIMUM TEMPERATURE (F)   59        84      1956
 MINIMUM TEMPERATURE (F)   40        13      1868


SUNRISE AND SUNSET
OCTOBER 17 2014.......SUNRISE   754 AM EDT   SUNSET   653 PM EDT
OCTOBER 18 2014.......SUNRISE   755 AM EDT   SUNSET   651 PM EDT


-  INDICATES NEGATIVE NUMBERS.
R  INDICATES RECORD WAS SET OR TIED.
MM INDICATES DATA IS MISSING.
T  INDICATES TRACE AMOUNT.




$$
