000
CDUS43 KGRR 231445
CLILAN


CLIMATE REPORT
NATIONAL WEATHER SERVICE GRAND RAPIDS, MI
943 AM EST WED NOV 23 2016


...................................

...THE LANSING MI CLIMATE SUMMARY FOR NOVEMBER 23 2016...
VALID AS OF 0900 AM LOCAL TIME.

CLIMATE NORMAL PERIOD 1981 TO 2010
CLIMATE RECORD PERIOD 1864 TO 2016


WEATHER ITEM   OBSERVED TIME   RECORD YEAR NORMAL DEPARTURE LAST
                VALUE   (LST)  VALUE       VALUE  FROM      YEAR
                                                  NORMAL
..................................................................
TEMPERATURE (F)
 TODAY
  MAXIMUM         34    859 AM  67    1999  43     -9       32
                                      1931
  MINIMUM         25    104 AM  -3    1869  30     -5       21
  AVERAGE         30                        37     -7       27

PRECIPITATION (IN)
  TODAY            0.01          0.92 2014   0.10  -0.09      T
  MONTH TO DATE    1.86                      2.19  -0.33     1.18
  SINCE SEP 1      8.41                      8.22   0.19     4.72
  SINCE JAN 1     31.89                     29.31   2.58    31.05

SNOWFALL (IN)
  TODAY            T             3.7  2005   0.2   -0.2       T
  MONTH TO DATE    T                         2.0   -2.0      8.2
  SINCE SEP 1      T                         2.4   -2.4      8.2
  SINCE JUL 1      T                         2.4   -2.4      8.2
  SNOW DEPTH       0

DEGREE DAYS
 HEATING
  TODAY           35                        28      7       38
  MONTH TO DATE  425                       553   -128      415
  SINCE SEP 1    815                      1168   -353      886
  SINCE JUL 1    818                      1203   -385      917

 COOLING
  TODAY            0                         0      0        0
  MONTH TO DATE    0                         0      0        0
  SINCE SEP 1    103                        68     35      122
  SINCE JAN 1    869                       625    244      615
..................................................................


WIND (MPH)
  RESULTANT WIND SPEED   6   RESULTANT WIND DIRECTION  SE (120)
  HIGHEST WIND SPEED    13   HIGHEST WIND DIRECTION    SE (130)
  HIGHEST GUST SPEED    15   HIGHEST GUST DIRECTION    SE (130)
  AVERAGE WIND SPEED     6.5


SKY COVER
  AVERAGE SKY COVER 0.7


WEATHER CONDITIONS
 THE FOLLOWING WEATHER WAS RECORDED TODAY.
  LIGHT RAIN
  LT FREEZING RAIN
  SLEET


RELATIVE HUMIDITY (PERCENT)
 HIGHEST    81           100 AM
 LOWEST     63           400 AM
 AVERAGE    72

..........................................................


THE LANSING MI CLIMATE NORMALS FOR TOMORROW
                         NORMAL    RECORD    YEAR
 MAXIMUM TEMPERATURE (F)   43        64      1931
 MINIMUM TEMPERATURE (F)   30        -1      1950
                                             1869


SUNRISE AND SUNSET
NOVEMBER 23 2016......SUNRISE   741 AM EST   SUNSET   509 PM EST
NOVEMBER 24 2016......SUNRISE   742 AM EST   SUNSET   508 PM EST


-  INDICATES NEGATIVE NUMBERS.
R  INDICATES RECORD WAS SET OR TIED.
MM INDICATES DATA IS MISSING.
T  INDICATES TRACE AMOUNT.




$$

JAM
