000
CDUS43 KGRR 090527
CLILAN


CLIMATE REPORT
NATIONAL WEATHER SERVICE GRAND RAPIDS, MI
1227 AM EST MON JAN 9 2017


...................................

...THE LANSING MI CLIMATE SUMMARY FOR JANUARY 8 2017...

CLIMATE NORMAL PERIOD 1981 TO 2010
CLIMATE RECORD PERIOD 1864 TO 2017


WEATHER ITEM   OBSERVED TIME   RECORD YEAR NORMAL DEPARTURE LAST
                VALUE   (LST)  VALUE       VALUE  FROM      YEAR
                                                  NORMAL
..................................................................
TEMPERATURE (F)
 YESTERDAY
  MAXIMUM         17    950 PM  59    1965  30    -13       39
  MINIMUM          6    416 AM -17    1870  17    -11       30
  AVERAGE         12                        24    -12       35

PRECIPITATION (IN)
  YESTERDAY        T             1.11 1935   0.06  -0.06     0.15
  MONTH TO DATE    0.56                      0.48   0.08     0.19
  SINCE DEC 1      2.32                      2.35  -0.03     2.91
  SINCE JAN 1      0.56                      0.48   0.08     0.19

SNOWFALL (IN)
  YESTERDAY        T             6.0  1999   0.5   -0.5      0.0
  MONTH TO DATE    0.9                       3.6   -2.7      0.9
  SINCE DEC 1     17.0                      16.6    0.4      2.8
  SINCE JUL 1     17.0                      20.4   -3.4     11.0
  SNOW DEPTH       0

DEGREE DAYS
 HEATING
  YESTERDAY       53                        41     12       30
  MONTH TO DATE  351                       328     23      298
  SINCE DEC 1   1493                      1466     27     1095
  SINCE JUL 1   2468                      2880   -412     2203

 COOLING
  YESTERDAY        0                         0      0        0
  MONTH TO DATE    0                         0      0        0
  SINCE DEC 1      0                         0      0        0
  SINCE JAN 1      0                         0      0        0
..................................................................


WIND (MPH)
  RESULTANT WIND SPEED   8   RESULTANT WIND DIRECTION   W (270)
  HIGHEST WIND SPEED    20   HIGHEST WIND DIRECTION     S (180)
  HIGHEST GUST SPEED    26   HIGHEST GUST DIRECTION     S (180)
  AVERAGE WIND SPEED    10.2


SKY COVER
  AVERAGE SKY COVER 0.7


WEATHER CONDITIONS
 THE FOLLOWING WEATHER WAS RECORDED YESTERDAY.
  NO SIGNIFICANT WEATHER WAS OBSERVED.


RELATIVE HUMIDITY (PERCENT)
 HIGHEST    76           100 AM
 LOWEST     53           100 PM
 AVERAGE    65

..........................................................


THE LANSING MI CLIMATE NORMALS FOR TODAY
                         NORMAL    RECORD    YEAR
 MAXIMUM TEMPERATURE (F)   30        56      1939
                                             1880
                                             1876
 MINIMUM TEMPERATURE (F)   17       -17      1977


SUNRISE AND SUNSET
JANUARY  9 2017.......SUNRISE   808 AM EST   SUNSET   523 PM EST
JANUARY 10 2017.......SUNRISE   808 AM EST   SUNSET   524 PM EST


-  INDICATES NEGATIVE NUMBERS.
R  INDICATES RECORD WAS SET OR TIED.
MM INDICATES DATA IS MISSING.
T  INDICATES TRACE AMOUNT.




$$
