000
CDUS43 KGRR 110520
CLILAN


CLIMATE REPORT
NATIONAL WEATHER SERVICE GRAND RAPIDS, MI
119 AM EDT WED MAY 11 2016


...................................

...THE LANSING MI CLIMATE SUMMARY FOR MAY 10 2016...

CLIMATE NORMAL PERIOD 1981 TO 2010
CLIMATE RECORD PERIOD 1864 TO 2016


WEATHER ITEM   OBSERVED TIME   RECORD YEAR NORMAL DEPARTURE LAST
                VALUE   (LST)  VALUE       VALUE  FROM      YEAR
                                                  NORMAL
..................................................................
TEMPERATURE (F)
 YESTERDAY
  MAXIMUM         54   1145 AM  91    1895  67    -13       64
  MINIMUM         48    532 AM  19    1966  45      3       51
  AVERAGE         51                        56     -5       58

PRECIPITATION (IN)
  YESTERDAY        0.54          1.72 1981   0.11   0.43     0.37
  MONTH TO DATE    1.42                      1.04   0.38     0.97
  SINCE MAR 1      8.18                      6.13   2.05     3.00
  SINCE JAN 1     11.34                      9.25   2.09     5.25

SNOWFALL (IN)
  YESTERDAY        0.0           2.0  1902   0.0    0.0      0.0
  MONTH TO DATE    0.0                       0.0    0.0      0.0
  SINCE MAR 1     16.4                       8.9    7.5      1.9
  SINCE JUL 1     50.0                      51.1   -1.1     35.6
  SNOW DEPTH       0

DEGREE DAYS
 HEATING
  YESTERDAY       14                        10      4        7
  MONTH TO DATE  124                       110     14       36
  SINCE MAR 1   1489                      1573    -84     1548
  SINCE JUL 1   5649                      6508   -859     7042

 COOLING
  YESTERDAY        0                         1     -1        0
  MONTH TO DATE    0                         4     -4       18
  SINCE MAR 1      1                        11    -10       18
  SINCE JAN 1      1                        11    -10       18
..................................................................


WIND (MPH)
  RESULTANT WIND SPEED  12   RESULTANT WIND DIRECTION   E (100)
  HIGHEST WIND SPEED    24   HIGHEST WIND DIRECTION     E (110)
  HIGHEST GUST SPEED    29   HIGHEST GUST DIRECTION     E (110)
  AVERAGE WIND SPEED    10.7


SKY COVER
  AVERAGE SKY COVER 1.0


WEATHER CONDITIONS
 THE FOLLOWING WEATHER WAS RECORDED YESTERDAY.
  RAIN
  LIGHT RAIN
  FOG


RELATIVE HUMIDITY (PERCENT)
 HIGHEST    93           500 PM
 LOWEST     50          1200 AM
 AVERAGE    72

..........................................................


THE LANSING MI CLIMATE NORMALS FOR TODAY
                         NORMAL    RECORD    YEAR
 MAXIMUM TEMPERATURE (F)   67        88      1896
 MINIMUM TEMPERATURE (F)   45        27      1907
                                             1865


SUNRISE AND SUNSET
MAY 11 2016...........SUNRISE   620 AM EDT   SUNSET   851 PM EDT
MAY 12 2016...........SUNRISE   618 AM EDT   SUNSET   852 PM EDT


-  INDICATES NEGATIVE NUMBERS.
R  INDICATES RECORD WAS SET OR TIED.
MM INDICATES DATA IS MISSING.
T  INDICATES TRACE AMOUNT.




$$
