000
CDUS43 KGRR 080519
CLILAN


CLIMATE REPORT
NATIONAL WEATHER SERVICE GRAND RAPIDS, MI
1218 AM EST WED FEB 8 2017


...................................

...THE LANSING MI CLIMATE SUMMARY FOR FEBRUARY 7 2017...

CLIMATE NORMAL PERIOD 1981 TO 2010
CLIMATE RECORD PERIOD 1864 TO 2017


WEATHER ITEM   OBSERVED TIME   RECORD YEAR NORMAL DEPARTURE LAST
                VALUE   (LST)  VALUE       VALUE  FROM      YEAR
                                                  NORMAL
..................................................................
TEMPERATURE (F)
 YESTERDAY
  MAXIMUM         45    718 PM  54    1900  31     14       47
  MINIMUM         34    801 AM -28    1875  17     17       32
  AVERAGE         40                        24     16       40

PRECIPITATION (IN)
  YESTERDAY        0.67          1.00 1904   0.05   0.62     0.00
  MONTH TO DATE    0.78                      0.31   0.47     0.63
  SINCE DEC 1      6.19                      3.83   2.36     4.80
  SINCE JAN 1      4.43                      1.96   2.47     2.08

SNOWFALL (IN)
  YESTERDAY        0.0           6.6  1986   0.4   -0.4      0.0
  MONTH TO DATE    1.8                       3.0   -1.2      2.5
  SINCE DEC 1     27.0                      29.8   -2.8     12.2
  SINCE JUL 1     27.0                      33.6   -6.6     20.4
  SNOW DEPTH       0

DEGREE DAYS
 HEATING
  YESTERDAY       25                        41    -16       25
  MONTH TO DATE  273                       287    -14      229
  SINCE DEC 1   2523                      2713   -190     2237
  SINCE JUL 1   3498                      4127   -629     3345

 COOLING
  YESTERDAY        0                         0      0        0
  MONTH TO DATE    0                         0      0        0
  SINCE DEC 1      0                         0      0        0
  SINCE JAN 1      0                         0      0        0
..................................................................


WIND (MPH)
  RESULTANT WIND SPEED   2   RESULTANT WIND DIRECTION   W (250)
  HIGHEST WIND SPEED    26   HIGHEST WIND DIRECTION     W (270)
  HIGHEST GUST SPEED    40   HIGHEST GUST DIRECTION     W (270)
  AVERAGE WIND SPEED     9.9


SKY COVER
  AVERAGE SKY COVER 1.0


WEATHER CONDITIONS
 THE FOLLOWING WEATHER WAS RECORDED YESTERDAY.
  HEAVY RAIN
  RAIN
  LIGHT RAIN
  FOG
  FOG W/VISIBILITY <= 1/4 MILE
  HAZE


RELATIVE HUMIDITY (PERCENT)
 HIGHEST    96           500 AM
 LOWEST     82          1200 AM
 AVERAGE    89

..........................................................


THE LANSING MI CLIMATE NORMALS FOR TODAY
                         NORMAL    RECORD    YEAR
 MAXIMUM TEMPERATURE (F)   32        62      1900
 MINIMUM TEMPERATURE (F)   17       -33      1875


SUNRISE AND SUNSET
FEBRUARY  8 2017......SUNRISE   744 AM EST   SUNSET   601 PM EST
FEBRUARY  9 2017......SUNRISE   743 AM EST   SUNSET   603 PM EST


-  INDICATES NEGATIVE NUMBERS.
R  INDICATES RECORD WAS SET OR TIED.
MM INDICATES DATA IS MISSING.
T  INDICATES TRACE AMOUNT.




$$
