000
CDUS43 KGRR 140535
CLILAN


CLIMATE REPORT
NATIONAL WEATHER SERVICE GRAND RAPIDS, MI
134 AM EDT THU AUG 14 2014


...................................

...THE LANSING MI CLIMATE SUMMARY FOR AUGUST 13 2014...

CLIMATE NORMAL PERIOD 1981 TO 2010
CLIMATE RECORD PERIOD 1864 TO 2014


WEATHER ITEM   OBSERVED TIME   RECORD YEAR NORMAL DEPARTURE LAST
                VALUE   (LST)  VALUE       VALUE  FROM      YEAR
                                                  NORMAL
..................................................................
TEMPERATURE (F)
 YESTERDAY
  MAXIMUM         77    337 PM  96    1918  81     -4       69
  MINIMUM         53    607 AM  41    1967  60     -7       51
  AVERAGE         65                        70     -5       60

PRECIPITATION (IN)
  YESTERDAY        0.00          1.71 1994   0.11  -0.11     0.00
  MONTH TO DATE    2.96                      1.36   1.60     1.30
  SINCE JUN 1     14.22                      7.65   6.57    11.45
  SINCE JAN 1     25.43                     19.22   6.21    29.45

SNOWFALL (IN)
  YESTERDAY        0.0           0.0    MM   0.0    0.0      0.0
  MONTH TO DATE    0.0                       0.0    0.0      0.0
  SINCE JUN 1      0.0                       0.0    0.0      0.0
  SINCE JUL 1      0.0                       0.0    0.0      0.0
  SNOW DEPTH       0

DEGREE DAYS
 HEATING
  YESTERDAY        0                         1     -1        5
  MONTH TO DATE    0                         9     -9        9
  SINCE JUN 1     53                        75    -22       75
  SINCE JUL 1     29                        20      9       25

 COOLING
  YESTERDAY        0                         6     -6        0
  MONTH TO DATE   48                        78    -30       38
  SINCE JUN 1    299                       423   -124      397
  SINCE JAN 1    338                       464   -126      470
..................................................................


WIND (MPH)
  RESULTANT WIND SPEED   8   RESULTANT WIND DIRECTION  NW (300)
  HIGHEST WIND SPEED    17   HIGHEST WIND DIRECTION     W (280)
  HIGHEST GUST SPEED    23   HIGHEST GUST DIRECTION    NW (310)
  AVERAGE WIND SPEED     8.2


SKY COVER
  AVERAGE SKY COVER 0.2


WEATHER CONDITIONS
 THE FOLLOWING WEATHER WAS RECORDED YESTERDAY.
  NO SIGNIFICANT WEATHER WAS OBSERVED.


RELATIVE HUMIDITY (PERCENT)
 HIGHEST    93           100 AM
 LOWEST     43           500 PM
 AVERAGE    68

..........................................................


THE LANSING MI CLIMATE NORMALS FOR TODAY
                         NORMAL    RECORD    YEAR
 MAXIMUM TEMPERATURE (F)   81        98      1965
 MINIMUM TEMPERATURE (F)   60        40      1964
                                             1870


SUNRISE AND SUNSET
AUGUST 14 2014........SUNRISE   644 AM EDT   SUNSET   842 PM EDT
AUGUST 15 2014........SUNRISE   645 AM EDT   SUNSET   840 PM EDT


-  INDICATES NEGATIVE NUMBERS.
R  INDICATES RECORD WAS SET OR TIED.
MM INDICATES DATA IS MISSING.
T  INDICATES TRACE AMOUNT.




$$
