000
CDUS43 KGRR 022227
CLILAN


CLIMATE REPORT
NATIONAL WEATHER SERVICE GRAND RAPIDS, MI
525 PM EST SAT DEC 2 2017


...................................

...THE LANSING MI CLIMATE SUMMARY FOR DECEMBER 2 2017...
VALID TODAY AS OF 0500 PM LOCAL TIME.

CLIMATE NORMAL PERIOD 1981 TO 2010
CLIMATE RECORD PERIOD 1864 TO 2017


WEATHER ITEM   OBSERVED TIME   RECORD YEAR NORMAL DEPARTURE LAST
                VALUE   (LST)  VALUE       VALUE  FROM      YEAR
                                                  NORMAL
..................................................................
TEMPERATURE (F)
 TODAY
  MAXIMUM         52    243 PM  66    1982  39     13       39
  MINIMUM         31    109 AM -13    1869  27      4       35
  AVERAGE         42                        33      9       37

PRECIPITATION (IN)
  TODAY            0.00          1.16 1864   0.07  -0.07      T
  MONTH TO DATE    0.00                      0.14  -0.14     0.01
  SINCE DEC 1      0.00                      0.14  -0.14     0.01
  SINCE JAN 1     38.30                     30.04   8.26    33.20

SNOWFALL (IN)
  TODAY            0.0           6.0  1893   0.3   -0.3      0.0
  MONTH TO DATE    0.0                       0.6   -0.6       T
  SINCE DEC 1      0.0                       0.6   -0.6       T
  SINCE JUL 1      0.4                       4.4   -4.0       T
  SNOW DEPTH       0

DEGREE DAYS
 HEATING
  TODAY           23                        32     -9       28
  MONTH TO DATE   52                        64    -12       54
  SINCE DEC 1     52                        64    -12       54
  SINCE JUL 1   1308                      1478   -170     1029

 COOLING
  TODAY            0                         0      0        0
  MONTH TO DATE    0                         0      0        0
  SINCE DEC 1      0                         0      0        0
  SINCE JAN 1    782                       625    157      869
..................................................................


WIND (MPH)
  RESULTANT WIND SPEED   5   RESULTANT WIND DIRECTION  SW (210)
  HIGHEST WIND SPEED    14   HIGHEST WIND DIRECTION    SW (240)
  HIGHEST GUST SPEED    17   HIGHEST GUST DIRECTION    SW (240)
  AVERAGE WIND SPEED     5.4


SKY COVER
  AVERAGE SKY COVER 0.3


WEATHER CONDITIONS
 THE FOLLOWING WEATHER WAS RECORDED TODAY.
  NO SIGNIFICANT WEATHER WAS OBSERVED.


RELATIVE HUMIDITY (PERCENT)
 HIGHEST    85           100 AM
 LOWEST     41           200 PM
 AVERAGE    63

..........................................................


THE LANSING MI CLIMATE NORMALS FOR TOMORROW
                         NORMAL    RECORD    YEAR
 MAXIMUM TEMPERATURE (F)   39        66      1998
                                             1982
 MINIMUM TEMPERATURE (F)   27       -18      2002


SUNRISE AND SUNSET
DECEMBER  2 2017......SUNRISE   751 AM EST   SUNSET   505 PM EST
DECEMBER  3 2017......SUNRISE   752 AM EST   SUNSET   505 PM EST


-  INDICATES NEGATIVE NUMBERS.
R  INDICATES RECORD WAS SET OR TIED.
MM INDICATES DATA IS MISSING.
T  INDICATES TRACE AMOUNT.




$$

63
