000
CDUS43 KGRR 220525
CLILAN


CLIMATE REPORT
NATIONAL WEATHER SERVICE GRAND RAPIDS, MI
1224 AM EST TUE NOV 22 2016


...................................

...THE LANSING MI CLIMATE SUMMARY FOR NOVEMBER 21 2016...

CLIMATE NORMAL PERIOD 1981 TO 2010
CLIMATE RECORD PERIOD 1864 TO 2016


WEATHER ITEM   OBSERVED TIME   RECORD YEAR NORMAL DEPARTURE LAST
                VALUE   (LST)  VALUE       VALUE  FROM      YEAR
                                                  NORMAL
..................................................................
TEMPERATURE (F)
 YESTERDAY
  MAXIMUM         38    309 PM  69    1913  44     -6       36
  MINIMUM         24   1159 PM  -4    1880  31     -7       26
  AVERAGE         31                        37     -6       31

PRECIPITATION (IN)
  YESTERDAY        0.00          0.89 2007   0.09  -0.09     0.59
  MONTH TO DATE    1.85                      2.00  -0.15     1.18
  SINCE SEP 1      8.40                      8.03   0.37     4.72
  SINCE JAN 1     31.88                     29.12   2.76    31.05

SNOWFALL (IN)
  YESTERDAY        0.0           8.2  2015   0.1   -0.1      8.2
  MONTH TO DATE    T                         1.6   -1.6      8.2
  SINCE SEP 1      T                         2.0   -2.0      8.2
  SINCE JUL 1      T                         2.0   -2.0      8.2
  SNOW DEPTH       0

DEGREE DAYS
 HEATING
  YESTERDAY       34                        28      6       34
  MONTH TO DATE  355                       497   -142      338
  SINCE SEP 1    745                      1112   -367      809
  SINCE JUL 1    748                      1147   -399      840

 COOLING
  YESTERDAY        0                         0      0        0
  MONTH TO DATE    0                         0      0        0
  SINCE SEP 1    103                        68     35      122
  SINCE JAN 1    869                       625    244      615
..................................................................


WIND (MPH)
  RESULTANT WIND SPEED  10   RESULTANT WIND DIRECTION  NW (310)
  HIGHEST WIND SPEED    20   HIGHEST WIND DIRECTION    NW (320)
  HIGHEST GUST SPEED    26   HIGHEST GUST DIRECTION    NW (320)
  AVERAGE WIND SPEED     9.8


SKY COVER
  AVERAGE SKY COVER 0.4


WEATHER CONDITIONS
 THE FOLLOWING WEATHER WAS RECORDED YESTERDAY.
  NO SIGNIFICANT WEATHER WAS OBSERVED.


RELATIVE HUMIDITY (PERCENT)
 HIGHEST    74          1100 PM
 LOWEST     44           200 PM
 AVERAGE    59

..........................................................


THE LANSING MI CLIMATE NORMALS FOR TODAY
                         NORMAL    RECORD    YEAR
 MAXIMUM TEMPERATURE (F)   44        65      1913
 MINIMUM TEMPERATURE (F)   30        -2      1880


SUNRISE AND SUNSET
NOVEMBER 22 2016......SUNRISE   739 AM EST   SUNSET   510 PM EST
NOVEMBER 23 2016......SUNRISE   741 AM EST   SUNSET   509 PM EST


-  INDICATES NEGATIVE NUMBERS.
R  INDICATES RECORD WAS SET OR TIED.
MM INDICATES DATA IS MISSING.
T  INDICATES TRACE AMOUNT.




$$
