000
CDUS43 KGRR 102159
CLILAN


CLIMATE REPORT
NATIONAL WEATHER SERVICE GRAND RAPIDS, MI
559 PM EDT MON JUL 10 2017


...................................

...THE LANSING MI CLIMATE SUMMARY FOR JULY 10 2017...
VALID TODAY AS OF 0500 PM LOCAL TIME.

CLIMATE NORMAL PERIOD 1981 TO 2010
CLIMATE RECORD PERIOD 1864 TO 2017


WEATHER ITEM   OBSERVED TIME   RECORD YEAR NORMAL DEPARTURE LAST
                VALUE   (LST)  VALUE       VALUE  FROM      YEAR
                                                  NORMAL
..................................................................
TEMPERATURE (F)
 TODAY
  MAXIMUM         78    439 PM 100    1897  83     -5       83
  MINIMUM         69   1126 AM  39    1895  61      8       56
  AVERAGE         74                        72      2       70

PRECIPITATION (IN)
  TODAY            0.47          1.32 1973   0.09   0.38     0.00
  MONTH TO DATE    1.23                      0.92   0.31     1.45
  SINCE JUN 1      4.98                      4.37   0.61     2.04
  SINCE JAN 1     22.04                     15.94   6.10    14.95

SNOWFALL (IN)
  TODAY            0.0           0.0    MM   0.0    0.0      0.0
  MONTH TO DATE    0.0                       0.0    0.0      0.0
  SINCE JUN 1      0.0                       0.0    0.0      0.0
  SINCE JUL 1      0.0                       0.0    0.0      0.0
  SNOW DEPTH       0

DEGREE DAYS
 HEATING
  TODAY            0                         0      0        0
  MONTH TO DATE    0                         2     -2        3
  SINCE JUN 1     13                        57    -44       37
  SINCE JUL 1      0                         2     -2        3

 COOLING
  TODAY            9                         7      2        5
  MONTH TO DATE   90                        70     20       62
  SINCE JUN 1    295                       202     93      210
  SINCE JAN 1    330                       243     87      272
..................................................................


WIND (MPH)
  RESULTANT WIND SPEED   7   RESULTANT WIND DIRECTION   S (180)
  HIGHEST WIND SPEED    16   HIGHEST WIND DIRECTION     S (160)
  HIGHEST GUST SPEED    20   HIGHEST GUST DIRECTION    SE (150)
  AVERAGE WIND SPEED     7.2


SKY COVER
  AVERAGE SKY COVER 0.7


WEATHER CONDITIONS
 THE FOLLOWING WEATHER WAS RECORDED TODAY.
  THUNDERSTORM
  HEAVY RAIN
  RAIN
  LIGHT RAIN
  FOG


RELATIVE HUMIDITY (PERCENT)
 HIGHEST    84           900 AM
 LOWEST     53          1200 AM
 AVERAGE    69

..........................................................


THE LANSING MI CLIMATE NORMALS FOR TOMORROW
                         NORMAL    RECORD    YEAR
 MAXIMUM TEMPERATURE (F)   83        98      1868
 MINIMUM TEMPERATURE (F)   61        40      1898


SUNRISE AND SUNSET
JULY 10 2017..........SUNRISE   610 AM EDT   SUNSET   917 PM EDT
JULY 11 2017..........SUNRISE   611 AM EDT   SUNSET   917 PM EDT


-  INDICATES NEGATIVE NUMBERS.
R  INDICATES RECORD WAS SET OR TIED.
MM INDICATES DATA IS MISSING.
T  INDICATES TRACE AMOUNT.




$$
