512
CDUS43 KGRR 141351
CLILAN


CLIMATE REPORT
NATIONAL WEATHER SERVICE GRAND RAPIDS, MI
950 AM EDT MON AUG 14 2017


...................................

...THE LANSING MI CLIMATE SUMMARY FOR AUGUST 14 2017...
VALID AS OF 0900 AM LOCAL TIME.

CLIMATE NORMAL PERIOD 1981 TO 2010
CLIMATE RECORD PERIOD 1864 TO 2017


WEATHER ITEM   OBSERVED TIME   RECORD YEAR NORMAL DEPARTURE LAST
                VALUE   (LST)  VALUE       VALUE  FROM      YEAR
                                                  NORMAL
..................................................................
TEMPERATURE (F)
 TODAY
  MAXIMUM         70    759 AM  98    1965  81    -11       83
  MINIMUM         63    555 AM  40    1964  60      3       66
                                      1870
  AVERAGE         67                        70     -3       75

PRECIPITATION (IN)
  TODAY            0.00          2.00 1869   0.11  -0.11     0.00
  MONTH TO DATE    1.03                      1.47  -0.44     1.96
  SINCE JUN 1      7.48                      7.76  -0.28     5.90
  SINCE JAN 1     24.54                     19.33   5.21    18.81

SNOWFALL (IN)
  TODAY            0.0           0.0    MM   0.0    0.0      0.0
  MONTH TO DATE    0.0                       0.0    0.0      0.0
  SINCE JUN 1      0.0                       0.0    0.0      0.0
  SINCE JUL 1      0.0                       0.0    0.0      0.0
  SNOW DEPTH       0

DEGREE DAYS
 HEATING
  TODAY            0                         1     -1        0
  MONTH TO DATE    2                        10     -8        0
  SINCE JUN 1     15                        76    -61       37
  SINCE JUL 1      2                        21    -19        3

 COOLING
  TODAY            2                         6     -4       10
  MONTH TO DATE   57                        84    -27      157
  SINCE JUN 1    524                       429     95      579
  SINCE JAN 1    559                       470     89      641
..................................................................


WIND (MPH)
  RESULTANT WIND SPEED   6   RESULTANT WIND DIRECTION  SE (150)
  HIGHEST WIND SPEED     8   HIGHEST WIND DIRECTION    SE (150)
  HIGHEST GUST SPEED    12   HIGHEST GUST DIRECTION     S (160)
  AVERAGE WIND SPEED     5.9


SKY COVER
  AVERAGE SKY COVER 0.0


WEATHER CONDITIONS
 THE FOLLOWING WEATHER WAS RECORDED TODAY.
  NO SIGNIFICANT WEATHER WAS OBSERVED.


RELATIVE HUMIDITY (PERCENT)
 HIGHEST    78          1200 AM
 LOWEST     66           800 AM
 AVERAGE    72

..........................................................


THE LANSING MI CLIMATE NORMALS FOR TOMORROW
                         NORMAL    RECORD    YEAR
 MAXIMUM TEMPERATURE (F)   80        96      1965
 MINIMUM TEMPERATURE (F)   60        36      1866


SUNRISE AND SUNSET
AUGUST 14 2017........SUNRISE   644 AM EDT   SUNSET   841 PM EDT
AUGUST 15 2017........SUNRISE   645 AM EDT   SUNSET   840 PM EDT


-  INDICATES NEGATIVE NUMBERS.
R  INDICATES RECORD WAS SET OR TIED.
MM INDICATES DATA IS MISSING.
T  INDICATES TRACE AMOUNT.




$$

JAM
