000
CDUS43 KGRR 040516
CLILAN


CLIMATE REPORT
NATIONAL WEATHER SERVICE GRAND RAPIDS, MI
115 AM EDT FRI JUL 4 2014


...................................

...THE LANSING MI CLIMATE SUMMARY FOR JULY 3 2014...

CLIMATE NORMAL PERIOD 1981 TO 2010
CLIMATE RECORD PERIOD 1864 TO 2014


WEATHER ITEM   OBSERVED TIME   RECORD YEAR NORMAL DEPARTURE LAST
                VALUE   (LST)  VALUE       VALUE  FROM      YEAR
                                                  NORMAL
..................................................................
TEMPERATURE (F)
 YESTERDAY
  MAXIMUM         73    544 PM  99    1966  82     -9       81
  MINIMUM         50    825 AM  43    1895  60    -10       59
  AVERAGE         62                        71     -9       70

PRECIPITATION (IN)
  YESTERDAY        0.42          1.49 1932   0.09   0.33     0.10
  MONTH TO DATE    0.83                      0.28   0.55     0.20
  SINCE JUN 1      7.23                      3.73   3.50     8.60
  SINCE JAN 1     18.44                     15.30   3.14    26.60

SNOWFALL (IN)
  YESTERDAY        0.0           0.0    MM   0.0    0.0      0.0
  MONTH TO DATE    0.0                       0.0    0.0      0.0
  SINCE JUN 1      0.0                       0.0    0.0      0.0
  SINCE JUL 1      0.0                       0.0    0.0      0.0
  SNOW DEPTH       0

DEGREE DAYS
 HEATING
  YESTERDAY        3                         0      3        0
  MONTH TO DATE    3                         2      1        2
  SINCE JUN 1     27                        57    -30       52
  SINCE JUL 1      3                         2      1        2

 COOLING
  YESTERDAY        0                         7     -7        5
  MONTH TO DATE   13                        21     -8        5
  SINCE JUN 1    160                       153      7      138
  SINCE JAN 1    199                       194      5      211
..................................................................


WIND (MPH)
  RESULTANT WIND SPEED   6   RESULTANT WIND DIRECTION  NW (320)
  HIGHEST WIND SPEED    18   HIGHEST WIND DIRECTION    NW (310)
  HIGHEST GUST SPEED    24   HIGHEST GUST DIRECTION    NE (30)
  AVERAGE WIND SPEED     7.5


SKY COVER
  AVERAGE SKY COVER 0.5


WEATHER CONDITIONS
 THE FOLLOWING WEATHER WAS RECORDED YESTERDAY.
  HEAVY RAIN
  RAIN
  LIGHT RAIN
  FOG


RELATIVE HUMIDITY (PERCENT)
 HIGHEST    93           200 AM
 LOWEST     35           400 PM
 AVERAGE    64

..........................................................


THE LANSING MI CLIMATE NORMALS FOR TODAY
                         NORMAL    RECORD    YEAR
 MAXIMUM TEMPERATURE (F)   82       100      2012
 MINIMUM TEMPERATURE (F)   60        37      1894


SUNRISE AND SUNSET
JULY  4 2014..........SUNRISE   606 AM EDT   SUNSET   920 PM EDT
JULY  5 2014..........SUNRISE   606 AM EDT   SUNSET   920 PM EDT


-  INDICATES NEGATIVE NUMBERS.
R  INDICATES RECORD WAS SET OR TIED.
MM INDICATES DATA IS MISSING.
T  INDICATES TRACE AMOUNT.




$$
