000
CDUS43 KGRR 152124
CLILAN


CLIMATE REPORT
NATIONAL WEATHER SERVICE GRAND RAPIDS, MI
523 PM EDT SAT APR 15 2017


...................................

...THE LANSING MI CLIMATE SUMMARY FOR APRIL 15 2017...
VALID TODAY AS OF 0500 PM LOCAL TIME.

CLIMATE NORMAL PERIOD 1981 TO 2010
CLIMATE RECORD PERIOD 1864 TO 2017


WEATHER ITEM   OBSERVED TIME   RECORD YEAR NORMAL DEPARTURE LAST
                VALUE   (LST)  VALUE       VALUE  FROM      YEAR
                                                  NORMAL
..................................................................
TEMPERATURE (F)
 TODAY
  MAXIMUM         83    300 PM  84    2003  58     25       70
                                      2002
  MINIMUM         49    511 AM  14    1875  37     12       33
  AVERAGE         66                        47     19       52

PRECIPITATION (IN)
  TODAY            0.10          1.49 1937   0.11  -0.01     0.00
  MONTH TO DATE    2.67                      1.52   1.15     1.27
  SINCE MAR 1      6.30                      3.58   2.72     5.52
  SINCE JAN 1     12.58                      6.70   5.88     8.68

SNOWFALL (IN)
  TODAY            0.0           7.0  1937   0.1   -0.1      0.0
  MONTH TO DATE    0.4                       1.4   -1.0      7.5
  SINCE MAR 1      2.6                       8.4   -5.8     16.4
  SINCE JUL 1     30.2                      50.6  -20.4     50.0
  SNOW DEPTH       0

DEGREE DAYS
 HEATING
  TODAY            0                        18    -18       13
  MONTH TO DATE  229                       309    -80      413
  SINCE MAR 1   1154                      1238    -84     1176
  SINCE JUL 1   5199                      6173   -974     5336

 COOLING
  TODAY            1                         0      1        0
  MONTH TO DATE    2                         0      2        0
  SINCE MAR 1      2                         1      1        0
  SINCE JAN 1      2                         1      1        0
..................................................................


WIND (MPH)
  RESULTANT WIND SPEED  13   RESULTANT WIND DIRECTION  SW (220)
  HIGHEST WIND SPEED    32   HIGHEST WIND DIRECTION    SW (220)
  HIGHEST GUST SPEED    40   HIGHEST GUST DIRECTION    SW (210)
  AVERAGE WIND SPEED    15.3


SKY COVER
  AVERAGE SKY COVER 0.7


WEATHER CONDITIONS
 THE FOLLOWING WEATHER WAS RECORDED TODAY.
  THUNDERSTORM
  RAIN
  LIGHT RAIN


RELATIVE HUMIDITY (PERCENT)
 HIGHEST    83           700 AM
 LOWEST     33           200 PM
 AVERAGE    58

..........................................................


THE LANSING MI CLIMATE NORMALS FOR TOMORROW
                         NORMAL    RECORD    YEAR
 MAXIMUM TEMPERATURE (F)   58        86      2002
                                             1896
 MINIMUM TEMPERATURE (F)   37        10      1875


SUNRISE AND SUNSET
APRIL 15 2017.........SUNRISE   656 AM EDT   SUNSET   821 PM EDT
APRIL 16 2017.........SUNRISE   655 AM EDT   SUNSET   822 PM EDT


-  INDICATES NEGATIVE NUMBERS.
R  INDICATES RECORD WAS SET OR TIED.
MM INDICATES DATA IS MISSING.
T  INDICATES TRACE AMOUNT.




$$
