000
CDUS43 KGRR 081339
CLILAN


CLIMATE REPORT
NATIONAL WEATHER SERVICE GRAND RAPIDS, MI
937 AM EDT FRI JUL 8 2016


...................................

...THE LANSING MI CLIMATE SUMMARY FOR JULY 8 2016...
VALID AS OF 0900 AM LOCAL TIME.

CLIMATE NORMAL PERIOD 1981 TO 2010
CLIMATE RECORD PERIOD 1864 TO 2016


WEATHER ITEM   OBSERVED TIME   RECORD YEAR NORMAL DEPARTURE LAST
                VALUE   (LST)  VALUE       VALUE  FROM      YEAR
                                                  NORMAL
..................................................................
TEMPERATURE (F)
 TODAY
  MAXIMUM         73    800 AM 100    1897  83    -10       67
  MINIMUM         67        MM  37    1894  61      6       50
  AVERAGE         70                        72     -2       59

PRECIPITATION (IN)
  TODAY            0.00          2.61 1866   0.09  -0.09     0.00
  MONTH TO DATE    0.72                      0.74  -0.02     0.81
  SINCE JUN 1      1.31                      4.19  -2.88     9.88
  SINCE JAN 1     14.22                     15.76  -1.54    17.93

SNOWFALL (IN)
  TODAY            0.0           0.0    MM   0.0    0.0      0.0
  MONTH TO DATE    0.0                       0.0    0.0      0.0
  SINCE JUN 1      0.0                       0.0    0.0      0.0
  SINCE JUL 1      0.0                       0.0    0.0      0.0
  SNOW DEPTH       0

DEGREE DAYS
 HEATING
  TODAY            0                         0      0        6
  MONTH TO DATE    3                         2      1       10
  SINCE JUN 1     37                        57    -20       46
  SINCE JUL 1      3                         2      1       10

 COOLING
  TODAY            5                         7     -2        0
  MONTH TO DATE   43                        56    -13       13
  SINCE JUN 1    191                       188      3      100
  SINCE JAN 1    253                       229     24      159
..................................................................


WIND (MPH)
  RESULTANT WIND SPEED   1   RESULTANT WIND DIRECTION  SW (210)
  HIGHEST WIND SPEED     5   HIGHEST WIND DIRECTION     W (270)
  HIGHEST GUST SPEED    MM   HIGHEST GUST DIRECTION    MM
  AVERAGE WIND SPEED     2.2


SKY COVER
  AVERAGE SKY COVER 0.4


WEATHER CONDITIONS
 THE FOLLOWING WEATHER WAS RECORDED TODAY.
  FOG


RELATIVE HUMIDITY (PERCENT)
 HIGHEST    93           200 AM
 LOWEST     84           800 AM
 AVERAGE    89

..........................................................


THE LANSING MI CLIMATE NORMALS FOR TOMORROW
                         NORMAL    RECORD    YEAR
 MAXIMUM TEMPERATURE (F)   83       100      1897
 MINIMUM TEMPERATURE (F)   61        42      1895


SUNRISE AND SUNSET
JULY  8 2016..........SUNRISE   609 AM EDT   SUNSET   918 PM EDT
JULY  9 2016..........SUNRISE   609 AM EDT   SUNSET   918 PM EDT


-  INDICATES NEGATIVE NUMBERS.
R  INDICATES RECORD WAS SET OR TIED.
MM INDICATES DATA IS MISSING.
T  INDICATES TRACE AMOUNT.




$$

63
