000
CDUS43 KGRR 160540
CLILAN


CLIMATE REPORT
NATIONAL WEATHER SERVICE GRAND RAPIDS, MI
138 AM EDT WED JUL 16 2014


...................................

...THE LANSING MI CLIMATE SUMMARY FOR JULY 15 2014...

CLIMATE NORMAL PERIOD 1981 TO 2010
CLIMATE RECORD PERIOD 1864 TO 2014


WEATHER ITEM   OBSERVED TIME   RECORD YEAR NORMAL DEPARTURE LAST
                VALUE   (LST)  VALUE       VALUE  FROM      YEAR
                                                  NORMAL
..................................................................
TEMPERATURE (F)
 YESTERDAY
  MAXIMUM         68   1255 PM  99    1977  83    -15       93
  MINIMUM         54   1159 PM  31    1863  61     -7       69
  AVERAGE         61                        72    -11       81

PRECIPITATION (IN)
  YESTERDAY        0.08          2.23 1955   0.08   0.00     0.12
  MONTH TO DATE    4.40                      1.37   3.03     0.66
  SINCE JUN 1     10.80                      4.82   5.98     9.06
  SINCE JAN 1     22.01                     16.39   5.62    27.06

SNOWFALL (IN)
  YESTERDAY        0.0           0.0    MM   0.0    0.0      0.0
  MONTH TO DATE    0.0                       0.0    0.0      0.0
  SINCE JUN 1      0.0                       0.0    0.0      0.0
  SINCE JUL 1      0.0                       0.0    0.0      0.0
  SNOW DEPTH       0

DEGREE DAYS
 HEATING
  YESTERDAY        4                         0      4        0
  MONTH TO DATE   10                         2      8        2
  SINCE JUN 1     34                        57    -23       52
  SINCE JUL 1     10                         2      8        2

 COOLING
  YESTERDAY        0                         7     -7       16
  MONTH TO DATE   59                       105    -46      110
  SINCE JUN 1    206                       237    -31      243
  SINCE JAN 1    245                       278    -33      316
..................................................................


WIND (MPH)
  RESULTANT WIND SPEED  11   RESULTANT WIND DIRECTION   W (280)
  HIGHEST WIND SPEED    22   HIGHEST WIND DIRECTION     W (270)
  HIGHEST GUST SPEED    30   HIGHEST GUST DIRECTION     W (280)
  AVERAGE WIND SPEED    11.3


SKY COVER
  AVERAGE SKY COVER 0.5


WEATHER CONDITIONS
 THE FOLLOWING WEATHER WAS RECORDED YESTERDAY.
  LIGHT RAIN
  FOG


RELATIVE HUMIDITY (PERCENT)
 HIGHEST    93           500 AM
 LOWEST     60          1100 AM
 AVERAGE    77

..........................................................


THE LANSING MI CLIMATE NORMALS FOR TODAY
                         NORMAL    RECORD    YEAR
 MAXIMUM TEMPERATURE (F)   83        98      1988
                                             1895
 MINIMUM TEMPERATURE (F)   61        39      1896
                                             1865


SUNRISE AND SUNSET
JULY 16 2014..........SUNRISE   614 AM EDT   SUNSET   914 PM EDT
JULY 17 2014..........SUNRISE   615 AM EDT   SUNSET   913 PM EDT


-  INDICATES NEGATIVE NUMBERS.
R  INDICATES RECORD WAS SET OR TIED.
MM INDICATES DATA IS MISSING.
T  INDICATES TRACE AMOUNT.




$$
