000
CDUS43 KGRR 131345
CLILAN


CLIMATE REPORT
NATIONAL WEATHER SERVICE GRAND RAPIDS, MI
944 AM EDT TUE SEP 13 2016


...................................

...THE LANSING MI CLIMATE SUMMARY FOR SEPTEMBER 13 2016...
VALID AS OF 0900 AM LOCAL TIME.

CLIMATE NORMAL PERIOD 1981 TO 2010
CLIMATE RECORD PERIOD 1864 TO 2016


WEATHER ITEM   OBSERVED TIME   RECORD YEAR NORMAL DEPARTURE LAST
                VALUE   (LST)  VALUE       VALUE  FROM      YEAR
                                                  NORMAL
..................................................................
TEMPERATURE (F)
 TODAY
  MAXIMUM         65    759 AM  93    1874  74     -9       69
  MINIMUM         57    424 AM  26    1873  52      5       42
  AVERAGE         61                        63     -2       56

PRECIPITATION (IN)
  TODAY            0.00          2.78 1872   0.11  -0.11     0.00
  MONTH TO DATE    0.76                      1.46  -0.70     0.57
  SINCE SEP 1      0.76                      1.46  -0.70     0.57
  SINCE JAN 1     24.24                     22.55   1.69    26.90

SNOWFALL (IN)
  TODAY            0.0           0.0    MM   0.0    0.0      0.0
  MONTH TO DATE    0.0                       0.0    0.0      0.0
  SINCE SEP 1      0.0                       0.0    0.0      0.0
  SINCE JUL 1      0.0                       0.0    0.0      0.0
  SNOW DEPTH       0

DEGREE DAYS
 HEATING
  TODAY            4                         4      0        9
  MONTH TO DATE   10                        36    -26       26
  SINCE SEP 1     10                        36    -26       26
  SINCE JUL 1     13                        71    -58       57

 COOLING
  TODAY            0                         2     -2        0
  MONTH TO DATE   56                        39     17       89
  SINCE SEP 1     56                        39     17       89
  SINCE JAN 1    822                       596    226      582
..................................................................


WIND (MPH)
  RESULTANT WIND SPEED   5   RESULTANT WIND DIRECTION   S (190)
  HIGHEST WIND SPEED    10   HIGHEST WIND DIRECTION    SW (220)
  HIGHEST GUST SPEED    27   HIGHEST GUST DIRECTION     E (100)
  AVERAGE WIND SPEED     5.3


SKY COVER
  AVERAGE SKY COVER 0.0


WEATHER CONDITIONS
 THE FOLLOWING WEATHER WAS RECORDED TODAY.
  NO SIGNIFICANT WEATHER WAS OBSERVED.


RELATIVE HUMIDITY (PERCENT)
 HIGHEST    86           400 AM
 LOWEST     73           800 AM
 AVERAGE    80

..........................................................


THE LANSING MI CLIMATE NORMALS FOR TOMORROW
                         NORMAL    RECORD    YEAR
 MAXIMUM TEMPERATURE (F)   74        94      1927
 MINIMUM TEMPERATURE (F)   52        28      1866


SUNRISE AND SUNSET
SEPTEMBER 13 2016.....SUNRISE   716 AM EDT   SUNSET   751 PM EDT
SEPTEMBER 14 2016.....SUNRISE   718 AM EDT   SUNSET   749 PM EDT


-  INDICATES NEGATIVE NUMBERS.
R  INDICATES RECORD WAS SET OR TIED.
MM INDICATES DATA IS MISSING.
T  INDICATES TRACE AMOUNT.




$$
