846
CDUS43 KGRR 010517
CLILAN


CLIMATE REPORT
NATIONAL WEATHER SERVICE GRAND RAPIDS, MI
1217 AM EST MON FEB 1 2016


...................................

...THE LANSING MI CLIMATE SUMMARY FOR JANUARY 31 2016...

CLIMATE NORMAL PERIOD 1981 TO 2010
CLIMATE RECORD PERIOD 1864 TO 2016


WEATHER ITEM   OBSERVED TIME   RECORD YEAR NORMAL DEPARTURE LAST
                VALUE   (LST)  VALUE       VALUE  FROM      YEAR
                                                  NORMAL
..................................................................
TEMPERATURE (F)
 YESTERDAY
  MAXIMUM         49    621 PM  61    1989  30     19       33
  MINIMUM         38   1159 PM -14    1899  17     21       16
  AVERAGE         44                        24     20       25

PRECIPITATION (IN)
  YESTERDAY        0.12          1.07 1914   0.05   0.07     0.00
  MONTH TO DATE    1.45                      1.65  -0.20     1.35
  SINCE DEC 1      4.17                      3.52   0.65     2.91
  SINCE JAN 1      1.45                      1.65  -0.20     1.35

SNOWFALL (IN)
  YESTERDAY        0.0          10.5  1914   0.4   -0.4      0.0
  MONTH TO DATE    7.8                      13.8   -6.0     11.2
  SINCE DEC 1      9.7                      26.8  -17.1     12.7
  SINCE JUL 1     17.9                      30.6  -12.7     18.9
  SNOW DEPTH       0

DEGREE DAYS
 HEATING
  YESTERDAY       21                        41    -20       40
  MONTH TO DATE 1211                      1292    -81     1378
  SINCE DEC 1   2008                      2426   -418     2407
  SINCE JUL 1   3116                      3840   -724     4003

 COOLING
  YESTERDAY        0                         0      0        0
  MONTH TO DATE    0                         0      0        0
  SINCE DEC 1      0                         0      0        0
  SINCE JAN 1      0                         0      0        0
..................................................................


WIND (MPH)
  RESULTANT WIND SPEED   6   RESULTANT WIND DIRECTION  SW (210)
  HIGHEST WIND SPEED    21   HIGHEST WIND DIRECTION     W (260)
  HIGHEST GUST SPEED    26   HIGHEST GUST DIRECTION     W (280)
  AVERAGE WIND SPEED    10.0


SKY COVER
  AVERAGE SKY COVER 0.9


WEATHER CONDITIONS
 THE FOLLOWING WEATHER WAS RECORDED YESTERDAY.
  LIGHT RAIN
  FOG


RELATIVE HUMIDITY (PERCENT)
 HIGHEST   100           400 PM
 LOWEST     76           300 AM
 AVERAGE    88

..........................................................


THE LANSING MI CLIMATE NORMALS FOR TODAY
                         NORMAL    RECORD    YEAR
 MAXIMUM TEMPERATURE (F)   31        52      1968
 MINIMUM TEMPERATURE (F)   17       -16      1918


SUNRISE AND SUNSET
FEBRUARY  1 2016......SUNRISE   753 AM EST   SUNSET   551 PM EST
FEBRUARY  2 2016......SUNRISE   752 AM EST   SUNSET   552 PM EST


-  INDICATES NEGATIVE NUMBERS.
R  INDICATES RECORD WAS SET OR TIED.
MM INDICATES DATA IS MISSING.
T  INDICATES TRACE AMOUNT.




$$
