000
CDUS43 KGRR 220522
CLILAN


CLIMATE REPORT
NATIONAL WEATHER SERVICE GRAND RAPIDS, MI
122 AM EDT MON JUN 22 2015


...................................

...THE LANSING MI CLIMATE SUMMARY FOR JUNE 21 2015...

CLIMATE NORMAL PERIOD 1981 TO 2010
CLIMATE RECORD PERIOD 1864 TO 2015


WEATHER ITEM   OBSERVED TIME   RECORD YEAR NORMAL DEPARTURE LAST
                VALUE   (LST)  VALUE       VALUE  FROM      YEAR
                                                  NORMAL
..................................................................
TEMPERATURE (F)
 YESTERDAY
  MAXIMUM         83    459 PM  98    1988  80      3       80
  MINIMUM         65   1159 PM  37    1868  58      7       57
  AVERAGE         74                        69      5       69

PRECIPITATION (IN)
  YESTERDAY        0.00          1.81 1987   0.12  -0.12      T
  MONTH TO DATE    5.37                      2.47   2.90     5.38
  SINCE JUN 1      5.37                      2.47   2.90     5.38
  SINCE JAN 1     13.42                     14.04  -0.62    16.59

SNOWFALL (IN)
  YESTERDAY        0.0           0.0    MM   0.0    0.0      0.0
  MONTH TO DATE    0.0                       0.0    0.0      0.0
  SINCE JUN 1      0.0                       0.0    0.0      0.0
  SINCE JUL 1     35.6                      51.1  -15.5     69.1
  SNOW DEPTH       0

DEGREE DAYS
 HEATING
  YESTERDAY        0                         1     -1        0
  MONTH TO DATE   32                        48    -16       24
  SINCE JUN 1     32                        48    -16       24
  SINCE JUL 1   7207                      6705    502     7543

 COOLING
  YESTERDAY        9                         5      4        4
  MONTH TO DATE   63                        77    -14       79
  SINCE JUN 1     63                        77    -14       79
  SINCE JAN 1    122                       118      4      118
..................................................................


WIND (MPH)
  RESULTANT WIND SPEED   8   RESULTANT WIND DIRECTION   W (280)
  HIGHEST WIND SPEED    18   HIGHEST WIND DIRECTION     W (270)
  HIGHEST GUST SPEED    24   HIGHEST GUST DIRECTION     W (250)
  AVERAGE WIND SPEED     8.5


SKY COVER
  AVERAGE SKY COVER 0.4


WEATHER CONDITIONS
 THE FOLLOWING WEATHER WAS RECORDED YESTERDAY.
  NO SIGNIFICANT WEATHER WAS OBSERVED.


RELATIVE HUMIDITY (PERCENT)
 HIGHEST    87           600 AM
 LOWEST     47           500 PM
 AVERAGE    67

..........................................................


THE LANSING MI CLIMATE NORMALS FOR TODAY
                         NORMAL    RECORD    YEAR
 MAXIMUM TEMPERATURE (F)   80        95      1894
 MINIMUM TEMPERATURE (F)   59        34      1992


SUNRISE AND SUNSET
JUNE 22 2015..........SUNRISE   600 AM EDT   SUNSET   920 PM EDT
JUNE 23 2015..........SUNRISE   601 AM EDT   SUNSET   921 PM EDT


-  INDICATES NEGATIVE NUMBERS.
R  INDICATES RECORD WAS SET OR TIED.
MM INDICATES DATA IS MISSING.
T  INDICATES TRACE AMOUNT.




$$
