000
CDUS43 KGRR 202127
CLILAN


CLIMATE REPORT
NATIONAL WEATHER SERVICE GRAND RAPIDS, MI
525 PM EDT SUN JUL 20 2014


...................................

...THE LANSING MI CLIMATE SUMMARY FOR JULY 20 2014...
VALID TODAY AS OF 0500 PM LOCAL TIME.

CLIMATE NORMAL PERIOD 1981 TO 2010
CLIMATE RECORD PERIOD 1864 TO 2014


WEATHER ITEM   OBSERVED TIME   RECORD YEAR NORMAL DEPARTURE LAST
                VALUE   (LST)  VALUE       VALUE  FROM      YEAR
                                                  NORMAL
..................................................................
TEMPERATURE (F)
 TODAY
  MAXIMUM         79    359 PM  99    1930  83     -4       86
  MINIMUM         60    556 AM  39    1965  61     -1       66
  AVERAGE         70                        72     -2       76

PRECIPITATION (IN)
  TODAY            0.00          2.20 1863   0.08  -0.08     0.00
  MONTH TO DATE    4.40                      1.81   2.59     0.66
  SINCE JUN 1     10.80                      5.26   5.54     9.06
  SINCE JAN 1     22.01                     16.83   5.18    27.06

SNOWFALL (IN)
  TODAY            0.0           0.0    MM   0.0    0.0      0.0
  MONTH TO DATE    0.0                       0.0    0.0      0.0
  SINCE JUN 1      0.0                       0.0    0.0      0.0
  SINCE JUL 1      0.0                       0.0    0.0      0.0
  SNOW DEPTH       0

DEGREE DAYS
 HEATING
  TODAY            0                         0      0        0
  MONTH TO DATE   17                         2     15        2
  SINCE JUN 1     41                        57    -16       52
  SINCE JUL 1     17                         2     15        2

 COOLING
  TODAY            5                         7     -2       11
  MONTH TO DATE   68                       140    -72      197
  SINCE JUN 1    215                       272    -57      330
  SINCE JAN 1    254                       313    -59      403
..................................................................


WIND (MPH)
  RESULTANT WIND SPEED   1   RESULTANT WIND DIRECTION   E (110)
  HIGHEST WIND SPEED     7   HIGHEST WIND DIRECTION    SE (120)
  HIGHEST GUST SPEED    10   HIGHEST GUST DIRECTION     E (100)
  AVERAGE WIND SPEED     1.4


SKY COVER
  AVERAGE SKY COVER 0.3


WEATHER CONDITIONS
 THE FOLLOWING WEATHER WAS RECORDED TODAY.
  FOG
  HAZE


RELATIVE HUMIDITY (PERCENT)
 HIGHEST    93           700 AM
 LOWEST     48           400 PM
 AVERAGE    71

..........................................................


THE LANSING MI CLIMATE NORMALS FOR TOMORROW
                         NORMAL    RECORD    YEAR
 MAXIMUM TEMPERATURE (F)   82        97      1934
 MINIMUM TEMPERATURE (F)   61        38      1974
                                             1869
                                             1864


SUNRISE AND SUNSET
JULY 20 2014..........SUNRISE   618 AM EDT   SUNSET   911 PM EDT
JULY 21 2014..........SUNRISE   619 AM EDT   SUNSET   910 PM EDT


-  INDICATES NEGATIVE NUMBERS.
R  INDICATES RECORD WAS SET OR TIED.
MM INDICATES DATA IS MISSING.
T  INDICATES TRACE AMOUNT.




$$

JAM
