000
CDUS43 KGRR 030526
CLILAN


CLIMATE REPORT
NATIONAL WEATHER SERVICE GRAND RAPIDS, MI
1226 AM EST SAT FEB 3 2018


...................................

...THE LANSING MI CLIMATE SUMMARY FOR FEBRUARY 2 2018...

CLIMATE NORMAL PERIOD 1981 TO 2010
CLIMATE RECORD PERIOD 1864 TO 2018


WEATHER ITEM   OBSERVED TIME   RECORD YEAR NORMAL DEPARTURE LAST
                VALUE   (LST)  VALUE       VALUE  FROM      YEAR
                                                  NORMAL
..................................................................
TEMPERATURE (F)
 YESTERDAY
  MAXIMUM         18    259 PM  51    1973  31    -13       25
  MINIMUM          9    327 AM -37    1868  17     -8        9
  AVERAGE         14                        24    -10       17

PRECIPITATION (IN)
  YESTERDAY        T             0.51 1892   0.05  -0.05      T
  MONTH TO DATE    T                         0.09  -0.09     0.11
  SINCE DEC 1      3.30                      3.61  -0.31     5.52
  SINCE JAN 1      1.98                      1.74   0.24     3.76

SNOWFALL (IN)
  YESTERDAY        T             8.4  2011   0.5   -0.5       T
  MONTH TO DATE    T                         0.9   -0.9      1.8
  SINCE DEC 1     29.6                      27.7    1.9     27.0
  SINCE JUL 1     30.0                      31.5   -1.5     27.0
  SNOW DEPTH       0

DEGREE DAYS
 HEATING
  YESTERDAY       51                        41     10       48
  MONTH TO DATE   95                        82     13       83
  SINCE DEC 1   2614                      2508    106     2333
  SINCE JUL 1   3870                      3922    -52     3308

 COOLING
  YESTERDAY        0                         0      0        0
  MONTH TO DATE    0                         0      0        0
  SINCE DEC 1      0                         0      0        0
  SINCE JAN 1      0                         0      0        0
..................................................................


WIND (MPH)
  RESULTANT WIND SPEED  11   RESULTANT WIND DIRECTION   W (270)
  HIGHEST WIND SPEED    23   HIGHEST WIND DIRECTION     W (270)
  HIGHEST GUST SPEED    29   HIGHEST GUST DIRECTION     W (280)
  AVERAGE WIND SPEED    12.5


SKY COVER
  AVERAGE SKY COVER 0.9


WEATHER CONDITIONS
 THE FOLLOWING WEATHER WAS RECORDED YESTERDAY.
  LIGHT SNOW


RELATIVE HUMIDITY (PERCENT)
 HIGHEST    83           300 AM
 LOWEST     53          1200 PM
 AVERAGE    68

..........................................................


THE LANSING MI CLIMATE NORMALS FOR TODAY
                         NORMAL    RECORD    YEAR
 MAXIMUM TEMPERATURE (F)   31        53      1991
 MINIMUM TEMPERATURE (F)   17       -29      1868


SUNRISE AND SUNSET
FEBRUARY  3 2018......SUNRISE   751 AM EST   SUNSET   554 PM EST
FEBRUARY  4 2018......SUNRISE   750 AM EST   SUNSET   556 PM EST


-  INDICATES NEGATIVE NUMBERS.
R  INDICATES RECORD WAS SET OR TIED.
MM INDICATES DATA IS MISSING.
T  INDICATES TRACE AMOUNT.




$$
