000
CDUS43 KGRR 140518
CLILAN


CLIMATE REPORT
NATIONAL WEATHER SERVICE GRAND RAPIDS, MI
118 AM EDT FRI JUL 14 2017


...................................

...THE LANSING MI CLIMATE SUMMARY FOR JULY 13 2017...

CLIMATE NORMAL PERIOD 1981 TO 2010
CLIMATE RECORD PERIOD 1864 TO 2017


WEATHER ITEM   OBSERVED TIME   RECORD YEAR NORMAL DEPARTURE LAST
                VALUE   (LST)  VALUE       VALUE  FROM      YEAR
                                                  NORMAL
..................................................................
TEMPERATURE (F)
 YESTERDAY
  MAXIMUM         84    339 PM  99    1936  83      1       87
  MINIMUM         70   1159 PM  38    1865  61      9       69
  AVERAGE         77                        72      5       78

PRECIPITATION (IN)
  YESTERDAY        0.76          1.53 1992   0.09   0.67     0.15
  MONTH TO DATE    2.64                      1.20   1.44     1.87
  SINCE JUN 1      6.39                      4.65   1.74     2.46
  SINCE JAN 1     23.45                     16.22   7.23    15.37

SNOWFALL (IN)
  YESTERDAY        0.0           T    2004   0.0    0.0      0.0
  MONTH TO DATE    0.0                       0.0    0.0      0.0
  SINCE JUN 1      0.0                       0.0    0.0      0.0
  SINCE JUL 1      0.0                       0.0    0.0      0.0
  SNOW DEPTH       0

DEGREE DAYS
 HEATING
  YESTERDAY        0                         0      0        0
  MONTH TO DATE    0                         2     -2        3
  SINCE JUN 1     13                        57    -44       37
  SINCE JUL 1      0                         2     -2        3

 COOLING
  YESTERDAY       12                         7      5       13
  MONTH TO DATE  128                        91     37      100
  SINCE JUN 1    333                       223    110      248
  SINCE JAN 1    368                       264    104      310
..................................................................


WIND (MPH)
  RESULTANT WIND SPEED  10   RESULTANT WIND DIRECTION  SW (240)
  HIGHEST WIND SPEED    28   HIGHEST WIND DIRECTION     W (270)
  HIGHEST GUST SPEED    36   HIGHEST GUST DIRECTION     W (270)
  AVERAGE WIND SPEED    11.0


SKY COVER
  AVERAGE SKY COVER 0.4


WEATHER CONDITIONS
 THE FOLLOWING WEATHER WAS RECORDED YESTERDAY.
  THUNDERSTORM
  HEAVY RAIN
  RAIN
  LIGHT RAIN
  FOG


RELATIVE HUMIDITY (PERCENT)
 HIGHEST    82           100 AM
 LOWEST     58           500 PM
 AVERAGE    70

..........................................................


THE LANSING MI CLIMATE NORMALS FOR TODAY
                         NORMAL    RECORD    YEAR
 MAXIMUM TEMPERATURE (F)   83       101      1936
 MINIMUM TEMPERATURE (F)   61        46      2001
                                             1950
                                             1926


SUNRISE AND SUNSET
JULY 14 2017..........SUNRISE   613 AM EDT   SUNSET   915 PM EDT
JULY 15 2017..........SUNRISE   614 AM EDT   SUNSET   915 PM EDT


-  INDICATES NEGATIVE NUMBERS.
R  INDICATES RECORD WAS SET OR TIED.
MM INDICATES DATA IS MISSING.
T  INDICATES TRACE AMOUNT.




$$
