000
CDUS43 KGRR 100518
CLILAN


CLIMATE REPORT
NATIONAL WEATHER SERVICE GRAND RAPIDS, MI
1218 AM EST FRI MAR 10 2017


...................................

...THE LANSING MI CLIMATE SUMMARY FOR MARCH 9 2017...

CLIMATE NORMAL PERIOD 1981 TO 2010
CLIMATE RECORD PERIOD 1864 TO 2017


WEATHER ITEM   OBSERVED TIME   RECORD YEAR NORMAL DEPARTURE LAST
                VALUE   (LST)  VALUE       VALUE  FROM      YEAR
                                                  NORMAL
..................................................................
TEMPERATURE (F)
 YESTERDAY
  MAXIMUM         41    433 PM  72    1878  41      0       68
  MINIMUM         31   1159 PM -11    1978  24      7       56
  AVERAGE         36                        32      4       62

PRECIPITATION (IN)
  YESTERDAY        0.00          1.50 1877   0.06  -0.06      T
  MONTH TO DATE    0.51                      0.55  -0.04     0.72
  SINCE MAR 1      0.51                      0.55  -0.04     0.72
  SINCE JAN 1      6.79                      3.67   3.12     3.88

SNOWFALL (IN)
  YESTERDAY        0.0          13.9  1919   0.3   -0.3      0.0
  MONTH TO DATE    0.6                       2.7   -2.1      8.9
  SINCE MAR 1      0.6                       2.7   -2.1      8.9
  SINCE JUL 1     28.2                      44.9  -16.7     42.5
  SNOW DEPTH       0

DEGREE DAYS
 HEATING
  YESTERDAY       29                        33     -4        3
  MONTH TO DATE  257                       309    -52      276
  SINCE MAR 1    257                       309    -52      276
  SINCE JUL 1   4302                      5244   -942     4436

 COOLING
  YESTERDAY        0                         0      0        0
  MONTH TO DATE    0                         0      0        0
  SINCE MAR 1      0                         0      0        0
  SINCE JAN 1      0                         0      0        0
..................................................................


WIND (MPH)
  RESULTANT WIND SPEED  10   RESULTANT WIND DIRECTION   W (290)
  HIGHEST WIND SPEED    25   HIGHEST WIND DIRECTION     W (280)
  HIGHEST GUST SPEED    33   HIGHEST GUST DIRECTION     W (280)
  AVERAGE WIND SPEED    10.2


SKY COVER
  AVERAGE SKY COVER 0.7


WEATHER CONDITIONS
 THE FOLLOWING WEATHER WAS RECORDED YESTERDAY.
  NO SIGNIFICANT WEATHER WAS OBSERVED.


RELATIVE HUMIDITY (PERCENT)
 HIGHEST    52           100 AM
 LOWEST     30           200 PM
 AVERAGE    41

..........................................................


THE LANSING MI CLIMATE NORMALS FOR TODAY
                         NORMAL    RECORD    YEAR
 MAXIMUM TEMPERATURE (F)   41        67      1878
 MINIMUM TEMPERATURE (F)   24       -15      1869


SUNRISE AND SUNSET
MARCH 10 2017.........SUNRISE   659 AM EST   SUNSET   639 PM EST
MARCH 11 2017.........SUNRISE   657 AM EST   SUNSET   640 PM EST


-  INDICATES NEGATIVE NUMBERS.
R  INDICATES RECORD WAS SET OR TIED.
MM INDICATES DATA IS MISSING.
T  INDICATES TRACE AMOUNT.




$$
