000
CDUS43 KGRR 120521
CLILAN


CLIMATE REPORT
NATIONAL WEATHER SERVICE GRAND RAPIDS, MI
121 AM EDT FRI SEP 12 2014


...................................

...THE LANSING MI CLIMATE SUMMARY FOR SEPTEMBER 11 2014...

CLIMATE NORMAL PERIOD 1981 TO 2010
CLIMATE RECORD PERIOD 1864 TO 2014


WEATHER ITEM   OBSERVED TIME   RECORD YEAR NORMAL DEPARTURE LAST
                VALUE   (LST)  VALUE       VALUE  FROM      YEAR
                                                  NORMAL
..................................................................
TEMPERATURE (F)
 YESTERDAY
  MAXIMUM         57   1202 AM  95    1874  75    -18       87
  MINIMUM         49    733 AM  32    1898  53     -4       68
                                      1870
  AVERAGE         53                        64    -11       78

PRECIPITATION (IN)
  YESTERDAY        T             1.72 1947   0.12  -0.12      T
  MONTH TO DATE    1.34                      1.24   0.10     0.56
  SINCE SEP 1      1.34                      1.24   0.10     0.56
  SINCE JAN 1     28.56                     22.33   6.23    33.48

SNOWFALL (IN)
  YESTERDAY       MM             0.0    MM   0.0   MM        0.0
  MONTH TO DATE    0.0                       0.0    0.0      0.0
  SINCE SEP 1      0.0                       0.0    0.0      0.0
  SINCE JUL 1      0.0                       0.0    0.0      0.0
  SNOW DEPTH       0

DEGREE DAYS
 HEATING
  YESTERDAY       12                         4      8        0
  MONTH TO DATE   15                        28    -13        7
  SINCE SEP 1     15                        28    -13        7
  SINCE JUL 1     55                        63     -8       42

 COOLING
  YESTERDAY        0                         2     -2       13
  MONTH TO DATE   41                        35      6       54
  SINCE SEP 1     41                        35      6       54
  SINCE JAN 1    486                       592   -106      642
..................................................................


WIND (MPH)
  RESULTANT WIND SPEED   9   RESULTANT WIND DIRECTION  NW (310)
  HIGHEST WIND SPEED    21   HIGHEST WIND DIRECTION     W (290)
  HIGHEST GUST SPEED    29   HIGHEST GUST DIRECTION    NW (300)
  AVERAGE WIND SPEED     9.8


SKY COVER
  AVERAGE SKY COVER 0.9


WEATHER CONDITIONS
 THE FOLLOWING WEATHER WAS RECORDED YESTERDAY.
  LIGHT RAIN
  FOG
  HAZE


RELATIVE HUMIDITY (PERCENT)
 HIGHEST    89           300 AM
 LOWEST     71          1000 AM
 AVERAGE    80

..........................................................


THE LANSING MI CLIMATE NORMALS FOR TODAY
                         NORMAL    RECORD    YEAR
 MAXIMUM TEMPERATURE (F)   74        94      1874
 MINIMUM TEMPERATURE (F)   53        25      1864


SUNRISE AND SUNSET
SEPTEMBER 12 2014.....SUNRISE   715 AM EDT   SUNSET   754 PM EDT
SEPTEMBER 13 2014.....SUNRISE   716 AM EDT   SUNSET   752 PM EDT


-  INDICATES NEGATIVE NUMBERS.
R  INDICATES RECORD WAS SET OR TIED.
MM INDICATES DATA IS MISSING.
T  INDICATES TRACE AMOUNT.




$$
