000
CDUS43 KGRR 190517
CLILAN


CLIMATE REPORT
NATIONAL WEATHER SERVICE GRAND RAPIDS, MI
117 AM EDT MON SEP 19 2016


...................................

...THE LANSING MI CLIMATE SUMMARY FOR SEPTEMBER 18 2016...

CLIMATE NORMAL PERIOD 1981 TO 2010
CLIMATE RECORD PERIOD 1864 TO 2016


WEATHER ITEM   OBSERVED TIME   RECORD YEAR NORMAL DEPARTURE LAST
                VALUE   (LST)  VALUE       VALUE  FROM      YEAR
                                                  NORMAL
..................................................................
TEMPERATURE (F)
 YESTERDAY
  MAXIMUM         78    259 PM  93    1955  72      6       76
                                      1906
  MINIMUM         57   1159 PM  25    1863  50      7       63
  AVERAGE         68                        61      7       70

PRECIPITATION (IN)
  YESTERDAY        0.00          0.89 1949   0.13  -0.13     0.64
  MONTH TO DATE    1.43                      2.07  -0.64     1.21
  SINCE SEP 1      1.43                      2.07  -0.64     1.21
  SINCE JAN 1     24.91                     23.16   1.75    27.54

SNOWFALL (IN)
  YESTERDAY        0.0           0.0    MM   0.0    0.0      0.0
  MONTH TO DATE    0.0                       0.0    0.0      0.0
  SINCE SEP 1      0.0                       0.0    0.0      0.0
  SINCE JUL 1      0.0                       0.0    0.0      0.0
  SNOW DEPTH       0

DEGREE DAYS
 HEATING
  YESTERDAY        0                         6     -6        0
  MONTH TO DATE   10                        61    -51       28
  SINCE SEP 1     10                        61    -51       28
  SINCE JUL 1     13                        96    -83       59

 COOLING
  YESTERDAY        3                         2      1        5
  MONTH TO DATE   71                        49     22      111
  SINCE SEP 1     71                        49     22      111
  SINCE JAN 1    837                       606    231      604
..................................................................


WIND (MPH)
  RESULTANT WIND SPEED   4   RESULTANT WIND DIRECTION   W (270)
  HIGHEST WIND SPEED    14   HIGHEST WIND DIRECTION     W (280)
  HIGHEST GUST SPEED    18   HIGHEST GUST DIRECTION     W (290)
  AVERAGE WIND SPEED     4.2


SKY COVER
  AVERAGE SKY COVER 0.1


WEATHER CONDITIONS
 THE FOLLOWING WEATHER WAS RECORDED YESTERDAY.
  FOG


RELATIVE HUMIDITY (PERCENT)
 HIGHEST    93           700 AM
 LOWEST     54           200 PM
 AVERAGE    74

..........................................................


THE LANSING MI CLIMATE NORMALS FOR TODAY
                         NORMAL    RECORD    YEAR
 MAXIMUM TEMPERATURE (F)   72        94      1895
 MINIMUM TEMPERATURE (F)   50        27      1896


SUNRISE AND SUNSET
SEPTEMBER 19 2016.....SUNRISE   723 AM EDT   SUNSET   740 PM EDT
SEPTEMBER 20 2016.....SUNRISE   724 AM EDT   SUNSET   738 PM EDT


-  INDICATES NEGATIVE NUMBERS.
R  INDICATES RECORD WAS SET OR TIED.
MM INDICATES DATA IS MISSING.
T  INDICATES TRACE AMOUNT.




$$
