000
CDUS43 KGRR 210512
CLILAN


CLIMATE REPORT
NATIONAL WEATHER SERVICE GRAND RAPIDS, MI
111 AM EDT TUE JUL 21 2015


...................................

...THE LANSING MI CLIMATE SUMMARY FOR JULY 20 2015...

CLIMATE NORMAL PERIOD 1981 TO 2010
CLIMATE RECORD PERIOD 1864 TO 2015


WEATHER ITEM   OBSERVED TIME   RECORD YEAR NORMAL DEPARTURE LAST
                VALUE   (LST)  VALUE       VALUE  FROM      YEAR
                                                  NORMAL
..................................................................
TEMPERATURE (F)
 YESTERDAY
  MAXIMUM         83    311 PM  99    1930  83      0       80
  MINIMUM         60    537 AM  39    1965  61     -1       60
  AVERAGE         72                        72      0       70

PRECIPITATION (IN)
  YESTERDAY        0.01          2.20 1863   0.08  -0.07     0.00
  MONTH TO DATE    2.39                      1.81   0.58     4.40
  SINCE JUN 1     11.46                      5.26   6.20    10.80
  SINCE JAN 1     19.51                     16.83   2.68    22.01

SNOWFALL (IN)
  YESTERDAY        0.0           0.0    MM   0.0    0.0      0.0
  MONTH TO DATE    0.0                       0.0    0.0      0.0
  SINCE JUN 1      0.0                       0.0    0.0      0.0
  SINCE JUL 1      0.0                       0.0    0.0      0.0
  SNOW DEPTH       0

DEGREE DAYS
 HEATING
  YESTERDAY        0                         0      0        0
  MONTH TO DATE   12                         2     10       17
  SINCE JUN 1     48                        57     -9       41
  SINCE JUL 1     12                         2     10       17

 COOLING
  YESTERDAY        7                         7      0        5
  MONTH TO DATE   83                       140    -57       68
  SINCE JUN 1    170                       272   -102      215
  SINCE JAN 1    229                       313    -84      254
..................................................................


WIND (MPH)
  RESULTANT WIND SPEED   9   RESULTANT WIND DIRECTION   W (250)
  HIGHEST WIND SPEED    18   HIGHEST WIND DIRECTION     W (280)
  HIGHEST GUST SPEED    23   HIGHEST GUST DIRECTION     W (270)
  AVERAGE WIND SPEED     8.9


SKY COVER
  AVERAGE SKY COVER 0.1


WEATHER CONDITIONS
 THE FOLLOWING WEATHER WAS RECORDED YESTERDAY.
  LIGHT RAIN


RELATIVE HUMIDITY (PERCENT)
 HIGHEST    84           600 AM
 LOWEST     51           100 PM
 AVERAGE    68

..........................................................


THE LANSING MI CLIMATE NORMALS FOR TODAY
                         NORMAL    RECORD    YEAR
 MAXIMUM TEMPERATURE (F)   82        97      1934
 MINIMUM TEMPERATURE (F)   61        38      1974
                                             1869
                                             1864


SUNRISE AND SUNSET
JULY 21 2015..........SUNRISE   619 AM EDT   SUNSET   910 PM EDT
JULY 22 2015..........SUNRISE   620 AM EDT   SUNSET   910 PM EDT


-  INDICATES NEGATIVE NUMBERS.
R  INDICATES RECORD WAS SET OR TIED.
MM INDICATES DATA IS MISSING.
T  INDICATES TRACE AMOUNT.




$$
