000
CDUS43 KGRR 100516
CLILAN


CLIMATE REPORT
NATIONAL WEATHER SERVICE GRAND RAPIDS, MI
1216 AM EST WED DEC 10 2014


...................................

...THE LANSING MI CLIMATE SUMMARY FOR DECEMBER 9 2014...

CLIMATE NORMAL PERIOD 1981 TO 2010
CLIMATE RECORD PERIOD 1864 TO 2014


WEATHER ITEM   OBSERVED TIME   RECORD YEAR NORMAL DEPARTURE LAST
                VALUE   (LST)  VALUE       VALUE  FROM      YEAR
                                                  NORMAL
..................................................................
TEMPERATURE (F)
 YESTERDAY
  MAXIMUM         36    418 PM  58    1946  36      0       28
                                      1879
  MINIMUM         32   1159 PM -17    1864  24      8       17
  AVERAGE         34                        30      4       23

PRECIPITATION (IN)
  YESTERDAY        0.00          1.54 1879   0.06  -0.06      T
  MONTH TO DATE    0.15                      0.61  -0.46     0.16
  SINCE DEC 1      0.15                      0.61  -0.46     0.16
  SINCE JAN 1     36.07                     30.51   5.56    39.74

SNOWFALL (IN)
  YESTERDAY        0.0           5.0  1868   0.3   -0.3      0.2
  MONTH TO DATE    0.7                       3.1   -2.4      1.1
  SINCE DEC 1      0.7                       3.1   -2.4      1.1
  SINCE JUL 1      6.9                       6.9    0.0      1.8
  SNOW DEPTH       T

DEGREE DAYS
 HEATING
  YESTERDAY       31                        35     -4       42
  MONTH TO DATE  317                       300     17      311
  SINCE DEC 1    317                       300     17      311
  SINCE JUL 1   1913                      1714    199     1757

 COOLING
  YESTERDAY        0                         0      0        0
  MONTH TO DATE    0                         0      0        0
  SINCE DEC 1      0                         0      0        0
  SINCE JAN 1    488                       625   -137      661
..................................................................


WIND (MPH)
  RESULTANT WIND SPEED   6   RESULTANT WIND DIRECTION   N (340)
  HIGHEST WIND SPEED    13   HIGHEST WIND DIRECTION     N (350)
  HIGHEST GUST SPEED    18   HIGHEST GUST DIRECTION    NW (330)
  AVERAGE WIND SPEED     6.8


SKY COVER
  AVERAGE SKY COVER 1.0


WEATHER CONDITIONS
 THE FOLLOWING WEATHER WAS RECORDED YESTERDAY.
  FOG


RELATIVE HUMIDITY (PERCENT)
 HIGHEST   100           200 AM
 LOWEST     78          1000 PM
 AVERAGE    89

..........................................................


THE LANSING MI CLIMATE NORMALS FOR TODAY
                         NORMAL    RECORD    YEAR
 MAXIMUM TEMPERATURE (F)   36        63      1971
 MINIMUM TEMPERATURE (F)   24       -24      1868


SUNRISE AND SUNSET
DECEMBER 10 2014......SUNRISE   758 AM EST   SUNSET   504 PM EST
DECEMBER 11 2014......SUNRISE   759 AM EST   SUNSET   504 PM EST


-  INDICATES NEGATIVE NUMBERS.
R  INDICATES RECORD WAS SET OR TIED.
MM INDICATES DATA IS MISSING.
T  INDICATES TRACE AMOUNT.




$$
