000
CDUS43 KGRR 070521
CLILAN


CLIMATE REPORT
NATIONAL WEATHER SERVICE GRAND RAPIDS, MI
119 AM EDT FRI JUL 7 2017


...................................

...THE LANSING MI CLIMATE SUMMARY FOR JULY 6 2017...

CLIMATE NORMAL PERIOD 1981 TO 2010
CLIMATE RECORD PERIOD 1864 TO 2017


WEATHER ITEM   OBSERVED TIME   RECORD YEAR NORMAL DEPARTURE LAST
                VALUE   (LST)  VALUE       VALUE  FROM      YEAR
                                                  NORMAL
..................................................................
TEMPERATURE (F)
 YESTERDAY
  MAXIMUM         92    421 PM 103    2012  83      9       88
  MINIMUM         63    404 AM  39    1972  61      2       67
  AVERAGE         78                        72      6       78

PRECIPITATION (IN)
  YESTERDAY        0.00          1.64 1934   0.09  -0.09     0.00
  MONTH TO DATE    T                         0.56  -0.56     0.30
  SINCE JUN 1      3.75                      4.01  -0.26     0.89
  SINCE JAN 1     20.81                     15.58   5.23    13.80

SNOWFALL (IN)
  YESTERDAY        0.0           0.0    MM   0.0    0.0      0.0
  MONTH TO DATE    0.0                       0.0    0.0      0.0
  SINCE JUN 1      0.0                       0.0    0.0      0.0
  SINCE JUL 1      0.0                       0.0    0.0      0.0
  SNOW DEPTH       0

DEGREE DAYS
 HEATING
  YESTERDAY        0                         0      0        0
  MONTH TO DATE    0                         2     -2        3
  SINCE JUN 1     13                        57    -44       37
  SINCE JUL 1      0                         2     -2        3

 COOLING
  YESTERDAY       13                         7      6       13
  MONTH TO DATE   56                        42     14       26
  SINCE JUN 1    261                       174     87      174
  SINCE JAN 1    296                       215     81      236
..................................................................


WIND (MPH)
  RESULTANT WIND SPEED   4   RESULTANT WIND DIRECTION   W (250)
  HIGHEST WIND SPEED    16   HIGHEST WIND DIRECTION    SW (240)
  HIGHEST GUST SPEED    20   HIGHEST GUST DIRECTION     W (250)
  AVERAGE WIND SPEED     5.3


SKY COVER
  AVERAGE SKY COVER 0.0


WEATHER CONDITIONS
 THE FOLLOWING WEATHER WAS RECORDED YESTERDAY.
  THUNDERSTORM


RELATIVE HUMIDITY (PERCENT)
 HIGHEST    78           400 AM
 LOWEST     36           200 PM
 AVERAGE    57

..........................................................


THE LANSING MI CLIMATE NORMALS FOR TODAY
                         NORMAL    RECORD    YEAR
 MAXIMUM TEMPERATURE (F)   83       100      1895
 MINIMUM TEMPERATURE (F)   61        38      1894


SUNRISE AND SUNSET
JULY  7 2017..........SUNRISE   608 AM EDT   SUNSET   919 PM EDT
JULY  8 2017..........SUNRISE   608 AM EDT   SUNSET   918 PM EDT


-  INDICATES NEGATIVE NUMBERS.
R  INDICATES RECORD WAS SET OR TIED.
MM INDICATES DATA IS MISSING.
T  INDICATES TRACE AMOUNT.




$$
