000
CDUS43 KGRR 050533
CLILAN


CLIMATE REPORT
NATIONAL WEATHER SERVICE GRAND RAPIDS, MI
132 AM EDT SAT APR 5 2014


...................................

...THE LANSING MI CLIMATE SUMMARY FOR APRIL 4 2014...

CLIMATE NORMAL PERIOD 1981 TO 2010
CLIMATE RECORD PERIOD 1864 TO 2014


WEATHER ITEM   OBSERVED TIME   RECORD YEAR NORMAL DEPARTURE LAST
                VALUE   (LST)  VALUE       VALUE  FROM      YEAR
                                                  NORMAL
..................................................................
TEMPERATURE (F)
 YESTERDAY
  MAXIMUM         46    128 PM  77    1921  53     -7       56
  MINIMUM         33   1159 PM  -6    1868  33      0       28
  AVERAGE         40                        43     -3       42

PRECIPITATION (IN)
  YESTERDAY        0.26          1.54 2003   0.10   0.16     0.00
  MONTH TO DATE    0.37                      0.38  -0.01      T
  SINCE MAR 1      2.06                      2.44  -0.38     0.96
  SINCE JAN 1      5.98                      5.56   0.42     6.18

SNOWFALL (IN)
  YESTERDAY        T             7.3  1920   0.1   -0.1      0.0
  MONTH TO DATE    T                         0.5   -0.5       T
  SINCE MAR 1     10.4                       7.5    2.9      5.2
  SINCE JUL 1     68.4                      49.7   18.7     29.7
  SNOW DEPTH       0

DEGREE DAYS
 HEATING
  YESTERDAY       25                        22      3       23
  MONTH TO DATE   99                        91      8      127
  SINCE MAR 1   1309                      1020    289     1175
  SINCE JUL 1   6850                      5955    895     5853

 COOLING
  YESTERDAY        0                         0      0        0
  MONTH TO DATE    0                         0      0        0
  SINCE MAR 1      0                         1     -1        0
  SINCE JAN 1      0                         1     -1        0
..................................................................


WIND (MPH)
  RESULTANT WIND SPEED   4   RESULTANT WIND DIRECTION   S (200)
  HIGHEST WIND SPEED    32   HIGHEST WIND DIRECTION     W (260)
  HIGHEST GUST SPEED    43   HIGHEST GUST DIRECTION     W (250)
  AVERAGE WIND SPEED    15.0


SKY COVER
  AVERAGE SKY COVER 1.0


WEATHER CONDITIONS
 THE FOLLOWING WEATHER WAS RECORDED YESTERDAY.
  HEAVY RAIN
  RAIN
  LIGHT RAIN
  LIGHT SNOW
  FOG
  FOG W/VISIBILITY <= 1/4 MILE
  HAZE


RELATIVE HUMIDITY (PERCENT)
 HIGHEST   100           800 AM
 LOWEST     75          1200 AM
 AVERAGE    88

..........................................................


THE LANSING MI CLIMATE NORMALS FOR TODAY
                         NORMAL    RECORD    YEAR
 MAXIMUM TEMPERATURE (F)   53        82      1873
 MINIMUM TEMPERATURE (F)   33         4      1868


SUNRISE AND SUNSET
APRIL  5 2014.........SUNRISE   714 AM EDT   SUNSET   809 PM EDT
APRIL  6 2014.........SUNRISE   712 AM EDT   SUNSET   810 PM EDT


-  INDICATES NEGATIVE NUMBERS.
R  INDICATES RECORD WAS SET OR TIED.
MM INDICATES DATA IS MISSING.
T  INDICATES TRACE AMOUNT.




$$
